flight 162958 libvirt running [real]
http://logs.test-lab.xenproject.org/osstest/logs/162958/

Regressions :-(

Tests which did not succeed and are blocking,
including tests which could not be run:
 build-arm64                     <job status>                 broken
 build-arm64-pvops               <job status>                 broken
 build-arm64-xsm                 <job status>                 broken
 build-armhf-pvops               <job status>                 broken
 build-i386                      <job status>                 broken
 build-i386-pvops                <job status>                 broken
 build-i386-xsm                  <job status>                 broken
 build-i386-pvops              4 host-install(4)        broken REGR. vs. 151777
 build-arm64                   4 host-install(4)        broken REGR. vs. 151777
 build-i386                    4 host-install(4)        broken REGR. vs. 151777
 build-arm64-pvops             4 host-install(4)        broken REGR. vs. 151777
 build-arm64-xsm               4 host-install(4)        broken REGR. vs. 151777
 build-i386-xsm                4 host-install(4)        broken REGR. vs. 151777
 build-armhf-pvops             4 host-install(4)        broken REGR. vs. 151777
 build-armhf-libvirt           6 libvirt-build            fail REGR. vs. 151777
 build-amd64-libvirt             <none executed>              queued
 test-amd64-amd64-libvirt        <none executed>              queued
 test-amd64-amd64-libvirt-pair    <none executed>              queued
 test-amd64-amd64-libvirt-qemuu-debianhvm-amd64-xsm    <none executed>   queued
 test-amd64-amd64-libvirt-vhd    <none executed>              queued
 test-amd64-amd64-libvirt-xsm    <none executed>              queued
 test-amd64-i386-libvirt         <none executed>              queued
 test-amd64-i386-libvirt-pair    <none executed>              queued
 test-amd64-i386-libvirt-qemuu-debianhvm-amd64-xsm    <none executed>    queued
 test-amd64-i386-libvirt-xsm     <none executed>              queued
 build-amd64-pvops             2 hosts-allocate               running
 build-amd64-xsm               2 hosts-allocate               running
 build-amd64                   2 hosts-allocate               running

Tests which did not succeed, but are not blocking:
 build-arm64-libvirt           1 build-check(1)               blocked  n/a
 build-i386-libvirt            1 build-check(1)               blocked  n/a
 test-arm64-arm64-libvirt      1 build-check(1)               blocked  n/a
 test-arm64-arm64-libvirt-qcow2  1 build-check(1)               blocked  n/a
 test-arm64-arm64-libvirt-xsm  1 build-check(1)               blocked  n/a
 test-armhf-armhf-libvirt      1 build-check(1)               blocked  n/a
 test-armhf-armhf-libvirt-raw  1 build-check(1)               blocked  n/a

version targeted for testing:
 libvirt              b1112f6c0f4bd1244cd2913bfa5f1e0b6548049a
baseline version:
 libvirt              2c846fa6bcc11929c9fb857a22430fb9945654ad

Last test of basis   151777  2020-07-10 04:19:19 Z  347 days
Failing since        151818  2020-07-11 04:18:52 Z  346 days  338 attempts
Testing same since                          (not found)         0 attempts

------------------------------------------------------------
People who touched revisions under test:
    Adolfo Jayme Barrientos <fitosch...@gmail.com>
  Aleksandr Alekseev <alexander.aleks...@virtuozzo.com>
  Aleksei Zakharov <zaha...@selectel.ru>
  Andika Triwidada <and...@gmail.com>
  Andrea Bolognani <abolo...@redhat.com>
  Balázs Meskó <meskobal...@mailbox.org>
  Barrett Schonefeld <bscho...@utexas.edu>
  Bastian Germann <bastiangerm...@fishpost.de>
  Bastien Orivel <bastien.ori...@diateam.net>
  BiaoXiang Ye <yebiaoxi...@huawei.com>
  Bihong Yu <yubih...@huawei.com>
  Binfeng Wu <wubinf...@huawei.com>
  Bjoern Walk <bw...@linux.ibm.com>
  Boris Fiuczynski <fiu...@linux.ibm.com>
  Brian Turek <brian.tu...@gmail.com>
  Bruno Haible <br...@clisp.org>
  Chris Mayo <aklh...@gmail.com>
  Christian Ehrhardt <christian.ehrha...@canonical.com>
  Christian Schoenebeck <qemu_...@crudebyte.com>
  Cole Robinson <crobi...@redhat.com>
  Collin Walling <wall...@linux.ibm.com>
  Cornelia Huck <coh...@redhat.com>
  Cédric Bosdonnat <cbosdon...@suse.com>
  Côme Borsoi <fed...@borsoi.fr>
  Daniel Henrique Barboza <danielhb...@gmail.com>
  Daniel Letai <d...@letai.org.il>
  Daniel P. Berrange <berra...@redhat.com>
  Daniel P. Berrangé <berra...@redhat.com>
  Dmytro Linkin <dlin...@nvidia.com>
  Eiichi Tsukata <eiichi.tsuk...@nutanix.com>
  Eric Farman <far...@linux.ibm.com>
  Erik Skultety <eskul...@redhat.com>
  Fabian Affolter <m...@fabian-affolter.ch>
  Fabian Freyer <fabian.fre...@physik.tu-berlin.de>
  Fabiano Fidêncio <fabi...@fidencio.org>
  Fangge Jin <f...@redhat.com>
  Farhan Ali <al...@linux.ibm.com>
  Fedora Weblate Translation <i...@lists.fedoraproject.org>
  gongwei <gong...@smartx.com>
  Guoyi Tu<tu.gu...@h3c.com>
  Göran Uddeborg <goe...@uddeborg.se>
  Halil Pasic <pa...@linux.ibm.com>
  Han Han <h...@redhat.com>
  Hao Wang <wanghao...@huawei.com>
  Hela Basa <r45xv...@pm.me>
  Helmut Grohne <hel...@subdivi.de>
  Ian Wienand <iwien...@redhat.com>
  Jakob Meng <jakobm...@web.de>
  Jamie Strandboge <ja...@canonical.com>
  Jamie Strandboge <ja...@ubuntu.com>
  Jan Kuparinen <copper_...@hotmail.com>
  Jean-Baptiste Holcroft <jean-bapti...@holcroft.fr>
  Jianan Gao <j...@redhat.com>
  Jim Fehlig <jfeh...@suse.com>
  Jin Yan <jinya...@huawei.com>
  Jiri Denemark <jdene...@redhat.com>
  John Ferlan <jfer...@redhat.com>
  Jonathan Watt <jw...@jwatt.org>
  Jonathon Jongsma <jjong...@redhat.com>
  Julio Faracco <jcfara...@gmail.com>
  Ján Tomko <jto...@redhat.com>
  Kashyap Chamarthy <kcham...@redhat.com>
  Kevin Locke <ke...@kevinlocke.name>
  Kristina Hanicova <khani...@redhat.com>
  Laine Stump <la...@redhat.com>
  Laszlo Ersek <ler...@redhat.com>
  Lee Yarwood <lyarw...@redhat.com>
  Liao Pingfang <liao.pingf...@zte.com.cn>
  Lin Ma <l...@suse.com>
  Lin Ma <l...@suse.de>
  Lin Ma <moreca...@gmail.com>
  Luke Yue <luked...@gmail.com>
  Luyao Zhong <luyao.zh...@intel.com>
  Marc Hartmayer <mhart...@linux.ibm.com>
  Marc-André Lureau <marcandre.lur...@redhat.com>
  Marek Marczykowski-Górecki <marma...@invisiblethingslab.com>
  Markus Schade <markus.sch...@hetzner.com>
  Martin Kletzander <mklet...@redhat.com>
  Masayoshi Mizuma <m.miz...@jp.fujitsu.com>
  Matt Coleman <m...@datto.com>
  Matt Coleman <mcole...@datto.com>
  Mauro Matteo Cascella <mcasc...@redhat.com>
  Meina Li <me...@redhat.com>
  Michal Privoznik <mpriv...@redhat.com>
  Michał Smyk <fed...@smyk.it>
  Milo Casagrande <m...@milo.name>
  Moshe Levi <mosh...@nvidia.com>
  Muha Aliss <muhaal...@gmail.com>
  Neal Gompa <ngomp...@gmail.com>
  Nick Shyrokovskiy <nshyrokovs...@gmail.com>
  Nickys Music Group <nickys.music.gr...@gmail.com>
  Nico Pache <npa...@redhat.com>
  Nikolay Shirokovskiy <nshirokovs...@virtuozzo.com>
  Olaf Hering <o...@aepfle.de>
  Olesya Gerasimenko <gamma...@basealt.ru>
  Orion Poplawski <or...@nwra.com>
  Pany <geekp...@gmail.com>
  Patrick Magauran <patmagaura...@gmail.com>
  Paulo de Rezende Pinatti <ppina...@linux.ibm.com>
  Pavel Hrdina <phrd...@redhat.com>
  Peng Liang <liangpen...@huawei.com>
  Peter Krempa <pkre...@redhat.com>
  Pino Toscano <ptosc...@redhat.com>
  Pino Toscano <toscano.p...@tiscali.it>
  Piotr Drąg <piotrd...@gmail.com>
  Prathamesh Chavan <pc44...@gmail.com>
  Ricky Tigg <ricky.t...@gmail.com>
  Roman Bogorodskiy <bogorods...@gmail.com>
  Roman Bolshakov <r.bolsha...@yadro.com>
  Ryan Gahagan <rgaha...@cs.utexas.edu>
  Ryan Schmidt <g...@ryandesign.com>
  Sam Hartman <hartm...@debian.org>
  Scott Shambarger <scott-libv...@shambarger.net>
  Sebastian Mitterle <smitt...@redhat.com>
  SeongHyun Jo <caelus9...@gmail.com>
  Shalini Chellathurai Saroja <shal...@linux.ibm.com>
  Shaojun Yang <yangshao...@phytium.com.cn>
  Shi Lei <shi_...@massclouds.com>
  simmon <sim...@nplob.com>
  Simon Chopin <chopin.si...@gmail.com>
  Simon Gaiser <si...@invisiblethingslab.com>
  Stefan Bader <stefan.ba...@canonical.com>
  Stefan Berger <stef...@linux.ibm.com>
  Stefan Berger <stef...@linux.vnet.ibm.com>
  Stefan Hajnoczi <stefa...@gmail.com>
  Szymon Scholz <szymonsch...@gmail.com>
  Thomas Huth <th...@redhat.com>
  Tim Wiederhake <twied...@redhat.com>
  Tomáš Golembiovský <tgole...@redhat.com>
  Tomáš Janoušek <t...@nomi.cz>
  Tuguoyi <tu.gu...@h3c.com>
  Ville Skyttä <ville.sky...@iki.fi>
  Wang Xin <wangxinxin.w...@huawei.com>
  WangJian <wangjian...@huawei.com>
  Weblate <nore...@weblate.org>
  Wei Liu <li...@microsoft.com>
  Wei Liu <wei....@kernel.org>
  William Douglas <william.doug...@intel.com>
  Yalei Li <274268...@qq.com>
  Yalei Li <liy...@chinatelecom.cn>
  Yang Hang <yanghan...@huawei.com>
  Yanqiu Zhang <yanqz...@redhat.com>
  Yaroslav Kargin <ykar...@virtuozzo.com>
  Yi Li <y...@winhong.com>
  Yi Wang <wang.y...@zte.com.cn>
  Yuri Chornoivan <yurc...@ukr.net>
  Zheng Chuan <zhengch...@huawei.com>
  zhenwei pi <pizhen...@bytedance.com>
  Zhenyu Zheng <zheng.zhe...@outlook.com>

jobs:
 build-amd64-xsm                                              preparing
 build-arm64-xsm                                              broken  
 build-i386-xsm                                               broken  
 build-amd64                                                  preparing
 build-arm64                                                  broken  
 build-armhf                                                  pass    
 build-i386                                                   broken  
 build-amd64-libvirt                                          queued  
 build-arm64-libvirt                                          blocked 
 build-armhf-libvirt                                          fail    
 build-i386-libvirt                                           blocked 
 build-amd64-pvops                                            preparing
 build-arm64-pvops                                            broken  
 build-armhf-pvops                                            broken  
 build-i386-pvops                                             broken  
 test-amd64-amd64-libvirt-qemuu-debianhvm-amd64-xsm           queued  
 test-amd64-i386-libvirt-qemuu-debianhvm-amd64-xsm            queued  
 test-amd64-amd64-libvirt-xsm                                 queued  
 test-arm64-arm64-libvirt-xsm                                 blocked 
 test-amd64-i386-libvirt-xsm                                  queued  
 test-amd64-amd64-libvirt                                     queued  
 test-arm64-arm64-libvirt                                     blocked 
 test-armhf-armhf-libvirt                                     blocked 
 test-amd64-i386-libvirt                                      queued  
 test-amd64-amd64-libvirt-pair                                queued  
 test-amd64-i386-libvirt-pair                                 queued  
 test-arm64-arm64-libvirt-qcow2                               blocked 
 test-armhf-armhf-libvirt-raw                                 blocked 
 test-amd64-amd64-libvirt-vhd                                 queued  


------------------------------------------------------------
sg-report-flight on osstest.test-lab.xenproject.org
logs: /home/logs/logs
images: /home/logs/images

Logs, config files, etc. are available at
    http://logs.test-lab.xenproject.org/osstest/logs

Explanation of these reports, and of osstest in general, is at
    http://xenbits.xen.org/gitweb/?p=osstest.git;a=blob;f=README.email;hb=master
    http://xenbits.xen.org/gitweb/?p=osstest.git;a=blob;f=README;hb=master

Test harness code can be found at
    http://xenbits.xen.org/gitweb?p=osstest.git;a=summary

broken-job build-amd64-libvirt queued
broken-job build-arm64 broken
broken-job build-arm64-pvops broken
broken-job build-arm64-xsm broken
broken-job build-armhf-pvops broken
broken-job build-i386 broken
broken-job build-i386-pvops broken
broken-job build-i386-xsm broken
broken-job test-amd64-amd64-libvirt queued
broken-job test-amd64-amd64-libvirt-pair queued
broken-job test-amd64-amd64-libvirt-qemuu-debianhvm-amd64-xsm queued
broken-job test-amd64-amd64-libvirt-vhd queued
broken-job test-amd64-amd64-libvirt-xsm queued
broken-job test-amd64-i386-libvirt queued
broken-job test-amd64-i386-libvirt-pair queued
broken-job test-amd64-i386-libvirt-qemuu-debianhvm-amd64-xsm queued
broken-job test-amd64-i386-libvirt-xsm queued
broken-step build-i386-pvops host-install(4)
broken-step build-arm64 host-install(4)
broken-step build-i386 host-install(4)
broken-step build-arm64-pvops host-install(4)
broken-step build-arm64-xsm host-install(4)
broken-step build-i386-xsm host-install(4)
broken-step build-armhf-pvops host-install(4)

Not pushing.

(No revision log; it would be 63010 lines long.)

Reply via email to