flight 158279 xen-unstable-smoke real [real]
http://logs.test-lab.xenproject.org/osstest/logs/158279/

Regressions :-(

Tests which did not succeed and are blocking,
including tests which could not be run:
 test-arm64-arm64-xl-xsm         <job status>                 broken
 test-arm64-arm64-xl-xsm       5 host-install(5)        broken REGR. vs. 158134
 test-armhf-armhf-xl           8 xen-boot                 fail REGR. vs. 158134

Tests which did not succeed, but are not blocking:
 test-amd64-amd64-libvirt     15 migrate-support-check        fail   never pass

version targeted for testing:
 xen                  3e6c560ea1931ff579fc2c9504a6e46e5c4572c9
baseline version:
 xen                  7ba2ab495be54f608cb47440e1497b2795bd301a

Last test of basis   158134  2021-01-04 15:01:26 Z    4 days
Failing since        158142  2021-01-05 02:00:25 Z    3 days   21 attempts
Testing same since   158278  2021-01-08 11:01:43 Z    0 days    2 attempts

------------------------------------------------------------
People who touched revisions under test:
  Andrew Cooper <andrew.coop...@citrix.com>
  Bertrand Marquis <bertrand.marq...@arm.com>
  Jan Beulich <jbeul...@suse.com>
  Julien Grall <jgr...@amazon.com>
  Manuel Bouyer <bou...@antioche.eu.org>
  Marek Marczykowski-Górecki <marma...@invisiblethingslab.com>
  Olaf Hering <o...@aepfle.de>
  Roger Pau Monne <roger....@citrix.com>
  Roger Pau Monné <roger....@citrix.com>
  Roman Skakun <roman_ska...@epam.com>
  Stefano Stabellini <sstabell...@kernel.org>
  Tamas K Lengyel <tamas.leng...@intel.com>
  Tamas K Lengyel <ta...@tklengyel.com>
  Volodymyr Babchyk <volodymyr_babc...@epam.com>
  Wei Liu <w...@xen.org>

jobs:
 build-arm64-xsm                                              pass    
 build-amd64                                                  pass    
 build-armhf                                                  pass    
 build-amd64-libvirt                                          pass    
 test-armhf-armhf-xl                                          fail    
 test-arm64-arm64-xl-xsm                                      broken  
 test-amd64-amd64-xl-qemuu-debianhvm-amd64                    pass    
 test-amd64-amd64-libvirt                                     pass    


------------------------------------------------------------
sg-report-flight on osstest.test-lab.xenproject.org
logs: /home/logs/logs
images: /home/logs/images

Logs, config files, etc. are available at
    http://logs.test-lab.xenproject.org/osstest/logs

Explanation of these reports, and of osstest in general, is at
    http://xenbits.xen.org/gitweb/?p=osstest.git;a=blob;f=README.email;hb=master
    http://xenbits.xen.org/gitweb/?p=osstest.git;a=blob;f=README;hb=master

Test harness code can be found at
    http://xenbits.xen.org/gitweb?p=osstest.git;a=summary

broken-job test-arm64-arm64-xl-xsm broken
broken-step test-arm64-arm64-xl-xsm host-install(5)

Not pushing.

(No revision log; it would be 638 lines long.)

Reply via email to