flight 134219 linux-4.4 real [real] http://logs.test-lab.xenproject.org/osstest/logs/134219/
Failures and problems with tests :-( Tests which did not succeed and are blocking, including tests which could not be run: build-arm64-xsm <job status> broken build-arm64-pvops <job status> broken build-arm64 <job status> broken build-arm64-xsm 4 host-install(4) broken REGR. vs. 133468 build-arm64-pvops 4 host-install(4) broken REGR. vs. 133468 build-arm64 4 host-install(4) broken REGR. vs. 133468 Tests which are failing intermittently (not blocking): test-armhf-armhf-examine 6 xen-install fail pass in 134197 Tests which did not succeed, but are not blocking: build-arm64-libvirt 1 build-check(1) blocked n/a test-arm64-arm64-xl-xsm 1 build-check(1) blocked n/a test-arm64-arm64-xl 1 build-check(1) blocked n/a test-arm64-arm64-xl-credit2 1 build-check(1) blocked n/a test-arm64-arm64-examine 1 build-check(1) blocked n/a test-arm64-arm64-libvirt-xsm 1 build-check(1) blocked n/a test-arm64-arm64-xl-credit1 1 build-check(1) blocked n/a test-amd64-amd64-xl-qemuu-dmrestrict-amd64-dmrestrict 10 debian-hvm-install fail never pass test-amd64-i386-xl-qemuu-dmrestrict-amd64-dmrestrict 10 debian-hvm-install fail never pass test-amd64-i386-xl-pvshim 12 guest-start fail never pass test-amd64-amd64-xl-pvhv2-amd 12 guest-start fail never pass test-amd64-i386-libvirt-xsm 13 migrate-support-check fail never pass test-amd64-amd64-xl-pvhv2-intel 12 guest-start fail never pass test-amd64-i386-libvirt 13 migrate-support-check fail never pass test-amd64-amd64-libvirt 13 migrate-support-check fail never pass test-amd64-amd64-libvirt-xsm 13 migrate-support-check fail never pass test-amd64-i386-libvirt-qemuu-debianhvm-amd64-xsm 11 migrate-support-check fail never pass test-amd64-amd64-libvirt-qemuu-debianhvm-amd64-xsm 11 migrate-support-check fail never pass test-amd64-amd64-qemuu-nested-amd 17 debian-hvm-install/l1/l2 fail never pass test-amd64-amd64-libvirt-vhd 12 migrate-support-check fail never pass test-armhf-armhf-xl-arndale 13 migrate-support-check fail never pass test-armhf-armhf-xl-arndale 14 saverestore-support-check fail never pass test-amd64-i386-xl-qemuu-win7-amd64 17 guest-stop fail never pass test-amd64-amd64-xl-qemuu-win7-amd64 17 guest-stop fail never pass test-armhf-armhf-xl-multivcpu 13 migrate-support-check fail never pass test-armhf-armhf-xl-multivcpu 14 saverestore-support-check fail never pass test-armhf-armhf-xl-credit1 13 migrate-support-check fail never pass test-armhf-armhf-xl-credit1 14 saverestore-support-check fail never pass test-armhf-armhf-xl 13 migrate-support-check fail never pass test-armhf-armhf-xl 14 saverestore-support-check fail never pass test-armhf-armhf-xl-cubietruck 13 migrate-support-check fail never pass test-armhf-armhf-xl-cubietruck 14 saverestore-support-check fail never pass test-armhf-armhf-libvirt 13 migrate-support-check fail never pass test-armhf-armhf-libvirt 14 saverestore-support-check fail never pass test-armhf-armhf-xl-rtds 13 migrate-support-check fail never pass test-armhf-armhf-xl-rtds 14 saverestore-support-check fail never pass test-amd64-amd64-xl-qemut-win7-amd64 17 guest-stop fail never pass test-amd64-i386-xl-qemut-win7-amd64 17 guest-stop fail never pass test-amd64-amd64-xl-qemut-ws16-amd64 17 guest-stop fail never pass test-amd64-amd64-xl-qemuu-ws16-amd64 17 guest-stop fail never pass test-armhf-armhf-xl-vhd 12 migrate-support-check fail never pass test-armhf-armhf-xl-vhd 13 saverestore-support-check fail never pass test-armhf-armhf-xl-credit2 13 migrate-support-check fail never pass test-armhf-armhf-xl-credit2 14 saverestore-support-check fail never pass test-amd64-i386-xl-qemut-ws16-amd64 17 guest-stop fail never pass test-amd64-i386-xl-qemuu-ws16-amd64 17 guest-stop fail never pass test-armhf-armhf-libvirt-raw 12 migrate-support-check fail never pass test-armhf-armhf-libvirt-raw 13 saverestore-support-check fail never pass test-amd64-amd64-xl-qemut-win10-i386 10 windows-install fail never pass test-amd64-i386-xl-qemuu-win10-i386 10 windows-install fail never pass test-amd64-i386-xl-qemut-win10-i386 10 windows-install fail never pass test-amd64-amd64-xl-qemuu-win10-i386 10 windows-install fail never pass version targeted for testing: linux 6b50202a4d53bf527c640467bcff68b50a5e38a2 baseline version: linux af13f43f01a3e4a11686f5fa4de42ecec8ed71b1 Last test of basis 133468 2019-02-28 09:57:55 Z 31 days Testing same since 134006 2019-03-23 08:15:59 Z 8 days 9 attempts ------------------------------------------------------------ People who touched revisions under test: "Yan, Zheng" <z...@redhat.com> "Zhang, Jun" <jun.zh...@intel.com> Aaro Koskinen <aaro.koski...@iki.fi> Aditya Pakki <pakki...@umn.edu> Adrian Hunter <adrian.hun...@intel.com> Al Viro <v...@zeniv.linux.org.uk> Alban Bedel <al...@free.fr> Alex Deucher <alexander.deuc...@amd.com> Alexander Onnasch <alexander.onna...@landisgyr.com> Alexander Shishkin <alexander.shish...@linux.intel.com> Alexander Shiyan <shc_w...@mail.ru> Alexey Khoroshilov <khoroshi...@ispras.ru> Alistair Strachan <astrac...@google.com> Anand Moon <linux.am...@gmail.com> Andre Przywara <andre.przyw...@arm.com> Andreas Gruenbacher <agrue...@redhat.com> Andrew Lunn <and...@lunn.ch> Andrew Morton <a...@linux-foundation.org> Andy Lutomirski <l...@kernel.org> Andy Shevchenko <andriy.shevche...@linux.intel.com> Andy Shevchenko <andy.shevche...@gmail.com> Anna Schumaker <anna.schuma...@netapp.com> Anoob Soman <anoob.so...@citrix.com> Ard Biesheuvel <ard.biesheu...@linaro.org> Arnaldo Carvalho de Melo <a...@redhat.com> Arnd Bergmann <a...@arndb.de> Arun Pathak <arun.pat...@nxp.com> Atsushi Nemoto <atsushi.nem...@sord.co.jp> Balaji Pothunoori <bpoth...@codeaurora.org> Baozeng Ding <splovi...@gmail.com> Bard liao <yung-chuan.l...@linux.intel.com> Bart Van Assche <bvanass...@acm.org> Bartlomiej Zolnierkiewicz <b.zolnier...@samsung.com> Bob Copeland <bobcopel...@fb.com> Bob Copeland <m...@bobcopeland.com> Bob Liu <bob....@oracle.com> Borislav Petkov <b...@suse.de> Brian Welty <brian.we...@intel.com> Brijesh Singh <brijesh.si...@amd.com> Chaitanya Tata <chaitanya.t...@bluwireless.co.uk> Chaitanya Tata <chaitanya.t...@bluwirelesstechnology.com> Charles Keepax <ckee...@opensource.cirrus.com> Chiranjeevi Rapolu <chiranjeevi.rap...@intel.com> Christoffer Dall <christoffer.d...@linaro.org> Christophe Leroy <christophe.le...@c-s.fr> Codrin Ciubotariu <codrin.ciubota...@microchip.com> Colin Ian King <colin.k...@canonical.com> Cong Wang <xiyou.wangc...@gmail.com> Cornelia Huck <coh...@redhat.com> Dan Carpenter <dan.carpen...@oracle.com> Daniel Borkmann <dan...@iogearbox.net> Daniel Díaz <daniel.d...@linaro.org> Daniel Lezcano <daniel.lezc...@linaro.org> Daniele Palmas <dnl...@gmail.com> dann frazier <dann.fraz...@canonical.com> Darrick J. Wong <darrick.w...@oracle.com> Dave Young <dyo...@redhat.com> David Howells <dhowe...@redhat.com> David S. Miller <da...@davemloft.net> David Sterba <dste...@suse.com> Dennis Dalessandro <dennis.dalessan...@intel.com> Dietmar Eggemann <dietmar.eggem...@arm.com> Dmitry Eremin <dmitry.ere...@intel.com> Dmitry Torokhov <dmitry.torok...@gmail.com> Dmitry Vyukov <dvyu...@google.com> Dominique Martinet <dominique.marti...@cea.fr> Eduardo Valentin <edubez...@gmail.com> Eric Biggers <ebigg...@google.com> Eric Dumazet <eduma...@google.com> Eugeniy Paltsev <eugeniy.palt...@synopsys.com> Ezequiel Garcia <ezequ...@collabora.com> Felipe Balbi <felipe.ba...@linux.intel.com> Felipe Franciosi <fel...@nutanix.com> Ferry Toth<fnt...@gmail.com> Filipe Manana <fdman...@suse.com> Finn Thain <fth...@telegraphics.com.au> Florian Fainelli <f.faine...@gmail.com> Gabriel Fernandez <gabriel.fernan...@st.com> Geert Uytterhoeven <ge...@linux-m68k.org> Gerald Schaefer <gerald.schae...@de.ibm.com> Greg Kroah-Hartman <gre...@linuxfoundation.org> Guillaume Nault <gna...@redhat.com> Guoqing Jiang <gqji...@suse.com> Gustavo A. R. Silva <gust...@embeddedor.com> Halil Pasic <pa...@linux.ibm.com> Hangbin Liu <liuhang...@gmail.com> Hans Verkuil <hverkuil-ci...@xs4all.nl> Herbert Xu <herb...@gondor.apana.org.au> Hiroyuki Yokoyama <hiroyuki.yokoyama...@renesas.com> Hou Tao <hout...@huawei.com> Huazhong Tan <tanhuazh...@huawei.com> Hugh Dickins <hu...@google.com> Ian Kent <ra...@themaw.net> Ido Schimmel <ido...@mellanox.com> Igor Druzhinin <igor.druzhi...@citrix.com> Ilya Dryomov <idryo...@gmail.com> Ivan Mironov <mironov.i...@gmail.com> J. Bruce Fields <bfie...@redhat.com> Jacek Anaszewski <jacek.anaszew...@gmail.com> Jack Morgenstein <ja...@dev.mellanox.co.il> James Morris <james.mor...@microsoft.com> Jan Kara <j...@suse.cz> Jann Horn <ja...@google.com> Jason Gerecke <jason.gere...@wacom.com> Jason Gunthorpe <j...@mellanox.com> Javier Martinez Canillas <jav...@osg.samsung.com> Jay Dolan <jay.do...@accesio.com> Jia-Ju Bai <baijiaju1...@gmail.com> Jiaxun Yang <jiaxun.y...@flygoat.com> Jiri Olsa <jo...@kernel.org> Jiri Olsa <jo...@redhat.com> Jiri Pirko <j...@mellanox.com> Joerg Roedel <jroe...@suse.de> Johan Hovold <jo...@kernel.org> Johannes Berg <johannes.b...@intel.com> Johannes Thumshirn <jthumsh...@suse.de> John Garry <john.ga...@huawei.com> Jon Maxwell <jmaxwel...@gmail.com> Jonathan Marek <jonat...@marek.ca> Jonathan Neuschäfer <j.neuschae...@gmx.net> Jordan Niethe <jniet...@gmail.com> Jozsef Kadlecsik <kad...@blackhole.kfki.hu> Julian Wiedmann <j...@linux.ibm.com> Jun-Ru Chang <jrj...@realtek.com> Kai-Heng Feng <kai.heng.f...@canonical.com> Kairui Song <kas...@redhat.com> Kal Conley <kal.con...@dectris.com> Kalash Nainwal <kal...@arista.com> Kangjie Lu <k...@umn.edu> Kazuya Mizuguchi <kazuya.mizuguchi...@renesas.com> Ken-ichirou MATSUZAWA <chama...@gmail.com> Ken-ichirou MATSUZAWA <cha...@h4.dion.ne.jp> Konrad Rzeszutek Wilk <konrad.w...@oracle.com> Kristian H. Kristensen <hoegsb...@chromium.org> Kristian H. Kristensen <hoegsb...@gmail.com> Krzysztof Kozlowski <k...@kernel.org> Kyle Roeschley <kyle.roesch...@ni.com> Laurent Pinchart <laurent.pinch...@ideasonboard.com> Lee Duncan <ldun...@suse.com> Lee Jones <lee.jo...@linaro.org> Li RongQing <lirongq...@baidu.com> linmiaohe <linmia...@huawei.com> Linus Torvalds <torva...@linux-foundation.org> Linus Walleij <linus.wall...@linaro.org> Liu Xiang <liu.xia...@zte.com.cn> Logan Gunthorpe <log...@deltatee.com> Lubomir Rintel <lkund...@v3.sk> Ludovic Desroches <ludovic.desroc...@microchip.com> Maarten ter Huurne <maar...@treewalker.org> Mahesh Bandewar <mahe...@google.com> Manish Rangankar <mrangan...@marvell.com> Mans Rullgard <m...@mansr.com> Mao Wenan <maowe...@huawei.com> Marc Zyngier <marc.zyng...@arm.com> Marek Szyprowski <m.szyprow...@samsung.com> Mark Brown <broo...@kernel.org> Martin Blumenstingl <martin.blumensti...@googlemail.com> Martin K. Petersen <martin.peter...@oracle.com> Martin Schwidefsky <schwidef...@de.ibm.com> Masaru Nagai <masaru.nagai...@renesas.com> Mauro Carvalho Chehab <mchehab+sams...@kernel.org> Max Filippov <jcmvb...@gmail.com> Maxim Zhukov <mussitantesmor...@gmail.com> Miaohe Lin <linmia...@huawei.com> Michael Chan <michael.c...@broadcom.com> Michael Ellerman <m...@ellerman.id.au> Michael S. Tsirkin <m...@redhat.com> Michal Hocko <mho...@suse.com> Michal Simek <michal.si...@xilinx.com> Mike Kravetz <mike.krav...@oracle.com> Mike Marciniszyn <mike.marcinis...@intel.com> Mike Snitzer <snit...@redhat.com> Mikhail Gavrilov <mikhail.v.gavri...@gmail.com> Mikhail Zaslonko <zaslo...@linux.ibm.com> Ming Lu <ming...@citrix.com> Nathan Chancellor <natechancel...@gmail.com> Nazarov Sergey <s-naza...@yandex.ru> NeilBrown <n...@brown.name> NeilBrown <ne...@suse.com> Nicolin Chen <nicoleots...@gmail.com> Nikolay Aleksandrov <niko...@cumulusnetworks.com> Pablo Neira Ayuso <pa...@netfilter.org> Pan Bian <bianpan2...@163.com> Pankaj Gupta <pankaj.gu...@nxp.com> Paolo Bonzini <pbonz...@redhat.com> Paul Burton <paul.bur...@mips.com> Paul Cercueil <p...@crapouillou.net> Paul Durrant <paul.durr...@citrix.com> Paul E. McKenney <paul...@linux.ibm.com> Paul Moore <p...@paul-moore.com> Pavel Machek <pa...@ucw.cz> Pavel Shilovsky <piastr...@gmail.com> Pavel Shilovsky <pshi...@microsoft.com> Peng Hao <peng.h...@zte.com.cn> Peng Li <lipeng...@huawei.com> Peng Tao <tao.p...@primarydata.com> Peter Zijlstra (Intel) <pet...@infradead.org> Peter Zijlstra <pet...@infradead.org> Phil Turnbull <phil.turnb...@oracle.com> Philipp Zabel <p.za...@pengutronix.de> Phuong Nguyen <phuong.nguyen...@renesas.com> Pierre-Louis Bossart <pierre-louis.boss...@linux.intel.com> Qian Cai <c...@lca.pw> QiaoChong <qiaoch...@loongson.cn> Rafael J. Wysocki <rafael.j.wyso...@intel.com> Rajasingh Thavamani <t.rajasi...@landisgyr.com> Ralph Campbell <rcampb...@nvidia.com> Rander Wang <rander.w...@linux.intel.com> Rob Clark <robdcl...@gmail.com> Robert Jarzmik <robert.jarz...@free.fr> Roman Penyaev <rpeny...@suse.de> Ronnie Sahlberg <lsahl...@redhat.com> Russell King <rmk+ker...@armlinux.org.uk> Rémi Denis-Courmont <r...@remlab.net> S.j. Wang <shengjiu.w...@nxp.com> Saeed Mahameed <sae...@mellanox.com> Sakari Ailus <sakari.ai...@linux.intel.com> Sasha Levin <sasha.le...@oracle.com> Sasha Levin <sas...@kernel.org> Sean Christopherson <sean.j.christopher...@intel.com> Sergey Nazarov <s-naza...@yandex.ru> Seth Forshee <seth.fors...@canonical.com> Shankara Pailoor <sp3...@columbia.edu> Shengjiu Wang <shengjiu.w...@nxp.com> Shubhrajyoti Datta <shubhrajyoti.da...@xilinx.com> Silvio Cesare <silvio.ces...@gmail.com> Simon Horman <horms+rene...@verge.net.au> Simon Horman <ho...@verge.net.au> Sinan Kaya <ok...@kernel.org> Song Liu <songliubrav...@fb.com> Sowjanya Komatineni <skomatin...@nvidia.com> Stefan Agner <ste...@agner.ch> Stefan Haberland <s...@linux.ibm.com> Stefano Brivio <sbri...@redhat.com> Steffen Klassert <steffen.klass...@secunet.com> Stephane Eranian <eran...@google.com> Stephen Boyd <sb...@kernel.org> Steve French <stfre...@microsoft.com> Steve Longerbeam <slongerb...@gmail.com> Steven Rostedt (VMware) <rost...@goodmis.org> Stuart Menefy <stuart.men...@mathembedded.com> Su Yanjun <suyj.f...@cn.fujitsu.com> Sudip Mukherjee <sudipm.mukher...@gmail.com> Suravee Suthikulpanit <suravee.suthikulpa...@amd.com> Takashi Iwai <ti...@suse.de> Takashi Sakamoto <o-taka...@sakamocchi.jp> Tariq Toukan <tar...@mellanox.com> Theodore Ts'o <ty...@mit.edu> Thierry Reding <tred...@nvidia.com> Thomas Bogendoerfer <tbogendoer...@suse.de> Thomas Falcon <tlfal...@linux.ibm.com> Thomas Gleixner <t...@linutronix.de> Thor Thayer <thor.tha...@linux.intel.com> Tom Lendacky <thomas.lenda...@amd.com> Tomonori Sakita <tomonori.sak...@sord.co.jp> Tony Lindgren <t...@atomide.com> Tony Wu <ton...@realtek.com> Trond Myklebust <trond.mykleb...@hammerspace.com> Trond Myklebust <trond.mykleb...@primarydata.com> Ulf Hansson <ulf.hans...@linaro.org> Varun Prakash <va...@chelsio.com> Vignesh R <vigne...@ti.com> Vincent Batts <vba...@hashbangbash.com> Vineet Gupta <vgu...@synopsys.com> Vinod Koul <vk...@kernel.org> Viresh Kumar <viresh.ku...@linaro.org> Vitaly Kuznetsov <vkuzn...@redhat.com> Vladimir Murzin <vladimir.mur...@arm.com> Wanpeng Li <kernel...@gmail.com> Wanpeng Li <wanpeng...@hotmail.com> Wei Liu <wei.l...@citrix.com> Will Deacon <will.dea...@arm.com> Willy Tarreau <w...@1wt.eu> Wolfram Sang <w...@the-dreams.de> Xiao Ni <x...@redhat.com> Xin Long <lucien....@gmail.com> Yan, Zheng <z...@redhat.com> Yangtao Li <tiny.win...@gmail.com> Yao Liu <yotta....@ucloud.cn> Yihao Wu <wuyi...@linux.alibaba.com> Yizhuo <yzhai...@ucr.edu> Yonglong Liu <liuyongl...@huawei.com> Yoshihiro Shimoda <yoshihiro.shimoda...@renesas.com> YueHaibing <yuehaib...@huawei.com> Zeng Tao <prime.z...@hisilicon.com> Zev Weiss <z...@bewilderbeest.net> Zhang Rui <rui.zh...@intel.com> Zhang, Jun <jun.zh...@intel.com> ZhangXiaoxu <zhangxiao...@huawei.com> zhangyi (F) <yi.zh...@huawei.com> zhengbin <zhengbi...@huawei.com> Zhi Jin <zhi....@intel.com> Zubin Mithra <z...@chromium.org> Zygo Blaxell <ce3g8...@umail.furryterror.org> jobs: build-amd64-xsm pass build-arm64-xsm broken build-i386-xsm pass build-amd64 pass build-arm64 broken build-armhf pass build-i386 pass build-amd64-libvirt pass build-arm64-libvirt blocked build-armhf-libvirt pass build-i386-libvirt pass build-amd64-pvops pass build-arm64-pvops broken build-armhf-pvops pass build-i386-pvops pass build-amd64-rumprun pass build-i386-rumprun pass test-amd64-amd64-xl pass test-arm64-arm64-xl blocked test-armhf-armhf-xl pass test-amd64-i386-xl pass test-amd64-amd64-xl-qemut-debianhvm-amd64-xsm pass test-amd64-i386-xl-qemut-debianhvm-amd64-xsm pass test-amd64-amd64-libvirt-qemuu-debianhvm-amd64-xsm pass test-amd64-i386-libvirt-qemuu-debianhvm-amd64-xsm pass test-amd64-amd64-xl-qemuu-debianhvm-amd64-xsm pass test-amd64-i386-xl-qemuu-debianhvm-amd64-xsm pass test-amd64-amd64-xl-qemut-stubdom-debianhvm-amd64-xsm pass test-amd64-i386-xl-qemut-stubdom-debianhvm-amd64-xsm pass test-amd64-amd64-libvirt-xsm pass test-arm64-arm64-libvirt-xsm blocked test-amd64-i386-libvirt-xsm pass test-amd64-amd64-xl-xsm pass test-arm64-arm64-xl-xsm blocked test-amd64-i386-xl-xsm pass test-amd64-amd64-qemuu-nested-amd fail test-amd64-amd64-xl-pvhv2-amd fail test-amd64-i386-qemut-rhel6hvm-amd pass test-amd64-i386-qemuu-rhel6hvm-amd pass test-amd64-amd64-xl-qemut-debianhvm-amd64 pass test-amd64-i386-xl-qemut-debianhvm-amd64 pass test-amd64-amd64-xl-qemuu-debianhvm-amd64 pass test-amd64-i386-xl-qemuu-debianhvm-amd64 pass test-amd64-i386-freebsd10-amd64 pass test-amd64-amd64-xl-qemuu-ovmf-amd64 pass test-amd64-i386-xl-qemuu-ovmf-amd64 pass test-amd64-amd64-rumprun-amd64 pass test-amd64-amd64-xl-qemut-win7-amd64 fail test-amd64-i386-xl-qemut-win7-amd64 fail test-amd64-amd64-xl-qemuu-win7-amd64 fail test-amd64-i386-xl-qemuu-win7-amd64 fail test-amd64-amd64-xl-qemut-ws16-amd64 fail test-amd64-i386-xl-qemut-ws16-amd64 fail test-amd64-amd64-xl-qemuu-ws16-amd64 fail test-amd64-i386-xl-qemuu-ws16-amd64 fail test-armhf-armhf-xl-arndale pass test-amd64-amd64-xl-credit1 pass test-arm64-arm64-xl-credit1 blocked test-armhf-armhf-xl-credit1 pass test-amd64-amd64-xl-credit2 pass test-arm64-arm64-xl-credit2 blocked test-armhf-armhf-xl-credit2 pass test-armhf-armhf-xl-cubietruck pass test-amd64-amd64-xl-qemuu-dmrestrict-amd64-dmrestrict fail test-amd64-i386-xl-qemuu-dmrestrict-amd64-dmrestrict fail test-amd64-amd64-examine pass test-arm64-arm64-examine blocked test-armhf-armhf-examine fail test-amd64-i386-examine pass test-amd64-i386-freebsd10-i386 pass test-amd64-i386-rumprun-i386 pass test-amd64-amd64-xl-qemut-win10-i386 fail test-amd64-i386-xl-qemut-win10-i386 fail test-amd64-amd64-xl-qemuu-win10-i386 fail test-amd64-i386-xl-qemuu-win10-i386 fail test-amd64-amd64-qemuu-nested-intel pass test-amd64-amd64-xl-pvhv2-intel fail test-amd64-i386-qemut-rhel6hvm-intel pass test-amd64-i386-qemuu-rhel6hvm-intel pass test-amd64-amd64-libvirt pass test-armhf-armhf-libvirt pass test-amd64-i386-libvirt pass test-amd64-amd64-xl-multivcpu pass test-armhf-armhf-xl-multivcpu pass test-amd64-amd64-pair pass test-amd64-i386-pair pass test-amd64-amd64-libvirt-pair pass test-amd64-i386-libvirt-pair pass test-amd64-amd64-amd64-pvgrub pass test-amd64-amd64-i386-pvgrub pass test-amd64-amd64-xl-pvshim pass test-amd64-i386-xl-pvshim fail test-amd64-amd64-pygrub pass test-amd64-amd64-xl-qcow2 pass test-armhf-armhf-libvirt-raw pass test-amd64-i386-xl-raw pass test-amd64-amd64-xl-rtds pass test-armhf-armhf-xl-rtds pass test-amd64-amd64-xl-qemuu-debianhvm-amd64-shadow pass test-amd64-i386-xl-qemuu-debianhvm-amd64-shadow pass test-amd64-amd64-xl-shadow pass test-amd64-i386-xl-shadow pass test-amd64-amd64-libvirt-vhd pass test-armhf-armhf-xl-vhd pass ------------------------------------------------------------ sg-report-flight on osstest.test-lab.xenproject.org logs: /home/logs/logs images: /home/logs/images Logs, config files, etc. are available at http://logs.test-lab.xenproject.org/osstest/logs Explanation of these reports, and of osstest in general, is at http://xenbits.xen.org/gitweb/?p=osstest.git;a=blob;f=README.email;hb=master http://xenbits.xen.org/gitweb/?p=osstest.git;a=blob;f=README;hb=master Test harness code can be found at http://xenbits.xen.org/gitweb?p=osstest.git;a=summary broken-job build-arm64-xsm broken broken-job build-arm64-pvops broken broken-job build-arm64 broken broken-step build-arm64-xsm host-install(4) broken-step build-arm64-pvops host-install(4) broken-step build-arm64 host-install(4) broken-job build-arm64 broken broken-job build-arm64-xsm broken broken-job build-arm64-pvops broken Not pushing. (No revision log; it would be 7586 lines long.) _______________________________________________ Xen-devel mailing list Xen-devel@lists.xenproject.org https://lists.xenproject.org/mailman/listinfo/xen-devel