flight 134218 qemu-mainline real [real] http://logs.test-lab.xenproject.org/osstest/logs/134218/
Regressions :-( Tests which did not succeed and are blocking, including tests which could not be run: build-arm64-xsm <job status> broken build-arm64 <job status> broken build-arm64-pvops <job status> broken build-arm64-xsm 4 host-install(4) broken REGR. vs. 133909 build-arm64 4 host-install(4) broken REGR. vs. 133909 build-arm64-pvops 4 host-install(4) broken REGR. vs. 133909 test-amd64-i386-freebsd10-amd64 14 guest-saverestore fail REGR. vs. 133909 test-amd64-i386-freebsd10-i386 14 guest-saverestore fail REGR. vs. 133909 test-amd64-amd64-xl-qemuu-debianhvm-amd64 13 guest-saverestore fail REGR. vs. 133909 test-amd64-amd64-xl-qemuu-debianhvm-amd64-xsm 13 guest-saverestore fail REGR. vs. 133909 test-amd64-amd64-libvirt-qemuu-debianhvm-amd64-xsm 13 guest-saverestore fail REGR. vs. 133909 test-amd64-amd64-xl-qemuu-ovmf-amd64 13 guest-saverestore fail REGR. vs. 133909 test-amd64-amd64-xl-qemuu-win7-amd64 13 guest-saverestore fail REGR. vs. 133909 test-amd64-i386-xl-qemuu-debianhvm-amd64 13 guest-saverestore fail REGR. vs. 133909 test-amd64-i386-xl-qemuu-debianhvm-amd64-xsm 13 guest-saverestore fail REGR. vs. 133909 test-amd64-i386-xl-qemuu-ovmf-amd64 13 guest-saverestore fail REGR. vs. 133909 test-amd64-amd64-xl-qemuu-debianhvm-amd64-shadow 13 guest-saverestore fail REGR. vs. 133909 test-amd64-i386-libvirt-qemuu-debianhvm-amd64-xsm 13 guest-saverestore fail REGR. vs. 133909 test-amd64-i386-xl-qemuu-debianhvm-amd64-shadow 13 guest-saverestore fail REGR. vs. 133909 test-amd64-i386-xl-qemuu-win7-amd64 13 guest-saverestore fail REGR. vs. 133909 test-amd64-amd64-xl-qemuu-ws16-amd64 13 guest-saverestore fail REGR. vs. 133909 test-amd64-i386-xl-qemuu-ws16-amd64 13 guest-saverestore fail REGR. vs. 133909 Tests which did not succeed, but are not blocking: test-arm64-arm64-xl-credit2 1 build-check(1) blocked n/a test-arm64-arm64-libvirt-xsm 1 build-check(1) blocked n/a build-arm64-libvirt 1 build-check(1) blocked n/a test-arm64-arm64-xl 1 build-check(1) blocked n/a test-arm64-arm64-xl-xsm 1 build-check(1) blocked n/a test-arm64-arm64-xl-credit1 1 build-check(1) blocked n/a test-armhf-armhf-libvirt 14 saverestore-support-check fail like 133909 test-armhf-armhf-libvirt-raw 13 saverestore-support-check fail like 133909 test-amd64-i386-xl-pvshim 12 guest-start fail never pass test-amd64-i386-libvirt-xsm 13 migrate-support-check fail never pass test-amd64-i386-libvirt 13 migrate-support-check fail never pass test-amd64-amd64-libvirt 13 migrate-support-check fail never pass test-amd64-amd64-libvirt-xsm 13 migrate-support-check fail never pass test-amd64-amd64-libvirt-qemuu-debianhvm-amd64-xsm 11 migrate-support-check fail never pass test-amd64-i386-libvirt-qemuu-debianhvm-amd64-xsm 11 migrate-support-check fail never pass test-amd64-amd64-qemuu-nested-amd 17 debian-hvm-install/l1/l2 fail never pass test-amd64-amd64-libvirt-vhd 12 migrate-support-check fail never pass test-armhf-armhf-xl-credit1 13 migrate-support-check fail never pass test-armhf-armhf-xl-credit1 14 saverestore-support-check fail never pass test-armhf-armhf-xl-multivcpu 13 migrate-support-check fail never pass test-armhf-armhf-xl-credit2 13 migrate-support-check fail never pass test-armhf-armhf-xl-multivcpu 14 saverestore-support-check fail never pass test-armhf-armhf-xl-credit2 14 saverestore-support-check fail never pass test-armhf-armhf-xl-cubietruck 13 migrate-support-check fail never pass test-armhf-armhf-xl-cubietruck 14 saverestore-support-check fail never pass test-armhf-armhf-libvirt 13 migrate-support-check fail never pass test-armhf-armhf-xl 13 migrate-support-check fail never pass test-armhf-armhf-xl 14 saverestore-support-check fail never pass test-armhf-armhf-xl-rtds 13 migrate-support-check fail never pass test-armhf-armhf-xl-rtds 14 saverestore-support-check fail never pass test-armhf-armhf-libvirt-raw 12 migrate-support-check fail never pass test-armhf-armhf-xl-arndale 13 migrate-support-check fail never pass test-armhf-armhf-xl-arndale 14 saverestore-support-check fail never pass test-armhf-armhf-xl-vhd 12 migrate-support-check fail never pass test-armhf-armhf-xl-vhd 13 saverestore-support-check fail never pass test-amd64-amd64-xl-qemuu-win10-i386 10 windows-install fail never pass test-amd64-i386-xl-qemuu-win10-i386 10 windows-install fail never pass version targeted for testing: qemuu 230ce19814ecc6bff8edac3b5b86e7c82f422c6c baseline version: qemuu 082c0543baa6f237704c83a51658bd7f6ae316d5 Last test of basis 133909 2019-03-18 17:20:53 Z 12 days Failing since 133939 2019-03-20 04:22:12 Z 11 days 11 attempts Testing same since 134218 2019-03-30 16:07:11 Z 0 days 1 attempts ------------------------------------------------------------ People who touched revisions under test: "Cédric Le Goater" <c...@kaod.org> Alberto Garcia <be...@igalia.com> Alex Bennée <alex.ben...@linaro.org> Alistair Francis <alistair.fran...@wdc.com> Andrew Jones <drjo...@redhat.com> Anthony PERARD <anthony.per...@citrix.com> BALATON Zoltan <bala...@eik.bme.hu> Benjamin Herrenschmidt <b...@kernel.crashing.org> Bin Meng <bmeng...@gmail.com> Bishara AbuHattoum <bish...@daynix.com> Brijesh Singh <brijesh.si...@amd.com> Chih-Min Chao <chihmin.c...@sifive.com> Cleber Rosa <cr...@redhat.com> Cédric Le Goater <c...@kaod.org> Daniel Henrique Barboza <danielhb...@gmail.com> Daniel P. Berrange <berra...@redhat.com> Daniel P. Berrangé <berra...@redhat.com> David Gibson <da...@gibson.dropbear.id.au> David Hildenbrand <da...@redhat.com> Dr. David Alan Gilbert <dgilb...@redhat.com> Eduardo Habkost <ehabk...@redhat.com> Eduardo Otubo <ot...@redhat.com> Emilio G. Cota <c...@braap.org> Eric Blake <ebl...@redhat.com> Gerd Hoffmann <kra...@redhat.com> Greg Kurz <gr...@kaod.org> Jason Wang <jasow...@redhat.com> Jim Wilson <j...@sifive.com> John Snow <js...@redhat.com> Juan Quintela <quint...@redhat.com> Kelly Price <strredw...@gmail.com> Kevin Wolf <kw...@redhat.com> Kito Cheng <kito.ch...@gmail.com> Laurent Vivier <lviv...@redhat.com> Li Qiang <liq...@gmail.com> Liam Merwick <liam.merw...@oracle.com> Luc Michel <luc.mic...@greensocs.com> Lukáš Doktor <ldok...@redhat.com> Marc-André Lureau <marcandre.lur...@redhat.com> Markus Armbruster <arm...@redhat.com> Mateja Marjanovic <mateja.marjano...@rt-rk.com> Matt Hines <mhi...@scalecomputing.com> Max Filippov <jcmvb...@gmail.com> Max Reitz <mre...@redhat.com> Michael Clark <m...@sifive.com> Michael Roth <mdr...@linux.vnet.ibm.com> Michael S. Tsirkin <m...@redhat.com> Palmer Dabbelt <pal...@sifive.com> Paolo Bonzini <pbonz...@redhat.com> Paul Durrant <paul.durr...@citrix.com> Peter Maydell <peter.mayd...@linaro.org> Peter Xu <pet...@redhat.com> Philippe Mathieu-Daudé <phi...@redhat.com> Richard Henderson <richard.hender...@linaro.org> Roger Pau Monne <roger....@citrix.com> Roger Pau Monné <roger....@citrix.com> Sam Eiderman <shmuel.eider...@oracle.com> Sergio Lopez <s...@redhat.com> Shan Gavin <shan.ga...@gmail.com> Shmuel Eiderman <shmuel.eider...@oracle.com> Singh, Brijesh <brijesh.si...@amd.com> Stefan Hajnoczi <stefa...@redhat.com> Stefano Garzarella <sgarz...@redhat.com> Suraj Jitindar Singh <sjitindarsi...@gmail.com> Thomas Huth <th...@redhat.com> Vladimir Sementsov-Ogievskiy <vsement...@virtuozzo.com> Wainer dos Santos Moschetta <waine...@redhat.com> yuchenlin <yuchen...@synology.com> Zhang Chen <chen.zh...@intel.com> jobs: build-amd64-xsm pass build-arm64-xsm broken build-i386-xsm pass build-amd64 pass build-arm64 broken build-armhf pass build-i386 pass build-amd64-libvirt pass build-arm64-libvirt blocked build-armhf-libvirt pass build-i386-libvirt pass build-amd64-pvops pass build-arm64-pvops broken build-armhf-pvops pass build-i386-pvops pass test-amd64-amd64-xl pass test-arm64-arm64-xl blocked test-armhf-armhf-xl pass test-amd64-i386-xl pass test-amd64-amd64-libvirt-qemuu-debianhvm-amd64-xsm fail test-amd64-i386-libvirt-qemuu-debianhvm-amd64-xsm fail test-amd64-amd64-xl-qemuu-debianhvm-amd64-xsm fail test-amd64-i386-xl-qemuu-debianhvm-amd64-xsm fail test-amd64-amd64-libvirt-xsm pass test-arm64-arm64-libvirt-xsm blocked test-amd64-i386-libvirt-xsm pass test-amd64-amd64-xl-xsm pass test-arm64-arm64-xl-xsm blocked test-amd64-i386-xl-xsm pass test-amd64-amd64-qemuu-nested-amd fail test-amd64-amd64-xl-pvhv2-amd pass test-amd64-i386-qemuu-rhel6hvm-amd pass test-amd64-amd64-xl-qemuu-debianhvm-amd64 fail test-amd64-i386-xl-qemuu-debianhvm-amd64 fail test-amd64-i386-freebsd10-amd64 fail test-amd64-amd64-xl-qemuu-ovmf-amd64 fail test-amd64-i386-xl-qemuu-ovmf-amd64 fail test-amd64-amd64-xl-qemuu-win7-amd64 fail test-amd64-i386-xl-qemuu-win7-amd64 fail test-amd64-amd64-xl-qemuu-ws16-amd64 fail test-amd64-i386-xl-qemuu-ws16-amd64 fail test-armhf-armhf-xl-arndale pass test-amd64-amd64-xl-credit1 pass test-arm64-arm64-xl-credit1 blocked test-armhf-armhf-xl-credit1 pass test-amd64-amd64-xl-credit2 pass test-arm64-arm64-xl-credit2 blocked test-armhf-armhf-xl-credit2 pass test-armhf-armhf-xl-cubietruck pass test-amd64-amd64-xl-qemuu-dmrestrict-amd64-dmrestrict pass test-amd64-i386-xl-qemuu-dmrestrict-amd64-dmrestrict pass test-amd64-i386-freebsd10-i386 fail test-amd64-amd64-xl-qemuu-win10-i386 fail test-amd64-i386-xl-qemuu-win10-i386 fail test-amd64-amd64-qemuu-nested-intel pass test-amd64-amd64-xl-pvhv2-intel pass test-amd64-i386-qemuu-rhel6hvm-intel pass test-amd64-amd64-libvirt pass test-armhf-armhf-libvirt pass test-amd64-i386-libvirt pass test-amd64-amd64-xl-multivcpu pass test-armhf-armhf-xl-multivcpu pass test-amd64-amd64-pair pass test-amd64-i386-pair pass test-amd64-amd64-libvirt-pair pass test-amd64-i386-libvirt-pair pass test-amd64-amd64-amd64-pvgrub pass test-amd64-amd64-i386-pvgrub pass test-amd64-amd64-xl-pvshim pass test-amd64-i386-xl-pvshim fail test-amd64-amd64-pygrub pass test-amd64-amd64-xl-qcow2 pass test-armhf-armhf-libvirt-raw pass test-amd64-i386-xl-raw pass test-amd64-amd64-xl-rtds pass test-armhf-armhf-xl-rtds pass test-amd64-amd64-xl-qemuu-debianhvm-amd64-shadow fail test-amd64-i386-xl-qemuu-debianhvm-amd64-shadow fail test-amd64-amd64-xl-shadow pass test-amd64-i386-xl-shadow pass test-amd64-amd64-libvirt-vhd pass test-armhf-armhf-xl-vhd pass ------------------------------------------------------------ sg-report-flight on osstest.test-lab.xenproject.org logs: /home/logs/logs images: /home/logs/images Logs, config files, etc. are available at http://logs.test-lab.xenproject.org/osstest/logs Explanation of these reports, and of osstest in general, is at http://xenbits.xen.org/gitweb/?p=osstest.git;a=blob;f=README.email;hb=master http://xenbits.xen.org/gitweb/?p=osstest.git;a=blob;f=README;hb=master Test harness code can be found at http://xenbits.xen.org/gitweb?p=osstest.git;a=summary broken-job build-arm64-xsm broken broken-job build-arm64 broken broken-job build-arm64-pvops broken broken-step build-arm64-xsm host-install(4) broken-step build-arm64 host-install(4) broken-step build-arm64-pvops host-install(4) Not pushing. (No revision log; it would be 3989 lines long.) _______________________________________________ Xen-devel mailing list Xen-devel@lists.xenproject.org https://lists.xenproject.org/mailman/listinfo/xen-devel