flight 130867 linux-4.14 real [real] http://logs.test-lab.xenproject.org/osstest/logs/130867/
Regressions :-( Tests which did not succeed and are blocking, including tests which could not be run: test-amd64-amd64-xl-qemuu-dmrestrict-amd64-dmrestrict 10 debian-hvm-install fail REGR. vs. 130155 test-amd64-i386-xl-qemuu-dmrestrict-amd64-dmrestrict 10 debian-hvm-install fail REGR. vs. 130155 Tests which are failing intermittently (not blocking): test-amd64-amd64-libvirt-xsm 7 xen-boot fail in 130838 pass in 130867 test-amd64-amd64-libvirt 7 xen-boot fail pass in 130838 Tests which did not succeed, but are not blocking: test-amd64-amd64-libvirt 13 migrate-support-check fail in 130838 never pass test-amd64-amd64-libvirt-xsm 13 migrate-support-check fail never pass test-amd64-i386-libvirt-xsm 13 migrate-support-check fail never pass test-amd64-i386-libvirt 13 migrate-support-check fail never pass test-amd64-i386-libvirt-qemuu-debianhvm-amd64-xsm 11 migrate-support-check fail never pass test-amd64-amd64-libvirt-qemuu-debianhvm-amd64-xsm 11 migrate-support-check fail never pass test-armhf-armhf-xl-arndale 13 migrate-support-check fail never pass test-armhf-armhf-xl-arndale 14 saverestore-support-check fail never pass test-amd64-amd64-qemuu-nested-amd 17 debian-hvm-install/l1/l2 fail never pass test-amd64-amd64-libvirt-vhd 12 migrate-support-check fail never pass test-armhf-armhf-xl-credit1 13 migrate-support-check fail never pass test-armhf-armhf-xl-credit1 14 saverestore-support-check fail never pass test-armhf-armhf-xl-multivcpu 13 migrate-support-check fail never pass test-armhf-armhf-xl-multivcpu 14 saverestore-support-check fail never pass test-armhf-armhf-xl-cubietruck 13 migrate-support-check fail never pass test-armhf-armhf-xl-rtds 13 migrate-support-check fail never pass test-armhf-armhf-xl-rtds 14 saverestore-support-check fail never pass test-armhf-armhf-xl-cubietruck 14 saverestore-support-check fail never pass test-armhf-armhf-xl-credit2 13 migrate-support-check fail never pass test-armhf-armhf-xl-credit2 14 saverestore-support-check fail never pass test-amd64-i386-xl-qemut-win7-amd64 17 guest-stop fail never pass test-amd64-amd64-xl-qemuu-win7-amd64 17 guest-stop fail never pass test-amd64-amd64-xl-qemuu-ws16-amd64 17 guest-stop fail never pass test-amd64-i386-xl-qemuu-win7-amd64 17 guest-stop fail never pass test-amd64-i386-xl-pvshim 12 guest-start fail never pass test-amd64-amd64-xl-qemut-ws16-amd64 17 guest-stop fail never pass test-amd64-amd64-xl-qemut-win7-amd64 17 guest-stop fail never pass test-armhf-armhf-libvirt-raw 12 migrate-support-check fail never pass test-armhf-armhf-libvirt-raw 13 saverestore-support-check fail never pass test-armhf-armhf-xl 13 migrate-support-check fail never pass test-armhf-armhf-xl 14 saverestore-support-check fail never pass test-armhf-armhf-libvirt 13 migrate-support-check fail never pass test-armhf-armhf-libvirt 14 saverestore-support-check fail never pass test-amd64-i386-xl-qemuu-ws16-amd64 17 guest-stop fail never pass test-amd64-i386-xl-qemut-ws16-amd64 17 guest-stop fail never pass test-armhf-armhf-xl-vhd 12 migrate-support-check fail never pass test-armhf-armhf-xl-vhd 13 saverestore-support-check fail never pass test-amd64-i386-xl-qemut-win10-i386 10 windows-install fail never pass test-amd64-amd64-xl-qemut-win10-i386 10 windows-install fail never pass test-amd64-i386-xl-qemuu-win10-i386 10 windows-install fail never pass test-amd64-amd64-xl-qemuu-win10-i386 10 windows-install fail never pass version targeted for testing: linux 4201a586f1fa63de5a965a1ebc3b99e0e1a4912c baseline version: linux 2e390c487815669fb9bb35d7ea11883cc10a9b50 Last test of basis 130155 2018-11-15 23:53:54 Z 16 days Failing since 130644 2018-11-21 08:41:02 Z 11 days 5 attempts Testing same since 130838 2018-11-27 16:36:51 Z 4 days 2 attempts ------------------------------------------------------------ People who touched revisions under test: "Eric W. Biederman" <ebied...@xmission.com> "Yan, Zheng" <z...@redhat.com> Aaro Koskinen <aaro.koski...@iki.fi> Aaron Lu <aaron...@intel.com> Adrian Hunter <adrian.hun...@intel.com> Al Viro <v...@zeniv.linux.org.uk> Alan Tull <at...@kernel.org> Alex Deucher <alexander.deuc...@amd.com> Alexandre Belloni <alexandre.bell...@bootlin.com> Alexandru Ardelean <alexandru.ardel...@analog.com> Allen Wild <allenwil...@gmail.com> Amir Goldstein <amir7...@gmail.com> Anders Roxell <anders.rox...@linaro.org> Andrea Arcangeli <aarca...@redhat.com> Andreas Gruenbacher <agrue...@redhat.com> Andrew Bowers <andrewx.bow...@intel.com> Andrew Morton <a...@linux-foundation.org> Andrey Ryabinin <aryabi...@virtuozzo.com> Andy Shevchenko <andriy.shevche...@linux.intel.com> Ard Biesheuvel <ard.biesheu...@linaro.org> Arnaldo Carvalho de Melo <a...@redhat.com> Arnd Bergmann <a...@arndb.de> Bartlomiej Zolnierkiewicz <b.zolnier...@samsung.com> Ben Skeggs <bske...@redhat.com> Boris Brezillon <boris.brezil...@bootlin.com> Borislav Petkov <b...@suse.de> Breno Leitao <lei...@debian.org> Catalin Marinas <catalin.mari...@arm.com> Changwei Ge <ge.chang...@h3c.com> Chengguang Xu <cgxu...@gmx.com> Chris Packham <chris.pack...@alliedtelesis.co.nz> Chris Paterson <chris.paters...@renesas.com> Chris Wilson <ch...@chris-wilson.co.uk> Christoph Hellwig <h...@lst.de> Christophe Leroy <christophe.le...@c-s.fr> Clint Taylor <clinton.a.tay...@intel.com> Colin Ian King <colin.k...@canonical.com> Dan Carpenter <dan.carpen...@oracle.com> Daniel Axtens <d...@axtens.net> Daniel Thompson <daniel.thomp...@linaro.org> Daniel Vetter <daniel.vet...@ffwll.ch> Dave Stevenson <dave.steven...@raspberrypi.org> David Ahern <dsah...@gmail.com> David Miller <da...@davemloft.net> David S. Miller <da...@davemloft.net> David Sterba <dste...@suse.com> Dengcheng Zhu <d...@wavecomp.com> Denis Bolotin <denis.bolo...@cavium.com> Dennis <dennis.ne...@utoronto.ca> Dennis Zhou <den...@kernel.org> Dominique Martinet <dominique.marti...@cea.fr> Doug Berger <open...@gmail.com> Eduardo Valentin <edubez...@gmail.com> Emmanuel Pescosta <emmanuelpescosta...@gmail.com> Enric Balletbo i Serra <enric.balle...@collabora.com> Eric Biggers <ebigg...@google.com> Eric Dumazet <eduma...@google.com> Eric W. Biederman <ebied...@xmission.com> Eric Westbrook <e...@westbrook.io> Eric Westbrook <li...@westbrook.io> Ernesto A. Fernández <ernesto.mnd.fernan...@gmail.com> Fabio Estevam <fabio.este...@nxp.com> Feng Tang <feng.t...@intel.com> Filipe Manana <fdman...@suse.com> Florian Fainelli <f.faine...@gmail.com> Frank Sorenson <soren...@redhat.com> Frieder Schrempf <frieder.schre...@kontron.de> Geert Uytterhoeven <ge...@linux-m68k.org> Greg Edwards <gedwa...@ddn.com> Greg Kroah-Hartman <gre...@linuxfoundation.org> Gregory Fong <gregory.0...@gmail.com> Guenter Roeck <li...@roeck-us.net> Gustavo A. R. Silva <gust...@embeddedor.com> Gustavo Romero <grom...@linux.vnet.ibm.com> H. Peter Anvin (Intel) <h...@zytor.com> H. Peter Anvin <h...@zytor.com> Hans de Goede <hdego...@redhat.com> Hans Verkuil <hans.verk...@cisco.com> Heiko Carstens <heiko.carst...@de.ibm.com> Heiko Stuebner <he...@sntech.de> Herbert Xu <herb...@gondor.apana.org.au> Himanshu Madhani <himanshu.madh...@cavium.com> Himanshu Madhani <hmadh...@cavium.com> Howard Chen <howard...@google.com> Huacai Chen <che...@lemote.com> Ido Schimmel <ido...@mellanox.com> Ilya Dryomov <idryo...@gmail.com> Ingo Molnar <mi...@kernel.org> Inki Dae <inki....@samsung.com> J. Bruce Fields <bfie...@redhat.com> Jacob Keller <jacob.e.kel...@intel.com> Jani Nikula <jani.nik...@intel.com> Jann Horn <ja...@google.com> Jeff Kirsher <jeffrey.t.kirs...@intel.com> Jens Axboe <ax...@kernel.dk> Jeremy Linton <jeremy.lin...@arm.com> Jiri Kosina <jkos...@suse.cz> Jiri Olsa <jo...@kernel.org> Joel Stanley <j...@jms.id.au> John Garry <john.ga...@huawei.com> John Johansen <john.johan...@canonical.com> Jonathan Cameron <jonathan.came...@huawei.com> Joonas Lahtinen <joonas.lahti...@linux.intel.com> Jozsef Kadlecsik <kad...@blackhole.kfki.hu> Juergen Gross <jgr...@suse.com> Julian Wiedmann <j...@linux.ibm.com> Justin M. Forbes <jfor...@fedoraproject.org> Kai-Heng Feng <kai.heng.f...@canonical.com> Keith Busch <keith.bu...@intel.com> Kirill A. Shutemov <kirill.shute...@linux.intel.com> Kirill Tkhai <ktk...@virtuozzo.com> Krzysztof Kozlowski <k...@kernel.org> Laurence Oberman <lober...@redhat.com> Lee, Shawn C <shawn.c....@intel.com> Lee, Shawn C <shawn.c....@intel.com>> Linus Torvalds <torva...@linux-foundation.org> Linus Walleij <linus.wall...@linaro.org> Lu Fengqi <lufq.f...@cn.fujitsu.com> Lubomir Rintel <lkund...@v3.sk> Lucas Stach <l.st...@pengutronix.de> Ludovic Desroches <ludovic.desroc...@microchip.com> Lukas Czerner <lczer...@redhat.com> Lyude Paul <ly...@redhat.com> Maarten Jacobs <maarten...@outlook.com> Maciej W. Rozycki <ma...@linux-mips.org> Marc <suae...@googlemail.com> Marc Zyngier <marc.zyng...@arm.com> Marco Felsch <m.fel...@pengutronix.de> Marek Szyprowski <m.szyprow...@samsung.com> Martin K. Petersen <martin.peter...@oracle.com> Martin Schiller <m...@dev.tdt.de> Martin Schwidefsky <schwidef...@de.ibm.com> Masami Hiramatsu <mhira...@kernel.org> Mathias Thore <mathias.th...@infinera.com> Mathieu Malaterre <ma...@debian.org> Matt Turner <matt.tur...@intel.com> Matthew Cover <matthew.co...@stackpath.com> Matthew Cover <werekra...@gmail.com> Mattias Jacobsson <2...@mok.nu> Mauro Carvalho Chehab <mchehab+sams...@kernel.org> Max Filippov <jcmvb...@gmail.com> Mel Gorman <mgor...@techsingularity.net> Michael Chan <michael.c...@broadcom.com> Michael Ellerman <m...@ellerman.id.au> Michael Kelley <mikel...@microsoft.com> Michael S. Tsirkin <m...@redhat.com> Michal Hocko <mho...@suse.com> Michal Kalderon <michal.kalde...@cavium.com> Michał Mirosław <mirq-li...@rere.qmqm.pl> Mika Kuoppala <mika.kuopp...@linux.intel.com> Mika Westerberg <mika.westerb...@linux.intel.com> Mike Kravetz <mike.krav...@oracle.com> Miklos Szeredi <mszer...@redhat.com> Mikulas Patocka <mpato...@redhat.com> Miles Chen <miles.c...@mediatek.com> Minchan Kim <minc...@kernel.org> Ming Lei <ming....@redhat.com> Nathan Chancellor <natechancel...@gmail.com> Nicholas Mc Guire <hof...@osadl.org> Nicholas Piggin <npig...@gmail.com> Nobuhiro Iwamatsu <nobuhiro.iwama...@cybertrust.co.jp> Oliver Neukum <oneu...@suse.com> Olof Johansson <o...@lixom.net> Otavio Salvador <ota...@ossystems.com.br> Pablo Neira Ayuso <pa...@netfilter.org> Paul Burton <paul.bur...@mips.com> Paul Gortmaker <paul.gortma...@windriver.com> Peter Nowee <peter.no...@gmail.com> Peter Ujfalusi <peter.ujfal...@ti.com> Peter Zijlstra (Intel) <pet...@infradead.org> Petr Mladek <pmla...@suse.com> Phil Elwell <p...@raspberrypi.org> Piotr Skajewski <piotrx.skajew...@intel.com> Quinn Tran <quinn.t...@cavium.com> Radoslaw Tyl <radoslawx....@intel.com> Rafael J. Wysocki <rafael.j.wyso...@intel.com> Rajneesh Bhardwaj <rajneesh.bhard...@linux.intel.com> Rashmica Gupta <rashmic...@gmail.com> Ricardo Ribalda Delgado <ricardo.riba...@gmail.com> Richard Weinberger <rich...@nod.at> Rob Herring <r...@kernel.org> Robbie Ko <robbi...@synology.com> Rodrigo Vivi <rodrigo.v...@intel.com> Ronald Wahl <rw...@gmx.de> Ronnie Sahlberg <lsahl...@redhat.com> Russell King <rmk+ker...@armlinux.org.uk> Sabrina Dubroca <s...@queasysnail.net> Sagiv Ozeri <sagiv.oz...@cavium.com> Sakari Ailus <sakari.ai...@linux.intel.com> Sam Bobroff <sbobr...@linux.ibm.com> Santosh Shilimkar <ssant...@kernel.org> Sasha Levin <sas...@kernel.org> Scott Mayhew <smay...@redhat.com> Sean Tranchetti <stran...@codeaurora.org> Sergey Senozhatsky <sergey.senozhatsky.w...@gmail.com> Sergey Senozhatsky <sergey.senozhat...@gmail.com> Shalom Toledo <shal...@mellanox.com> Shawn Guo <shawn...@kernel.org> Simon Horman <horms+rene...@verge.net.au> Siva Reddy Kallam <siva.kal...@broadcom.com> Stanislav Lisovskiy <stanislav.lisovs...@intel.com> Stefan Wahren <stefan.wah...@i2se.com> Stefano Brivio <sbri...@redhat.com> Stefano Stabellini <stefa...@xilinx.com> Stephen Boyd <sb...@kernel.org> Steve French <stfre...@microsoft.com> Steven Rostedt (VMware) <rost...@goodmis.org> Subash Abhinov Kasiviswanathan <subas...@codeaurora.org> Sudeep Holla <sudeep.ho...@arm.com> Sudip Mukherjee <sudipm.mukher...@gmail.com> Sylwester Nawrocki <snawro...@kernel.org> Taehee Yoo <ap420...@gmail.com> Theodore Ts'o <ty...@mit.edu> Thomas Gleixner <t...@linutronix.de> Thomas Richter <tmri...@linux.ibm.com> Thor Thayer <thor.tha...@linux.intel.com> Timothy Baldwin <timbald...@fastmail.co.uk> Tomi Valkeinen <tomi.valkei...@ti.com> Tristram Ha <tristram...@microchip.com> Valentin Schneider <valentin.schnei...@arm.com> Vasily Averin <v...@virtuozzo.com> Vasily Gorbik <g...@linux.ibm.com> Vasily Khoruzhick <vasil...@arista.com> Vicente Bergas <vice...@gmail.com> Ville Syrjälä <ville.syrj...@linux.intel.com> Wengang Wang <wen.gang.w...@oracle.com> Will Deacon <will.dea...@arm.com> Xin Long <lucien....@gmail.com> Xinliang Liu <z.liuxinli...@hisilicon.com> Yan, Zheng <z...@redhat.com> Young_X <yang...@hotmail.com> YueHaibing <yuehaib...@huawei.com> Zubin Mithra <z...@chromium.org> 배석진 <soukjin....@samsung.com> jobs: build-amd64-xsm pass build-i386-xsm pass build-amd64 pass build-armhf pass build-i386 pass build-amd64-libvirt pass build-armhf-libvirt pass build-i386-libvirt pass build-amd64-pvops pass build-armhf-pvops pass build-i386-pvops pass build-amd64-rumprun pass build-i386-rumprun pass test-amd64-amd64-xl pass test-armhf-armhf-xl pass test-amd64-i386-xl pass test-amd64-amd64-xl-qemut-debianhvm-amd64-xsm pass test-amd64-i386-xl-qemut-debianhvm-amd64-xsm pass test-amd64-amd64-libvirt-qemuu-debianhvm-amd64-xsm pass test-amd64-i386-libvirt-qemuu-debianhvm-amd64-xsm pass test-amd64-amd64-xl-qemuu-debianhvm-amd64-xsm pass test-amd64-i386-xl-qemuu-debianhvm-amd64-xsm pass test-amd64-amd64-xl-qemut-stubdom-debianhvm-amd64-xsm pass test-amd64-i386-xl-qemut-stubdom-debianhvm-amd64-xsm pass test-amd64-amd64-libvirt-xsm pass test-amd64-i386-libvirt-xsm pass test-amd64-amd64-xl-xsm pass test-amd64-i386-xl-xsm pass test-amd64-amd64-qemuu-nested-amd fail test-amd64-amd64-xl-pvhv2-amd pass test-amd64-i386-qemut-rhel6hvm-amd pass test-amd64-i386-qemuu-rhel6hvm-amd pass test-amd64-amd64-xl-qemut-debianhvm-amd64 pass test-amd64-i386-xl-qemut-debianhvm-amd64 pass test-amd64-amd64-xl-qemuu-debianhvm-amd64 pass test-amd64-i386-xl-qemuu-debianhvm-amd64 pass test-amd64-i386-freebsd10-amd64 pass test-amd64-amd64-xl-qemuu-ovmf-amd64 pass test-amd64-i386-xl-qemuu-ovmf-amd64 pass test-amd64-amd64-rumprun-amd64 pass test-amd64-amd64-xl-qemut-win7-amd64 fail test-amd64-i386-xl-qemut-win7-amd64 fail test-amd64-amd64-xl-qemuu-win7-amd64 fail test-amd64-i386-xl-qemuu-win7-amd64 fail test-amd64-amd64-xl-qemut-ws16-amd64 fail test-amd64-i386-xl-qemut-ws16-amd64 fail test-amd64-amd64-xl-qemuu-ws16-amd64 fail test-amd64-i386-xl-qemuu-ws16-amd64 fail test-armhf-armhf-xl-arndale pass test-amd64-amd64-xl-credit1 pass test-armhf-armhf-xl-credit1 pass test-amd64-amd64-xl-credit2 pass test-armhf-armhf-xl-credit2 pass test-armhf-armhf-xl-cubietruck pass test-amd64-amd64-xl-qemuu-dmrestrict-amd64-dmrestrict fail test-amd64-i386-xl-qemuu-dmrestrict-amd64-dmrestrict fail test-amd64-amd64-examine pass test-armhf-armhf-examine pass test-amd64-i386-examine pass test-amd64-i386-freebsd10-i386 pass test-amd64-i386-rumprun-i386 pass test-amd64-amd64-xl-qemut-win10-i386 fail test-amd64-i386-xl-qemut-win10-i386 fail test-amd64-amd64-xl-qemuu-win10-i386 fail test-amd64-i386-xl-qemuu-win10-i386 fail test-amd64-amd64-qemuu-nested-intel pass test-amd64-amd64-xl-pvhv2-intel pass test-amd64-i386-qemut-rhel6hvm-intel pass test-amd64-i386-qemuu-rhel6hvm-intel pass test-amd64-amd64-libvirt fail test-armhf-armhf-libvirt pass test-amd64-i386-libvirt pass test-amd64-amd64-xl-multivcpu pass test-armhf-armhf-xl-multivcpu pass test-amd64-amd64-pair pass test-amd64-i386-pair pass test-amd64-amd64-libvirt-pair pass test-amd64-i386-libvirt-pair pass test-amd64-amd64-amd64-pvgrub pass test-amd64-amd64-i386-pvgrub pass test-amd64-amd64-xl-pvshim pass test-amd64-i386-xl-pvshim fail test-amd64-amd64-pygrub pass test-amd64-amd64-xl-qcow2 pass test-armhf-armhf-libvirt-raw pass test-amd64-i386-xl-raw pass test-amd64-amd64-xl-rtds pass test-armhf-armhf-xl-rtds pass test-amd64-amd64-xl-qemuu-debianhvm-amd64-shadow pass test-amd64-i386-xl-qemuu-debianhvm-amd64-shadow pass test-amd64-amd64-xl-shadow pass test-amd64-i386-xl-shadow pass test-amd64-amd64-libvirt-vhd pass test-armhf-armhf-xl-vhd pass ------------------------------------------------------------ sg-report-flight on osstest.test-lab.xenproject.org logs: /home/logs/logs images: /home/logs/images Logs, config files, etc. are available at http://logs.test-lab.xenproject.org/osstest/logs Explanation of these reports, and of osstest in general, is at http://xenbits.xen.org/gitweb/?p=osstest.git;a=blob;f=README.email;hb=master http://xenbits.xen.org/gitweb/?p=osstest.git;a=blob;f=README;hb=master Test harness code can be found at http://xenbits.xen.org/gitweb?p=osstest.git;a=summary Not pushing. (No revision log; it would be 6157 lines long.) _______________________________________________ Xen-devel mailing list Xen-devel@lists.xenproject.org https://lists.xenproject.org/mailman/listinfo/xen-devel