flight 127464 linux-4.14 real [real] http://logs.test-lab.xenproject.org/osstest/logs/127464/
Failures :-/ but no regressions. Tests which are failing intermittently (not blocking): test-amd64-amd64-xl-qemuu-debianhvm-amd64-xsm 16 guest-localmigrate/x10 fail in 127453 pass in 127464 test-amd64-amd64-examine 4 memdisk-try-append fail pass in 127453 Tests which did not succeed, but are not blocking: test-amd64-amd64-libvirt-xsm 13 migrate-support-check fail never pass test-amd64-amd64-libvirt 13 migrate-support-check fail never pass test-amd64-i386-xl-pvshim 12 guest-start fail never pass test-amd64-i386-libvirt-xsm 13 migrate-support-check fail never pass test-amd64-i386-libvirt 13 migrate-support-check fail never pass test-arm64-arm64-libvirt-xsm 13 migrate-support-check fail never pass test-arm64-arm64-libvirt-xsm 14 saverestore-support-check fail never pass test-arm64-arm64-xl 13 migrate-support-check fail never pass test-arm64-arm64-xl 14 saverestore-support-check fail never pass test-amd64-i386-libvirt-qemuu-debianhvm-amd64-xsm 11 migrate-support-check fail never pass test-arm64-arm64-xl-credit2 13 migrate-support-check fail never pass test-arm64-arm64-xl-credit2 14 saverestore-support-check fail never pass test-amd64-amd64-libvirt-qemuu-debianhvm-amd64-xsm 11 migrate-support-check fail never pass test-armhf-armhf-xl-rtds 13 migrate-support-check fail never pass test-armhf-armhf-xl-rtds 14 saverestore-support-check fail never pass test-armhf-armhf-xl-arndale 13 migrate-support-check fail never pass test-armhf-armhf-xl-arndale 14 saverestore-support-check fail never pass test-amd64-amd64-qemuu-nested-amd 17 debian-hvm-install/l1/l2 fail never pass test-amd64-amd64-libvirt-vhd 12 migrate-support-check fail never pass test-armhf-armhf-xl-credit2 13 migrate-support-check fail never pass test-armhf-armhf-xl-credit2 14 saverestore-support-check fail never pass test-armhf-armhf-libvirt 13 migrate-support-check fail never pass test-armhf-armhf-libvirt 14 saverestore-support-check fail never pass test-armhf-armhf-xl 13 migrate-support-check fail never pass test-armhf-armhf-xl 14 saverestore-support-check fail never pass test-armhf-armhf-xl-multivcpu 13 migrate-support-check fail never pass test-armhf-armhf-xl-multivcpu 14 saverestore-support-check fail never pass test-armhf-armhf-xl-cubietruck 13 migrate-support-check fail never pass test-armhf-armhf-xl-cubietruck 14 saverestore-support-check fail never pass test-amd64-i386-xl-qemut-win7-amd64 17 guest-stop fail never pass test-amd64-amd64-xl-qemuu-win7-amd64 17 guest-stop fail never pass test-amd64-amd64-xl-qemuu-ws16-amd64 17 guest-stop fail never pass test-armhf-armhf-xl-vhd 12 migrate-support-check fail never pass test-armhf-armhf-xl-vhd 13 saverestore-support-check fail never pass test-amd64-i386-xl-qemuu-win7-amd64 17 guest-stop fail never pass test-arm64-arm64-xl-xsm 13 migrate-support-check fail never pass test-arm64-arm64-xl-xsm 14 saverestore-support-check fail never pass test-armhf-armhf-libvirt-raw 12 migrate-support-check fail never pass test-armhf-armhf-libvirt-raw 13 saverestore-support-check fail never pass test-amd64-amd64-xl-qemut-ws16-amd64 17 guest-stop fail never pass test-amd64-amd64-xl-qemut-win7-amd64 17 guest-stop fail never pass test-amd64-i386-xl-qemuu-ws16-amd64 17 guest-stop fail never pass test-amd64-i386-xl-qemut-ws16-amd64 17 guest-stop fail never pass test-amd64-i386-xl-qemut-win10-i386 10 windows-install fail never pass test-amd64-amd64-xl-qemut-win10-i386 10 windows-install fail never pass test-amd64-amd64-xl-qemuu-win10-i386 10 windows-install fail never pass test-amd64-i386-xl-qemuu-win10-i386 10 windows-install fail never pass version targeted for testing: linux 7fe7a0f4c5cf9e7f5b7cb67c1341cdbf62ed4c30 baseline version: linux ee13f7edca5838436feefde90ed1b2ebb07c4184 Last test of basis 127297 2018-09-05 07:46:02 Z 5 days Testing same since 127453 2018-09-09 18:11:08 Z 1 days 2 attempts ------------------------------------------------------------ People who touched revisions under test: Aditya Kali <adityak...@google.com> Adrian Hunter <adrian.hun...@intel.com> Alexander Aring <ar...@mojatatu.com> Alexandre Belloni <alexandre.bell...@bootlin.com> Alexandru Ardelean <alexandru.ardel...@analog.com> Amir Goldstein <amir7...@gmail.com> Andrew Donnellan <andrew.donnel...@au1.ibm.com> Andrew Morton <a...@linux-foundation.org> Anna Schumaker <anna.schuma...@netapp.com> Arnaldo Carvalho de Melo <a...@redhat.com> Bart Van Assche <bart.vanass...@wdc.com> Bartlomiej Zolnierkiewicz <b.zolnier...@samsung.com> Bartosz Golaszewski <bgolaszew...@baylibre.com> Benjamin Herrenschmidt <b...@kernel.crashing.org> Bill Baker <bill.ba...@oracle.com> Bjorn Helgaas <bhelg...@google.com> Chanwoo Choi <cw00.c...@samsung.com> Chirantan Ekbote <chiran...@chromium.org> Chris Wilson <ch...@chris-wilson.co.uk> Christian Brauner <christ...@brauner.io> Coly Li <col...@suse.de> Dan Carpenter <dan.carpen...@oracle.com> Daniel Mack <dan...@zonque.org> David Howells <dhowe...@redhat.com> Dexuan Cui <de...@microsoft.com> Dominique Martinet <dominique.marti...@cea.fr> Eddie Horng <eddie.ho...@mediatek.com> Eddie.Horng <eddie.ho...@mediatek.com> Eric W. Biederman <ebied...@xmission.com> Frederic Barrat <fbar...@linux.vnet.ibm.com> Frederick Lawler <f...@fredlawl.com> Greg Kroah-Hartman <gre...@linuxfoundation.org> Greg Kurz <gr...@kaod.org> Gustavo A. R. Silva <gust...@embeddedor.com> Hans Verkuil <hans.verk...@cisco.com> Hari Bathini <hbath...@linux.ibm.com> Helen Chao <helen.c...@oracle.com> Henry Willard <henry.will...@oracle.com> Herbert Xu <herb...@gondor.apana.org.au> Horia Geantă <horia.gea...@nxp.com> Hou Tao <hout...@huawei.com> Ilya Dryomov <idryo...@gmail.com> Jacob Pan <jacob.jun....@linux.intel.com> James Morse <james.mo...@arm.com> Jan Kara <j...@suse.cz> Jan Kotas <j...@cadence.com> Janek Kotas <j...@cadence.com> Jann Horn <ja...@google.com> Jarkko Nikula <jarkko.nik...@linux.intel.com> Jason Gunthorpe <j...@mellanox.com> Jassi Brar <jaswinder.si...@linaro.org> Javier Martinez Canillas <javi...@redhat.com> Jens Axboe <ax...@kernel.dk> Jeremy Cline <jcl...@redhat.com> jiangyiwen <jiangyi...@huawei.com> Jiri Kosina <jkos...@suse.cz> Joerg Roedel <jroe...@suse.de> Johan Hovold <jo...@kernel.org> Jon Hunter <jonath...@nvidia.com> Jonathan Cameron <jonathan.came...@huawei.com> Josh Poimboeuf <jpoim...@redhat.com> Jun Piao <piao...@huawei.com> K. Y. Srinivasan <k...@microsoft.com> Kalle Valo <kv...@codeaurora.org> Kamalesh Babulal <kamal...@linux.vnet.ibm.com> Krzysztof Kozlowski <k...@kernel.org> Lars-Peter Clausen <l...@metafoo.de> Lee Jones <lee.jo...@linaro.org> Linus Torvalds <torva...@linux-foundation.org> Maciej S. Szmigiero <m...@maciej.szmigiero.name> Mahesh Salgaonkar <mah...@linux.vnet.ibm.com> Mark Brown <broo...@kernel.org> Markus Stockhausen <stockhau...@collogia.de> Markus Stockhausen stockhau...@collogia.de Masami Hiramatsu <mhira...@kernel.org> Matthew Auld <matthew.a...@intel.com> Mauro Carvalho Chehab <mchehab+sams...@kernel.org> Max Filippov <jcmvb...@gmail.com> Michael Ellerman <m...@ellerman.id.au> Mika Westerberg <mika.westerb...@linux.intel.com> Mike Snitzer <snit...@redhat.com> Miklos Szeredi <mszer...@redhat.com> Mikulas Patocka <mpato...@redhat.com> Minchan Kim <minc...@kernel.org> Ming Lei <ming....@redhat.com> Nadav Amit <nadav.a...@gmail.com> Nadav Amit <na...@vmware.com> Oleg Nesterov <o...@redhat.com> Ondrej Mosnacek <omosn...@redhat.com> Paolo Bonzini <pbonz...@redhat.com> Patrick Steinhardt <p...@pks.im> Paul Mackerras <pau...@ozlabs.org> Peter Kalauskas <pes...@google.com> Peter Zijlstra (Intel) <pet...@infradead.org> Peter Zijlstra <pet...@infradead.org> Petr Mladek <pmla...@suse.com> piaojun <piao...@huawei.com> Rafael David Tinoco <rafael.tin...@linaro.org> Rafael J. Wysocki <rafael.j.wyso...@intel.com> Richard Weinberger <rich...@nod.at> Rik van Riel <r...@surriel.com> Serge E. Hallyn <se...@hallyn.com> Serge Hallyn <se...@hallyn.com> Sergei Shtylyov <sergei.shtyl...@cogentembedded.com> Sergey Senozhatsky <sergey.senozhat...@gmail.com> Shan Hai <shan....@oracle.com> Shenghui Wang <shh...@foxmail.com> Stefan Schmidt <ste...@datenfreihafen.org> Steven Rostedt (VMware) <rost...@goodmis.org> Thierry Reding <thierry.red...@gmail.com> Thierry Reding <tred...@nvidia.com> Tomas Bortoli <tomasbort...@gmail.com> Tony Lindgren <t...@atomide.com> Trond Myklebust <trond.mykleb...@hammerspace.com> Trond Myklebust <tron...@gmail.com> Tycho Andersen <ty...@tycho.ws> Ulf Hansson <ulf.hans...@linaro.org> Vaibhav Jain <vaib...@linux.ibm.com> Vignesh R <vigne...@ti.com> Vishal Verma <vishal.l.ve...@intel.com> Will Deacon <will.dea...@arm.com> xiao jin <jin.x...@intel.com> Yannik Sembritzki <yan...@sembritzki.me> Yiwen Jiang <jiangyi...@huawei.com> zhangyi (F) <yi.zh...@huawei.com> jobs: build-amd64-xsm pass build-arm64-xsm pass build-i386-xsm pass build-amd64 pass build-arm64 pass build-armhf pass build-i386 pass build-amd64-libvirt pass build-arm64-libvirt pass build-armhf-libvirt pass build-i386-libvirt pass build-amd64-pvops pass build-arm64-pvops pass build-armhf-pvops pass build-i386-pvops pass build-amd64-rumprun pass build-i386-rumprun pass test-amd64-amd64-xl pass test-arm64-arm64-xl pass test-armhf-armhf-xl pass test-amd64-i386-xl pass test-amd64-amd64-xl-qemut-debianhvm-amd64-xsm pass test-amd64-i386-xl-qemut-debianhvm-amd64-xsm pass test-amd64-amd64-libvirt-qemuu-debianhvm-amd64-xsm pass test-amd64-i386-libvirt-qemuu-debianhvm-amd64-xsm pass test-amd64-amd64-xl-qemuu-debianhvm-amd64-xsm pass test-amd64-i386-xl-qemuu-debianhvm-amd64-xsm pass test-amd64-amd64-xl-qemut-stubdom-debianhvm-amd64-xsm pass test-amd64-i386-xl-qemut-stubdom-debianhvm-amd64-xsm pass test-amd64-amd64-libvirt-xsm pass test-arm64-arm64-libvirt-xsm pass test-amd64-i386-libvirt-xsm pass test-amd64-amd64-xl-xsm pass test-arm64-arm64-xl-xsm pass test-amd64-i386-xl-xsm pass test-amd64-amd64-qemuu-nested-amd fail test-amd64-amd64-xl-pvhv2-amd pass test-amd64-i386-qemut-rhel6hvm-amd pass test-amd64-i386-qemuu-rhel6hvm-amd pass test-amd64-amd64-xl-qemut-debianhvm-amd64 pass test-amd64-i386-xl-qemut-debianhvm-amd64 pass test-amd64-amd64-xl-qemuu-debianhvm-amd64 pass test-amd64-i386-xl-qemuu-debianhvm-amd64 pass test-amd64-i386-freebsd10-amd64 pass test-amd64-amd64-xl-qemuu-ovmf-amd64 pass test-amd64-i386-xl-qemuu-ovmf-amd64 pass test-amd64-amd64-rumprun-amd64 pass test-amd64-amd64-xl-qemut-win7-amd64 fail test-amd64-i386-xl-qemut-win7-amd64 fail test-amd64-amd64-xl-qemuu-win7-amd64 fail test-amd64-i386-xl-qemuu-win7-amd64 fail test-amd64-amd64-xl-qemut-ws16-amd64 fail test-amd64-i386-xl-qemut-ws16-amd64 fail test-amd64-amd64-xl-qemuu-ws16-amd64 fail test-amd64-i386-xl-qemuu-ws16-amd64 fail test-armhf-armhf-xl-arndale pass test-amd64-amd64-xl-credit2 pass test-arm64-arm64-xl-credit2 pass test-armhf-armhf-xl-credit2 pass test-armhf-armhf-xl-cubietruck pass test-amd64-amd64-xl-qemuu-dmrestrict-amd64-dmrestrict pass test-amd64-i386-xl-qemuu-dmrestrict-amd64-dmrestrict pass test-amd64-amd64-examine pass test-arm64-arm64-examine pass test-armhf-armhf-examine pass test-amd64-i386-examine pass test-amd64-i386-freebsd10-i386 pass test-amd64-i386-rumprun-i386 pass test-amd64-amd64-xl-qemut-win10-i386 fail test-amd64-i386-xl-qemut-win10-i386 fail test-amd64-amd64-xl-qemuu-win10-i386 fail test-amd64-i386-xl-qemuu-win10-i386 fail test-amd64-amd64-qemuu-nested-intel pass test-amd64-amd64-xl-pvhv2-intel pass test-amd64-i386-qemut-rhel6hvm-intel pass test-amd64-i386-qemuu-rhel6hvm-intel pass test-amd64-amd64-libvirt pass test-armhf-armhf-libvirt pass test-amd64-i386-libvirt pass test-amd64-amd64-xl-multivcpu pass test-armhf-armhf-xl-multivcpu pass test-amd64-amd64-pair pass test-amd64-i386-pair pass test-amd64-amd64-libvirt-pair pass test-amd64-i386-libvirt-pair pass test-amd64-amd64-amd64-pvgrub pass test-amd64-amd64-i386-pvgrub pass test-amd64-amd64-xl-pvshim pass test-amd64-i386-xl-pvshim fail test-amd64-amd64-pygrub pass test-amd64-amd64-xl-qcow2 pass test-armhf-armhf-libvirt-raw pass test-amd64-i386-xl-raw pass test-amd64-amd64-xl-rtds pass test-armhf-armhf-xl-rtds pass test-amd64-amd64-xl-qemuu-debianhvm-amd64-shadow pass test-amd64-i386-xl-qemuu-debianhvm-amd64-shadow pass test-amd64-amd64-xl-shadow pass test-amd64-i386-xl-shadow pass test-amd64-amd64-libvirt-vhd pass test-armhf-armhf-xl-vhd pass ------------------------------------------------------------ sg-report-flight on osstest.test-lab.xenproject.org logs: /home/logs/logs images: /home/logs/images Logs, config files, etc. are available at http://logs.test-lab.xenproject.org/osstest/logs Explanation of these reports, and of osstest in general, is at http://xenbits.xen.org/gitweb/?p=osstest.git;a=blob;f=README.email;hb=master http://xenbits.xen.org/gitweb/?p=osstest.git;a=blob;f=README;hb=master Test harness code can be found at http://xenbits.xen.org/gitweb?p=osstest.git;a=summary Pushing revision : To xenbits.xen.org:/home/xen/git/linux-pvops.git ee13f7edca58..7fe7a0f4c5cf 7fe7a0f4c5cf9e7f5b7cb67c1341cdbf62ed4c30 -> tested/linux-4.14 _______________________________________________ Xen-devel mailing list Xen-devel@lists.xenproject.org https://lists.xenproject.org/mailman/listinfo/xen-devel