flight 180541 xen-unstable-smoke real [real] http://logs.test-lab.xenproject.org/osstest/logs/180541/
Failures :-/ but no regressions. Tests which did not succeed, but are not blocking: test-amd64-amd64-libvirt 15 migrate-support-check fail never pass test-arm64-arm64-xl-xsm 15 migrate-support-check fail never pass test-arm64-arm64-xl-xsm 16 saverestore-support-check fail never pass test-armhf-armhf-xl 15 migrate-support-check fail never pass test-armhf-armhf-xl 16 saverestore-support-check fail never pass version targeted for testing: xen e93e635e142d45e3904efb4a05e2b3b52a708b4f baseline version: xen b95a72bb5b2df24ff1baaa27920e57947dc97d49 Last test of basis 180520 2023-05-03 18:03:28 Z 1 days Testing same since 180541 2023-05-05 08:01:57 Z 0 days 1 attempts ------------------------------------------------------------ People who touched revisions under test: Jan Beulich <jbeul...@suse.com> jobs: build-arm64-xsm pass build-amd64 pass build-armhf pass build-amd64-libvirt pass test-armhf-armhf-xl pass test-arm64-arm64-xl-xsm pass test-amd64-amd64-xl-qemuu-debianhvm-amd64 pass test-amd64-amd64-libvirt pass ------------------------------------------------------------ sg-report-flight on osstest.test-lab.xenproject.org logs: /home/logs/logs images: /home/logs/images Logs, config files, etc. are available at http://logs.test-lab.xenproject.org/osstest/logs Explanation of these reports, and of osstest in general, is at http://xenbits.xen.org/gitweb/?p=osstest.git;a=blob;f=README.email;hb=master http://xenbits.xen.org/gitweb/?p=osstest.git;a=blob;f=README;hb=master Test harness code can be found at http://xenbits.xen.org/gitweb?p=osstest.git;a=summary Pushing revision : To xenbits.xen.org:/home/xen/git/xen.git b95a72bb5b..e93e635e14 e93e635e142d45e3904efb4a05e2b3b52a708b4f -> smoke