flight 95840 linux-3.10 real [real] http://logs.test-lab.xenproject.org/osstest/logs/95840/
Regressions :-( Tests which did not succeed and are blocking, including tests which could not be run: test-amd64-amd64-qemuu-nested-intel 13 xen-boot/l1 fail REGR. vs. 86412 test-amd64-amd64-qemuu-nested-amd 13 xen-boot/l1 fail REGR. vs. 86412 Tests which are failing intermittently (not blocking): test-amd64-i386-qemut-rhel6hvm-amd 3 host-install(3) broken in 95804 pass in 95840 test-amd64-amd64-i386-pvgrub 3 host-install(3) broken in 95804 pass in 95840 test-amd64-i386-freebsd10-amd64 10 guest-start fail pass in 95804 Regressions which are regarded as allowable (not blocking): build-amd64-rumpuserxen 6 xen-build fail like 86412 build-i386-rumpuserxen 6 xen-build fail like 86412 test-amd64-i386-xl-qemuu-win7-amd64 16 guest-stop fail like 86412 test-amd64-amd64-xl-qemuu-win7-amd64 16 guest-stop fail like 86412 test-amd64-i386-xl-qemut-win7-amd64 16 guest-stop fail like 86412 test-amd64-amd64-xl-qemut-win7-amd64 16 guest-stop fail like 86412 Tests which did not succeed, but are not blocking: test-amd64-i386-rumpuserxen-i386 1 build-check(1) blocked n/a test-amd64-amd64-rumpuserxen-amd64 1 build-check(1) blocked n/a test-amd64-amd64-xl-pvh-intel 11 guest-start fail never pass test-amd64-amd64-xl-pvh-amd 11 guest-start fail never pass test-amd64-amd64-libvirt 12 migrate-support-check fail never pass test-amd64-i386-libvirt-xsm 12 migrate-support-check fail never pass test-amd64-i386-libvirt 12 migrate-support-check fail never pass test-amd64-amd64-libvirt-xsm 12 migrate-support-check fail never pass test-amd64-amd64-libvirt-qemuu-debianhvm-amd64-xsm 10 migrate-support-check fail never pass test-amd64-amd64-libvirt-vhd 11 migrate-support-check fail never pass test-amd64-i386-libvirt-qemuu-debianhvm-amd64-xsm 10 migrate-support-check fail never pass version targeted for testing: linux ca1199fccf14540e86f6da955333e31d6fec5f3e baseline version: linux 326a1b2d50cbe1f890e56ab60b9215cd30053f5a Last test of basis 86412 2016-03-16 16:24:33 Z 93 days Testing same since 95665 2016-06-13 14:51:45 Z 4 days 4 attempts ------------------------------------------------------------ People who touched revisions under test: Aaro Koskinen <aaro.koski...@iki.fi> Adrian Hunter <adrian.hun...@intel.com> Al Viro <v...@zeniv.linux.org.uk> Alan Stern <st...@rowland.harvard.edu> Alex Deucher <alexander.deuc...@amd.com> Alexandre Belloni <alexandre.bell...@free-electrons.com> Alexandre Bounine <alexandre.boun...@idt.com> Alexey Khoroshilov <khoroshi...@ispras.ru> Allain Legacy <allain.leg...@windriver.com> Andi Kleen <a...@linux.intel.com> Andrew Morton <a...@linux-foundation.org> Andrey Gelman <andrey.gel...@compulab.co.il> Andy Lutomirski <l...@kernel.org> Andy Lutomirski <l...@kernel.org> # On a Dell XPS 13 9350 Anton Blanchard <an...@samba.org> Antonio Quartulli <a...@unstable.cc> Aristeu Rozanski <a...@redhat.com> Arnaldo Carvalho de Melo <a...@redhat.com> Arnd Bergmann <a...@arndb.de> Artem Bityutskiy <artem.bityuts...@linux.intel.com> Aurelien Jacquiot <a-jacqu...@ti.com> Behan Webster <beh...@converseincode.com> Ben Hutchings <b...@decadent.org.uk> Bill Sommerfeld <wsommerf...@google.com> Bjorn Helgaas <bhelg...@google.com> Bjørn Mork <bj...@mork.no> Bob Moore <robert.mo...@intel.com> Borislav Petkov <b...@suse.de> Brian King <brk...@linux.vnet.ibm.com> Brian Norris <computersforpe...@gmail.com> Chanwoo Choi <cw00.c...@samsung.com> Chas Williams <3ch...@gmail.com> Chris Friesen <chris.frie...@windriver.com> Dan Carpenter <dan.carpen...@oracle.com> Dan Streetman <dan.street...@canonical.com> Daniel Fraga <frag...@gmail.com> Daniel Lezcano <daniel.lezc...@linaro.org> David S. Miller <da...@davemloft.net> Diego Viola <diego.vi...@gmail.com> Dinh Nguyen <dingu...@opensource.altera.com> Dmitry Ivanov <d...@ubnt.com> Dmitry Ivanov <dmitrijs.ivan...@ubnt.com> Dmitry Torokhov <dmitry.torok...@gmail.com> Douglas Gilbert <dgilb...@interlog.com> Eric Wheeler <bca...@linux.ewheeler.net> Eric Wheeler <g...@linux.ewheeler.net> Eryu Guan <guane...@gmail.com> Felipe Balbi <felipe.ba...@linux.intel.com> Florian Westphal <f...@strlen.de> Gabriel Krisman Bertazi <kris...@linux.vnet.ibm.com> Geert Uytterhoeven <ge...@linux-m68k.org> Greg Kroah-Hartman <gre...@linuxfoundation.org> Guenter Roeck <li...@roeck-us.net> Guillaume Nault <g.na...@alphalink.fr> H. Nikolaus Schaller <h...@goldelico.com> H. Peter Anvin <h...@linux.intel.com> Haibo Chen <haibo.c...@freescale.com> Haishuang Yan <yanhaishu...@cmss.chinamobile.com> Hans de Goede <hdego...@redhat.com> Hans Verkuil <hans.verk...@cisco.com> Hans-Christoph Schemmel <hans-christoph.schem...@gemalto.com> Helge Deller <del...@gmx.de> Herbert Xu <herb...@gondor.apana.org.au> Ian Campbell <ian.campb...@docker.com> Ignat Korchagin <ignat.korcha...@gmail.com> Igor Grinberg <grinb...@compulab.co.il> Ingo Molnar <mi...@kernel.org> Insu Yun <wuni...@gmail.com> Jan-Simon Möller <dl...@gmx.de> Jasem Mutlaq <mutla...@ikarustech.com> Jes Sorensen <jes.soren...@redhat.com> Jiri Kosina <jkos...@suse.cz> Jiri Slaby <jsl...@suse.cz> Joe Perches <j...@perches.com> Johan Hovold <jo...@kernel.org> Johannes Berg <johannes.b...@intel.com> Joseph Qi <joseph...@huawei.com> Josh Boyer <jwbo...@fedoraproject.org> Julia Lawall <julia.law...@lip6.fr> Julian Anastasov <j...@ssi.bg> K. Y. Srinivasan <k...@microsoft.com> Kamal Mostafa <ka...@canonical.com> Kangjie Lu <kangji...@gmail.com> Kangjie Lu <k...@gatech.edu> Kevin Hilman <khil...@baylibre.com> Kevin Hilman <khil...@linaro.org> Krzysztof Kozlowski <k.kozlow...@samsung.com> Laszlo Ersek <ler...@redhat.com> Lee Jones <lee.jo...@linaro.org> Linus Lüssing <linus.luess...@c0d3.blue> Linus Torvalds <torva...@linux-foundation.org> Linus Walleij <linus.wall...@linaro.org> Lu Baolu <baolu...@linux.intel.com> Lutz Euler <lutz.eu...@freenet.de> Lv Zheng <lv.zh...@intel.com> Manish Chopra <manish.cho...@qlogic.com> Marcel Holtmann <mar...@holtmann.org> Marco Angaroni <marcoangar...@gmail.com> Marek Lindner <mareklind...@neomailbox.ch> Marek Szyprowski <m.szyprow...@samsung.com> Mario Kleiner <mario.kleiner...@gmail.com> Mark Brown <broo...@kernel.org> Markus Pargmann <m...@pengutronix.de> Martin K. Petersen <martin.peter...@oracle.com> Martyn Welch <martyn.we...@collabora.co.uk> Mathias Krause <mini...@googlemail.com> Mathias Nyman <mathias.ny...@linux.intel.com> Matt Fleming <m...@codeblueprint.co.uk> Matt Gumbel <matthew.k.gum...@intel.com> Maurizio Lombardi <mlomb...@redhat.com> Mauro Carvalho Chehab <mche...@osg.samsung.com> Mauro Carvalho Chehab <mche...@redhat.com> Max Filippov <jcmvb...@gmail.com> Michael Ellerman <m...@ellerman.id.au> Michael Hennerich <michael.henner...@analog.com> Michael S. Tsirkin <m...@redhat.com> Michal Marek <mma...@suse.com> Mike Manning <mich...@bsch.com.au> Nicolai Hähnle <nicolai.haeh...@amd.com> Nicolas Dichtel <nicolas.dich...@6wind.com> Nikolay Aleksandrov <niko...@cumulusnetworks.com> Nishanth Menon <n...@ti.com> OGAWA Hirofumi <hirof...@mail.parknet.co.jp> Oliver Neukum <oneu...@suse.com> Pali Rohár <pali.ro...@gmail.com> Paolo Bonzini <pbonz...@redhat.com> Paul Gortmaker <paul.gortma...@windriver.com> Pavel Emelyanov <xe...@virtuozzo.com> Peter Hurley <pe...@hurleysoftware.com> Peter Zijlstra (Intel) <pet...@infradead.org> Philip Müller <ph...@manjaro.org> ph...@manjaro.org Prarit Bhargava <pra...@redhat.com> Rabin Vincent <ra...@rab.in> Radim KrÃÂmÃ¡à  <rkrc...@redhat.com> Rafael J. Wysocki <rafael.j.wyso...@intel.com> Raghava Aditya Renukunta <raghavaaditya.renuku...@pmcs.com> Rik van Riel <r...@redhat.com> Robert Dobrowolski <robert.dobrowol...@linux.intel.com> Roger Quadros <rog...@ti.com> Roman Pen <roman.peny...@profitbricks.com> Sascha Hauer <s.ha...@pengutronix.de> Schemmel Hans-Christoph <hans-christoph.schem...@gemalto.com> Sebastian Frias <s...@laposte.net> Sergei Shtylyov <sergei.shtyl...@cogentembedded.com> Shaohua Li <s...@fb.com> Simon Horman <ho...@verge.net.au> Sony Chacko <sony.cha...@qlogic.com> Stefan Metzmacher <me...@samba.org> Stephen Boyd <sb...@codeaurora.org> Steve French <smfre...@gmail.com> Steven Rostedt (Red Hat) <rost...@goodmis.org> Steven Rostedt <rost...@goodmis.org> Sushaanth Srirangapathi <sushaant...@ti.com> Sven Eckelmann <s...@narfation.org> Takashi Iwai <ti...@suse.de> Tejun Heo <t...@kernel.org> Thadeu Lima de Souza Cascardo <casca...@redhat.com> Theodore Ts'o <ty...@mit.edu> Thomas Gleixner <t...@linutronix.de> Tiffany Lin <tiffany....@mediatek.com> Tomi Valkeinen <tomi.valkei...@ti.com> Tony Lindgren <t...@atomide.com> Tony Luck <tony.l...@intel.com> Ulf Hansson <ulf.hans...@linaro.org> Vasily Kulikov <seg...@openwall.com> Vitaly Kuznetsov <vkuzn...@redhat.com> Vittorio Gambaletta (VittGam) <linuxb...@vittgam.net> Vittorio Gambaletta <linuxb...@vittgam.net> Vladis Dronov <vdro...@redhat.com> Willy Tarreau <w...@1wt.eu> Wim Van Sebroeck <w...@iguana.be> Wolfram Sang <w...@the-dreams.de> Xin Long <lucien....@gmail.com> Yoshihiro Shimoda <yoshihiro.shimoda...@renesas.com> jobs: build-amd64-xsm pass build-i386-xsm pass build-amd64 pass build-i386 pass build-amd64-libvirt pass build-i386-libvirt pass build-amd64-pvops pass build-i386-pvops pass build-amd64-rumpuserxen fail build-i386-rumpuserxen fail test-amd64-amd64-xl pass test-amd64-i386-xl pass test-amd64-amd64-xl-qemut-debianhvm-amd64-xsm pass test-amd64-i386-xl-qemut-debianhvm-amd64-xsm pass test-amd64-amd64-libvirt-qemuu-debianhvm-amd64-xsm pass test-amd64-i386-libvirt-qemuu-debianhvm-amd64-xsm pass test-amd64-amd64-xl-qemuu-debianhvm-amd64-xsm pass test-amd64-i386-xl-qemuu-debianhvm-amd64-xsm pass test-amd64-amd64-xl-qemut-stubdom-debianhvm-amd64-xsm pass test-amd64-i386-xl-qemut-stubdom-debianhvm-amd64-xsm pass test-amd64-amd64-libvirt-xsm pass test-amd64-i386-libvirt-xsm pass test-amd64-amd64-xl-xsm pass test-amd64-i386-xl-xsm pass test-amd64-amd64-qemuu-nested-amd fail test-amd64-amd64-xl-pvh-amd fail test-amd64-i386-qemut-rhel6hvm-amd pass test-amd64-i386-qemuu-rhel6hvm-amd pass test-amd64-amd64-xl-qemut-debianhvm-amd64 pass test-amd64-i386-xl-qemut-debianhvm-amd64 pass test-amd64-amd64-xl-qemuu-debianhvm-amd64 pass test-amd64-i386-xl-qemuu-debianhvm-amd64 pass test-amd64-i386-freebsd10-amd64 fail test-amd64-amd64-xl-qemuu-ovmf-amd64 pass test-amd64-i386-xl-qemuu-ovmf-amd64 pass test-amd64-amd64-rumpuserxen-amd64 blocked test-amd64-amd64-xl-qemut-win7-amd64 fail test-amd64-i386-xl-qemut-win7-amd64 fail test-amd64-amd64-xl-qemuu-win7-amd64 fail test-amd64-i386-xl-qemuu-win7-amd64 fail test-amd64-amd64-xl-credit2 pass test-amd64-i386-freebsd10-i386 pass test-amd64-i386-rumpuserxen-i386 blocked test-amd64-amd64-qemuu-nested-intel fail test-amd64-amd64-xl-pvh-intel fail test-amd64-i386-qemut-rhel6hvm-intel pass test-amd64-i386-qemuu-rhel6hvm-intel pass test-amd64-amd64-libvirt pass test-amd64-i386-libvirt pass test-amd64-amd64-xl-multivcpu pass test-amd64-amd64-pair pass test-amd64-i386-pair pass test-amd64-amd64-libvirt-pair pass test-amd64-i386-libvirt-pair pass test-amd64-amd64-amd64-pvgrub pass test-amd64-amd64-i386-pvgrub pass test-amd64-amd64-pygrub pass test-amd64-amd64-xl-qcow2 pass test-amd64-i386-xl-raw pass test-amd64-amd64-xl-rtds pass test-amd64-i386-xl-qemut-winxpsp3-vcpus1 pass test-amd64-i386-xl-qemuu-winxpsp3-vcpus1 pass test-amd64-amd64-libvirt-vhd pass test-amd64-amd64-xl-qemut-winxpsp3 pass test-amd64-i386-xl-qemut-winxpsp3 pass test-amd64-amd64-xl-qemuu-winxpsp3 pass test-amd64-i386-xl-qemuu-winxpsp3 pass ------------------------------------------------------------ sg-report-flight on osstest.test-lab.xenproject.org logs: /home/logs/logs images: /home/logs/images Logs, config files, etc. are available at http://logs.test-lab.xenproject.org/osstest/logs Explanation of these reports, and of osstest in general, is at http://xenbits.xen.org/gitweb/?p=osstest.git;a=blob;f=README.email;hb=master http://xenbits.xen.org/gitweb/?p=osstest.git;a=blob;f=README;hb=master Test harness code can be found at http://xenbits.xen.org/gitweb?p=osstest.git;a=summary Not pushing. (No revision log; it would be 4169 lines long.)
_______________________________________________ Xen-devel mailing list Xen-devel@lists.xen.org http://lists.xen.org/xen-devel