flight 95838 qemu-mainline real [real] http://logs.test-lab.xenproject.org/osstest/logs/95838/
Regressions :-( Tests which did not succeed and are blocking, including tests which could not be run: test-amd64-i386-libvirt-qemuu-debianhvm-amd64-xsm 9 debian-hvm-install fail REGR. vs. 94856 test-amd64-i386-freebsd10-amd64 10 guest-start fail REGR. vs. 94856 test-armhf-armhf-xl-cubietruck 6 xen-boot fail REGR. vs. 94856 test-armhf-armhf-xl 6 xen-boot fail REGR. vs. 94856 test-amd64-amd64-qemuu-nested-intel 13 xen-boot/l1 fail REGR. vs. 94856 test-amd64-i386-xl-qemuu-debianhvm-amd64-xsm 9 debian-hvm-install fail REGR. vs. 94856 Regressions which are regarded as allowable (not blocking): test-amd64-i386-xl-qemuu-win7-amd64 16 guest-stop fail like 94856 test-amd64-amd64-xl-qemuu-win7-amd64 16 guest-stop fail like 94856 test-amd64-amd64-xl-rtds 9 debian-install fail like 94856 Tests which did not succeed, but are not blocking: test-amd64-amd64-xl-pvh-amd 11 guest-start fail never pass test-amd64-amd64-xl-pvh-intel 11 guest-start fail never pass test-armhf-armhf-libvirt-xsm 12 migrate-support-check fail never pass test-armhf-armhf-libvirt-xsm 14 guest-saverestore fail never pass test-amd64-i386-libvirt 12 migrate-support-check fail never pass test-amd64-amd64-libvirt 12 migrate-support-check fail never pass test-armhf-armhf-libvirt-qcow2 11 migrate-support-check fail never pass test-armhf-armhf-libvirt-qcow2 13 guest-saverestore fail never pass test-amd64-amd64-qemuu-nested-amd 16 debian-hvm-install/l1/l2 fail never pass test-armhf-armhf-xl-multivcpu 13 saverestore-support-check fail never pass test-armhf-armhf-xl-multivcpu 12 migrate-support-check fail never pass test-amd64-amd64-libvirt-xsm 12 migrate-support-check fail never pass test-armhf-armhf-xl-arndale 12 migrate-support-check fail never pass test-armhf-armhf-xl-arndale 13 saverestore-support-check fail never pass test-amd64-amd64-libvirt-qemuu-debianhvm-amd64-xsm 10 migrate-support-check fail never pass test-amd64-amd64-libvirt-vhd 11 migrate-support-check fail never pass test-armhf-armhf-libvirt 14 guest-saverestore fail never pass test-armhf-armhf-libvirt 12 migrate-support-check fail never pass test-armhf-armhf-xl-xsm 13 saverestore-support-check fail never pass test-armhf-armhf-xl-xsm 12 migrate-support-check fail never pass test-armhf-armhf-libvirt-raw 13 guest-saverestore fail never pass test-armhf-armhf-libvirt-raw 11 migrate-support-check fail never pass test-armhf-armhf-xl-rtds 13 saverestore-support-check fail never pass test-armhf-armhf-xl-rtds 12 migrate-support-check fail never pass test-armhf-armhf-xl-vhd 11 migrate-support-check fail never pass test-armhf-armhf-xl-vhd 12 saverestore-support-check fail never pass test-amd64-i386-libvirt-xsm 12 migrate-support-check fail never pass test-armhf-armhf-xl-credit2 13 saverestore-support-check fail never pass test-armhf-armhf-xl-credit2 12 migrate-support-check fail never pass version targeted for testing: qemuu 585fcd4b11070b3220685fc54ecca1991cdeb161 baseline version: qemuu d6550e9ed2e1a60d889dfb721de00d9a4e3bafbe Last test of basis 94856 2016-05-27 20:14:49 Z 20 days Failing since 94983 2016-05-31 09:40:12 Z 17 days 21 attempts Testing same since 95838 2016-06-16 18:53:25 Z 0 days 1 attempts ------------------------------------------------------------ People who touched revisions under test: Alberto Garcia <be...@igalia.com> Alex Bennée <alex.ben...@linaro.org> Alex Bligh <a...@alex.org.uk> Alexander Graf <ag...@suse.de> Alexey Kardashevskiy <a...@ozlabs.ru> Alistair Francis <alistair.fran...@xilinx.com> Amit Shah <amit.s...@redhat.com> Andrea Arcangeli <aarca...@redhat.com> Andrew Jones <drjo...@redhat.com> Anthony PERARD <anthony.per...@citrix.com> Anton Blanchard <an...@samba.org> Ard Biesheuvel <ard.biesheu...@linaro.org> Benjamin Herrenschmidt <b...@kernel.crashing.org> Bharata B Rao <bhar...@linux.vnet.ibm.com> Cao jin <caoj.f...@cn.fujitsu.com> Changlong Xie <xiecl.f...@cn.fujitsu.com> Chao Peng <chao.p.p...@linux.intel.com> Chen Fan <chen.fan.f...@cn.fujitsu.com> Christian Borntraeger <borntrae...@de.ibm.com> Christophe Lyon <christophe.l...@linaro.org> Cole Robinson <crobi...@redhat.com> Colin Lord <cl...@redhat.com> Corey Minyard <cminy...@mvista.com> Cornelia Huck <cornelia.h...@de.ibm.com> Cédric Le Goater <c...@kaod.org> Daniel P. Berrange <berra...@redhat.com> David Gibson <da...@gibson.dropbear.id.au> David Hildenbrand <d...@linux.vnet.ibm.com> Denis V. Lunev <d...@openvz.org> Dmitry Fleytman <dmitry.fleyt...@ravellosystems.com> Dmitry Fleytman <dmi...@daynix.com> Dmitry Osipenko <dig...@gmail.com> Dr. David Alan Gilbert <dgilb...@redhat.com> Drew Jones <drjo...@redhat.com> Edgar E. Iglesias <edgar.igles...@xilinx.com> Eduardo Habkost <ehabk...@redhat.com> Emilio G. Cota <c...@braap.org> Eric Blake <ebl...@redhat.com> Fam Zheng <f...@redhat.com> Gerd Hoffmann <kra...@redhat.com> Greg Kurz <gk...@linux.vnet.ibm.com> Gu Zheng <guz.f...@cn.fujitsu.com> Guillaume Delbergue <guillaume.delber...@greensocs.com> Halil Pasic <pa...@linux.vnet.ibm.com> Hyun Kwon <hyun.k...@xilinx.com> Igor Mammedov <imamm...@redhat.com> James Clarke <jrt...@jrtc27.com> Jan Beulich <jbeul...@suse.com> Jan Vesely <jano.ves...@gmail.com> Jason Wang <jasow...@redhat.com> Jean-Christophe Dubois <j...@tribudubois.net> Jens Wiklander <jens.wiklan...@linaro.org> Jerome Forissier <jerome.foriss...@linaro.org> Kevin Wolf <kw...@redhat.com> KONRAD Frederic <fred.kon...@greensocs.com> Laurent Vivier <laur...@vivier.eu> Laurent Vivier <lviv...@redhat.com> Leonid Bloch <leonid.bl...@ravellosystems.com> Li Zhijian <lizhij...@cn.fujitsu.com> Marc-André Lureau <marcandre.lur...@redhat.com> Mark Cave-Ayland <mark.cave-ayl...@ilande.co.uk> Markus Armbruster <arm...@redhat.com> Max Filippov <jcmvb...@gmail.com> Max Reitz <mre...@redhat.com> Michael Neuling <mi...@neuling.org> Michael Roth <mdr...@linux.vnet.ibm.com> Michael S. Tsirkin <m...@redhat.com> Michael Tokarev <m...@tls.msk.ru> Michael Walle <mich...@walle.cc> Mike Frysinger <vap...@chromium.org> Olaf Hering <o...@aepfle.de> Paolo Bonzini <pbonz...@redhat.com> Paul Durrant <paul.durr...@citrix.com> Pavel Butsykin <pbutsy...@virtuozzo.com> Pavel Dovgalyuk <pavel.dovga...@ispras.ru> Peter Crosthwaite <crosthwaite.pe...@gmail.com> Peter Crosthwaite <crosthwaitepe...@gmail.com> Peter Krempa <pkre...@redhat.com> Peter Lieven <p...@kamp.de> Peter Maydell <peter.mayd...@linaro.org> Peter Wu <pe...@lekensteyn.nl> Prasad J Pandit <p...@fedoraproject.org> Radim KrÄmáŠ<rkrc...@redhat.com> Richard Henderson <r...@twiddle.net> Richard W.M. Jones <rjo...@redhat.com> Riku Voipio <riku.voi...@linaro.org> Robert Ho <robert...@intel.com> Sameeh Jubran <sam...@daynix.com> Samuel Thibault <samuel.thiba...@ens-lyon.org> Sergey Fedorov <serge.f...@gmail.com> Sergey Fedorov <sergey.fedo...@linaro.org> Sergey Sorokin <afaral...@yandex.ru> Shannon Zhao <shannon.z...@linaro.org> Stefan Hajnoczi <stefa...@redhat.com> Stefan Weil <s...@weilnetz.de> Stefano Stabellini <sstabell...@kernel.org> Steven Luo <steven+q...@steven676.net> Talha Imran <talha_im...@mentor.com> Thomas Huth <th...@redhat.com> Timothy E Baldwin <t.e.baldwi...@members.leeds.ac.uk> Timothy Edward Baldwin <t.e.baldwi...@members.leeds.ac.uk> Vikhyat Umrao <vum...@redhat.com> Vladimir Sementsov-Ogievskiy <vsement...@virtuozzo.com> Wei Jiangang <weijg.f...@cn.fujitsu.com> Wen Congyang <we...@cn.fujitsu.com> Xiao Guangrong <guangrong.x...@linux.intel.com> xiaoqiang zhao <zxq_yx_...@163.com> Yang Hongyang <hongyang.y...@easystack.cn> Zhang Chen <zhangchen.f...@cn.fujitsu.com> Zhou Jie <zhoujie2...@cn.fujitsu.com> Zhu Guihua <zhugh.f...@cn.fujitsu.com> jobs: build-amd64-xsm pass build-armhf-xsm pass build-i386-xsm pass build-amd64 pass build-armhf pass build-i386 pass build-amd64-libvirt pass build-armhf-libvirt pass build-i386-libvirt pass build-amd64-pvops pass build-armhf-pvops pass build-i386-pvops pass test-amd64-amd64-xl pass test-armhf-armhf-xl fail test-amd64-i386-xl pass test-amd64-amd64-libvirt-qemuu-debianhvm-amd64-xsm pass test-amd64-i386-libvirt-qemuu-debianhvm-amd64-xsm fail test-amd64-amd64-xl-qemuu-debianhvm-amd64-xsm pass test-amd64-i386-xl-qemuu-debianhvm-amd64-xsm fail test-amd64-amd64-libvirt-xsm pass test-armhf-armhf-libvirt-xsm fail test-amd64-i386-libvirt-xsm pass test-amd64-amd64-xl-xsm pass test-armhf-armhf-xl-xsm pass test-amd64-i386-xl-xsm pass test-amd64-amd64-qemuu-nested-amd fail test-amd64-amd64-xl-pvh-amd fail test-amd64-i386-qemuu-rhel6hvm-amd pass test-amd64-amd64-xl-qemuu-debianhvm-amd64 pass test-amd64-i386-xl-qemuu-debianhvm-amd64 pass test-amd64-i386-freebsd10-amd64 fail test-amd64-amd64-xl-qemuu-ovmf-amd64 pass test-amd64-i386-xl-qemuu-ovmf-amd64 pass test-amd64-amd64-xl-qemuu-win7-amd64 fail test-amd64-i386-xl-qemuu-win7-amd64 fail test-armhf-armhf-xl-arndale pass test-amd64-amd64-xl-credit2 pass test-armhf-armhf-xl-credit2 pass test-armhf-armhf-xl-cubietruck fail test-amd64-i386-freebsd10-i386 pass test-amd64-amd64-qemuu-nested-intel fail test-amd64-amd64-xl-pvh-intel fail test-amd64-i386-qemuu-rhel6hvm-intel pass test-amd64-amd64-libvirt pass test-armhf-armhf-libvirt fail test-amd64-i386-libvirt pass test-amd64-amd64-xl-multivcpu pass test-armhf-armhf-xl-multivcpu pass test-amd64-amd64-pair pass test-amd64-i386-pair pass test-amd64-amd64-libvirt-pair pass test-amd64-i386-libvirt-pair pass test-amd64-amd64-amd64-pvgrub pass test-amd64-amd64-i386-pvgrub pass test-amd64-amd64-pygrub pass test-armhf-armhf-libvirt-qcow2 fail test-amd64-amd64-xl-qcow2 pass test-armhf-armhf-libvirt-raw fail test-amd64-i386-xl-raw pass test-amd64-amd64-xl-rtds fail test-armhf-armhf-xl-rtds pass test-amd64-i386-xl-qemuu-winxpsp3-vcpus1 pass test-amd64-amd64-libvirt-vhd pass test-armhf-armhf-xl-vhd pass test-amd64-amd64-xl-qemuu-winxpsp3 pass test-amd64-i386-xl-qemuu-winxpsp3 pass ------------------------------------------------------------ sg-report-flight on osstest.test-lab.xenproject.org logs: /home/logs/logs images: /home/logs/images Logs, config files, etc. are available at http://logs.test-lab.xenproject.org/osstest/logs Explanation of these reports, and of osstest in general, is at http://xenbits.xen.org/gitweb/?p=osstest.git;a=blob;f=README.email;hb=master http://xenbits.xen.org/gitweb/?p=osstest.git;a=blob;f=README;hb=master Test harness code can be found at http://xenbits.xen.org/gitweb?p=osstest.git;a=summary Not pushing. (No revision log; it would be 10520 lines long.)
_______________________________________________ Xen-devel mailing list Xen-devel@lists.xen.org http://lists.xen.org/xen-devel