flight 63336 linux-3.14 real [real] http://logs.test-lab.xenproject.org/osstest/logs/63336/
Regressions :-( Tests which did not succeed and are blocking, including tests which could not be run: build-armhf-pvops 5 kernel-build fail REGR. vs. 62648 Regressions which are regarded as allowable (not blocking): test-amd64-i386-rumpuserxen-i386 15 rumpuserxen-demo-xenstorels/xenstorels.repeat fail like 62648 test-amd64-amd64-xl-qemuu-win7-amd64 17 guest-stop fail like 62648 test-amd64-amd64-xl-qemut-stubdom-debianhvm-amd64-xsm 15 guest-localmigrate.2 fail like 62648 test-amd64-amd64-xl-qemut-win7-amd64 17 guest-stop fail like 62648 test-amd64-i386-xl-qemut-win7-amd64 17 guest-stop fail like 62648 Tests which did not succeed, but are not blocking: test-armhf-armhf-libvirt-qcow2 1 build-check(1) blocked n/a test-armhf-armhf-xl-multivcpu 1 build-check(1) blocked n/a test-armhf-armhf-xl-credit2 1 build-check(1) blocked n/a test-armhf-armhf-libvirt 1 build-check(1) blocked n/a test-armhf-armhf-xl-cubietruck 1 build-check(1) blocked n/a test-armhf-armhf-xl-rtds 1 build-check(1) blocked n/a test-armhf-armhf-libvirt-raw 1 build-check(1) blocked n/a test-armhf-armhf-xl-arndale 1 build-check(1) blocked n/a test-armhf-armhf-libvirt-xsm 1 build-check(1) blocked n/a test-armhf-armhf-xl 1 build-check(1) blocked n/a test-armhf-armhf-xl-xsm 1 build-check(1) blocked n/a test-armhf-armhf-xl-vhd 1 build-check(1) blocked n/a test-amd64-i386-xl-qemut-stubdom-debianhvm-amd64-xsm 9 debian-hvm-install fail never pass test-amd64-amd64-xl-pvh-intel 11 guest-start fail never pass test-amd64-amd64-xl-pvh-amd 11 guest-start fail never pass test-amd64-amd64-libvirt-xsm 12 migrate-support-check fail never pass test-amd64-i386-libvirt 12 migrate-support-check fail never pass test-amd64-i386-libvirt-xsm 12 migrate-support-check fail never pass test-amd64-amd64-libvirt-qemuu-debianhvm-amd64-xsm 10 migrate-support-check fail never pass test-amd64-i386-libvirt-qemuu-debianhvm-amd64-xsm 10 migrate-support-check fail never pass test-amd64-amd64-libvirt-vhd 11 migrate-support-check fail never pass test-amd64-amd64-libvirt 12 migrate-support-check fail never pass test-amd64-i386-xl-qemuu-win7-amd64 17 guest-stop fail never pass version targeted for testing: linux 07bd6f89f7ff56495c31505985af690c976374d6 baseline version: linux 1230ae0e99e05ced8a945a1a2c5762ce5c6c97c9 Last test of basis 62648 2015-10-03 22:43:24 Z 24 days Failing since 63225 2015-10-22 22:20:24 Z 5 days 5 attempts Testing same since 63336 2015-10-27 17:53:49 Z 0 days 1 attempts ------------------------------------------------------------ People who touched revisions under test: "Eric W. Biederman" <ebied...@xmission.com> Aaron Conole <acon...@bytheb.org> Adam Radford <aradf...@gmail.com> Adrian Hunter <adrian.hun...@intel.com> Al Viro <v...@zeniv.linux.org.uk> Alex Deucher <alexander.deuc...@amd.com> Alexander Couzens <lyn...@fe80.eu> Alexey Klimov <alexey.kli...@linaro.org> Andreas Schwab <sch...@linux-m68k.org> Andrew Morton <a...@linux-foundation.org> Andrey Vagin <ava...@openvz.org> Andy Lutomirski <l...@kernel.org> Andy Shevchenko <andriy.shevche...@linux.intel.com> Antoine Tenart <antoine.ten...@free-electrons.com> Antoine Ténart <antoine.ten...@free-electrons.com> Ard Biesheuvel <ard.biesheu...@linaro.org> Arnaldo Carvalho de Melo <a...@redhat.com> Ben Dooks <ben.do...@codethink.co.uk> Ben Hutchings <b...@decadent.org.uk> Ben Skeggs <bske...@redhat.com> Brian Norris <computersforpe...@gmail.com> Charles Keepax <ckee...@opensource.wolfsonmicro.com> Chris Mason <c...@fb.com> Christoph Biedl <linux-kernel.b...@manchmal.in-ulm.de> Christoph Hellwig <h...@lst.de> Christoph Lameter <c...@linux.com> cov...@ccs.covici.com <cov...@ccs.covici.com> Daniel Vetter <daniel.vet...@ffwll.ch> Daniel Vetter <daniel.vet...@intel.com> Dann Frazier <dann.fraz...@canonical.com> Dave Airlie <airl...@redhat.com> Dave Kleikamp <dave.kleik...@oracle.com> David S. Miller <da...@davemloft.net> David Vrabel <david.vra...@citrix.com> David Woodhouse <david.woodho...@intel.com> David Woodhouse <dw...@infradead.org> Dirk Mueller <dmuel...@suse.com> Dirk Müller <dmuel...@suse.com> Eric Dumazet <eduma...@google.com> Eric W. Biederman <ebied...@xmission.com> Eryu Guan <guane...@gmail.com> Fabiano Fidêncio <fiden...@redhat.com> Filipe Manana <fdman...@suse.com> Frederic Weisbecker <fweis...@gmail.com> Geert Uytterhoeven <ge...@linux-m68k.org> Grazvydas Ignotas <nota...@gmail.com> Greg Kroah-Hartman <gre...@linuxfoundation.org> Guenter Roeck <li...@roeck-us.net> Guillaume Nault <g.na...@alphalink.fr> H. Nikolaus Schaller <h...@goldelico.com> Herbert Xu <herb...@gondor.apana.org.au> Ian Abbott <abbo...@mev.co.uk> Ilya Dryomov <idryo...@gmail.com> Ingo Molnar <mi...@kernel.org> James Bottomley <jbottom...@odin.com> James Chapman <jchap...@katalix.com> James Hogan <james.ho...@imgtec.com> Jan Kara <j...@suse.com> Jann Horn <j...@thejh.net> Jarkko Nikula <jarkko.nik...@linux.intel.com> Jason Wang <jasow...@redhat.com> Jeff Mahoney <je...@suse.com> Jenny Derzhavetz <jen...@mellanox.com> Jiri Olsa <jo...@kernel.org> Joe Perches <j...@perches.com> Joe Stringer <joestrin...@nicira.com> Joe Thornber <e...@redhat.com> Johan Hovold <jo...@kernel.org> John Covici <cov...@ccs.covici.com> John Flatness <j...@zerocrates.org> Joonsoo Kim <iamjoonsoo....@lge.com> Joonsoo Kim <js1...@gmail.com> Julian Anastasov <j...@ssi.bg> Kan Liang <kan.li...@intel.com> Kees Cook <keesc...@chromium.org> Konstantin Khlebnikov <khlebni...@yandex-team.ru> Krzysztof Kozlowski <k.kozlow...@samsung.com> Kukjin Kim <kg...@kernel.org> Linus Torvalds <torva...@linux-foundation.org> Liu.Zhao <lzsos...@163.com> Mark Brown <broo...@kernel.org> Mark Salyzyn <saly...@android.com> Mathias Nyman <mathias.ny...@linux.intel.com> Matt Fleming <matt.flem...@intel.com> Mel Gorman <mgor...@techsingularity.net> Michael Ellerman <m...@ellerman.id.au> Michal Hocko <mho...@suse.com> Michel Stam <m.s...@fugro.nl> Mika Westerberg <mika.westerb...@linux.intel.com> Mike Galbraith <efa...@gmx.de> Mike Snitzer <snit...@redhat.com> Mikulas Patocka <mpato...@redhat.com> Namhyung Kim <namhy...@kernel.org> NeilBrown <ne...@suse.com> Nicholas Bellinger <n...@linux-iscsi.org> Nicolas Pitre <n...@linaro.org> Oleksii Berezhniak <c...@irc.lg.ua> Pablo Neira Ayuso <pa...@netfilter.org> Paolo Bonzini <pbonz...@redhat.com> Paul Bolle <pebo...@tiscali.nl> Paul E. McKenney <paul...@linux.vnet.ibm.com> Paul Mackerras <pau...@ozlabs.org> Paul Mackerras <pau...@samba.org> Pavel Roskin <plros...@gmail.com> Peter Seiderer <ps.rep...@gmx.net> Peter Zijlstra (Intel) <pet...@infradead.org> Peter Zijlstra <pet...@infradead.org> Pravin B Shelar <pshe...@nicira.com> Ralf Baechle <r...@linux-mips.org> Reyad Attiyat <reyad.atti...@gmail.com> Richard Weinberger <rich...@nod.at> Riku Voipio <riku.voi...@linaro.org> Riley Andrews <riandr...@android.com> Robert Jarzmik <robert.jarz...@free.fr> Robert Jarzmik <robert.jarzmik@free> Roger Quadros <rog...@ti.com> Roland Dreier <rol...@purestorage.com> Russell King <rmk+ker...@arm.linux.org.uk> Sagi Grimberg <sa...@mellanox.com> Samuel Thibault <samuel.thiba...@ens-lyon.org> Shaohua Li <s...@fb.com> Shawn Lin <shawn....@rock-chips.com> Sheng Yong <shengyo...@huawei.com> shengyong <shengyo...@huawei.com> Simon Horman <ho...@verge.net.au> Stephane Eranian <eran...@google.com> Stephen Smalley <s...@tycho.nsa.gov> Steve French <smfre...@gmail.com> Steve French <steve.fre...@primarydata.com> Takashi Iwai <ti...@suse.de> Tan, Jui Nee <jui.nee....@intel.com> Tejun Heo <t...@kernel.org> Tero Kristo <t-kri...@ti.com> Theodore Ts'o <ty...@mit.edu> Thomas Gleixner <t...@linutronix.de> Timofey Titovets <nefelim...@gmail.com> Tom Herbert <t...@herbertland.com> Tony Lindgren <t...@atomide.com> Tóth Attila <at...@atoth.sote.hu> Vincent Palatin <vpala...@chromium.org> Vinod Koul <vinod.k...@intel.com> Vitaly Kuznetsov <vkuzn...@redhat.com> Will Deacon <will.dea...@arm.com> Wolfram Sang <wsa+rene...@sang-engineering.com> Wolfram Sang <w...@the-dreams.de> Yao-Wen Mao <yao...@google.com> Yitian Bu <buyit...@gmail.com> Yitian Bu <yitian...@tangramtek.com> jobs: build-amd64-xsm pass build-armhf-xsm pass build-i386-xsm pass build-amd64 pass build-armhf pass build-i386 pass build-amd64-libvirt pass build-armhf-libvirt pass build-i386-libvirt pass build-amd64-pvops pass build-armhf-pvops fail build-i386-pvops pass build-amd64-rumpuserxen pass build-i386-rumpuserxen pass test-amd64-amd64-xl pass test-armhf-armhf-xl blocked test-amd64-i386-xl pass test-amd64-amd64-xl-qemut-debianhvm-amd64-xsm pass test-amd64-i386-xl-qemut-debianhvm-amd64-xsm pass test-amd64-amd64-libvirt-qemuu-debianhvm-amd64-xsm pass test-amd64-i386-libvirt-qemuu-debianhvm-amd64-xsm pass test-amd64-amd64-xl-qemuu-debianhvm-amd64-xsm pass test-amd64-i386-xl-qemuu-debianhvm-amd64-xsm pass test-amd64-amd64-xl-qemut-stubdom-debianhvm-amd64-xsm fail test-amd64-i386-xl-qemut-stubdom-debianhvm-amd64-xsm fail test-amd64-amd64-libvirt-xsm pass test-armhf-armhf-libvirt-xsm blocked test-amd64-i386-libvirt-xsm pass test-amd64-amd64-xl-xsm pass test-armhf-armhf-xl-xsm blocked test-amd64-i386-xl-xsm pass test-amd64-amd64-xl-pvh-amd fail test-amd64-i386-qemut-rhel6hvm-amd pass test-amd64-i386-qemuu-rhel6hvm-amd pass test-amd64-amd64-xl-qemut-debianhvm-amd64 pass test-amd64-i386-xl-qemut-debianhvm-amd64 pass test-amd64-amd64-xl-qemuu-debianhvm-amd64 pass test-amd64-i386-xl-qemuu-debianhvm-amd64 pass test-amd64-i386-freebsd10-amd64 pass test-amd64-amd64-xl-qemuu-ovmf-amd64 pass test-amd64-i386-xl-qemuu-ovmf-amd64 pass test-amd64-amd64-rumpuserxen-amd64 pass test-amd64-amd64-xl-qemut-win7-amd64 fail test-amd64-i386-xl-qemut-win7-amd64 fail test-amd64-amd64-xl-qemuu-win7-amd64 fail test-amd64-i386-xl-qemuu-win7-amd64 fail test-armhf-armhf-xl-arndale blocked test-amd64-amd64-xl-credit2 pass test-armhf-armhf-xl-credit2 blocked test-armhf-armhf-xl-cubietruck blocked test-amd64-i386-freebsd10-i386 pass test-amd64-i386-rumpuserxen-i386 fail test-amd64-amd64-xl-pvh-intel fail test-amd64-i386-qemut-rhel6hvm-intel pass test-amd64-i386-qemuu-rhel6hvm-intel pass test-amd64-amd64-libvirt pass test-armhf-armhf-libvirt blocked test-amd64-i386-libvirt pass test-amd64-amd64-xl-multivcpu pass test-armhf-armhf-xl-multivcpu blocked test-amd64-amd64-pair pass test-amd64-i386-pair pass test-amd64-amd64-libvirt-pair pass test-amd64-i386-libvirt-pair pass test-amd64-amd64-amd64-pvgrub pass test-amd64-amd64-i386-pvgrub pass test-amd64-amd64-pygrub pass test-armhf-armhf-libvirt-qcow2 blocked test-amd64-amd64-xl-qcow2 pass test-armhf-armhf-libvirt-raw blocked test-amd64-i386-xl-raw pass test-amd64-amd64-xl-rtds pass test-armhf-armhf-xl-rtds blocked test-amd64-i386-xl-qemut-winxpsp3-vcpus1 pass test-amd64-i386-xl-qemuu-winxpsp3-vcpus1 pass test-amd64-amd64-libvirt-vhd pass test-armhf-armhf-xl-vhd blocked test-amd64-amd64-xl-qemut-winxpsp3 pass test-amd64-i386-xl-qemut-winxpsp3 pass test-amd64-amd64-xl-qemuu-winxpsp3 pass test-amd64-i386-xl-qemuu-winxpsp3 pass ------------------------------------------------------------ sg-report-flight on osstest.test-lab.xenproject.org logs: /home/logs/logs images: /home/logs/images Logs, config files, etc. are available at http://logs.test-lab.xenproject.org/osstest/logs Explanation of these reports, and of osstest in general, is at http://xenbits.xen.org/gitweb/?p=osstest.git;a=blob;f=README.email;hb=master http://xenbits.xen.org/gitweb/?p=osstest.git;a=blob;f=README;hb=master Test harness code can be found at http://xenbits.xen.org/gitweb?p=osstest.git;a=summary Not pushing. (No revision log; it would be 3128 lines long.)
_______________________________________________ Xen-devel mailing list Xen-devel@lists.xen.org http://lists.xen.org/xen-devel