flight 59044 ovmf real [real]
http://logs.test-lab.xenproject.org/osstest/logs/59044/

Failures and problems with tests :-(

Tests which did not succeed and are blocking,
including tests which could not be run:
 build-i386                    4 capture-logs             !broken [st=!broken!]
 build-i386                    3 host-install(3)         broken REGR. vs. 59016

Regressions which are regarded as allowable (not blocking):
 test-amd64-amd64-xl-qemuu-win7-amd64 16 guest-stop             fail like 59016

Tests which did not succeed, but are not blocking:
 build-i386-libvirt            1 build-check(1)               blocked  n/a
 test-amd64-i386-qemuu-rhel6hvm-amd  1 build-check(1)               blocked n/a
 test-amd64-i386-qemuu-rhel6hvm-intel  1 build-check(1)             blocked n/a
 test-amd64-i386-xl-qemuu-ovmf-amd64  1 build-check(1)              blocked n/a
 test-amd64-i386-xl-qemuu-debianhvm-amd64  1 build-check(1)         blocked n/a
 test-amd64-i386-xl-qemuu-winxpsp3-vcpus1  1 build-check(1)         blocked n/a
 test-amd64-i386-xl-qemuu-win7-amd64  1 build-check(1)              blocked n/a
 test-amd64-i386-xl-qemuu-winxpsp3  1 build-check(1)               blocked  n/a

version targeted for testing:
 ovmf                 0bb5d7a55b7f3537b9e89f1b135993412fe343c5
baseline version:
 ovmf                 3735017c6eb43381f0d9bd572bce141780d33c79

Last test of basis    59016  2015-07-02 03:30:56 Z    1 days
Failing since         59028  2015-07-02 18:44:57 Z    1 days    2 attempts
Testing same since    59044  2015-07-03 08:51:24 Z    0 days    1 attempts

------------------------------------------------------------
People who touched revisions under test:
  Ard Biesheuvel <ard.biesheu...@linaro.org>
  Brian J. Johnson <bjohn...@sgi.com>
  Hess Chen <hesheng.c...@intel.com>
  Hot Tian <hot.t...@intel.com>
  Jaben Carsey <jaben.car...@intel.com>
  Jordan Justen <jordan.l.jus...@intel.com>
  Laszlo Ersek <ler...@redhat.com>
  Liming Gao <liming....@intel.com>
  Qiu Shumin <shumin....@intel.com>
  Star Zeng <star.z...@intel.com>
  Yingke Liu <yingke.d....@intel.com>

jobs:
 build-amd64-xsm                                              pass    
 build-i386-xsm                                               pass    
 build-amd64                                                  pass    
 build-i386                                                   broken  
 build-amd64-libvirt                                          pass    
 build-i386-libvirt                                           blocked 
 build-amd64-pvops                                            pass    
 build-i386-pvops                                             pass    
 test-amd64-amd64-xl-qemuu-debianhvm-amd64-xsm                pass    
 test-amd64-i386-xl-qemuu-debianhvm-amd64-xsm                 pass    
 test-amd64-i386-qemuu-rhel6hvm-amd                           blocked 
 test-amd64-amd64-xl-qemuu-debianhvm-amd64                    pass    
 test-amd64-i386-xl-qemuu-debianhvm-amd64                     blocked 
 test-amd64-amd64-xl-qemuu-ovmf-amd64                         pass    
 test-amd64-i386-xl-qemuu-ovmf-amd64                          blocked 
 test-amd64-amd64-xl-qemuu-win7-amd64                         fail    
 test-amd64-i386-xl-qemuu-win7-amd64                          blocked 
 test-amd64-i386-qemuu-rhel6hvm-intel                         blocked 
 test-amd64-i386-xl-qemuu-winxpsp3-vcpus1                     blocked 
 test-amd64-amd64-xl-qemuu-winxpsp3                           pass    
 test-amd64-i386-xl-qemuu-winxpsp3                            blocked 


------------------------------------------------------------
sg-report-flight on osstest.test-lab.xenproject.org
logs: /home/logs/logs
images: /home/logs/images

Logs, config files, etc. are available at
    http://logs.test-lab.xenproject.org/osstest/logs

Explanation of these reports, and of osstest in general, is at
    http://xenbits.xen.org/gitweb/?p=osstest.git;a=blob;f=README.email;hb=master
    http://xenbits.xen.org/gitweb/?p=osstest.git;a=blob;f=README;hb=master

Test harness code can be found at
    http://xenbits.xen.org/gitweb?p=osstest.git;a=summary

broken-step build-i386 host-install(3)
broken build-i386 capture-logs !broken

Not pushing.

(No revision log; it would be 517 lines long.)

_______________________________________________
Xen-devel mailing list
Xen-devel@lists.xen.org
http://lists.xen.org/xen-devel

Reply via email to