flight 59041 linux-3.18 real [real] http://logs.test-lab.xenproject.org/osstest/logs/59041/
Regressions :-( Tests which did not succeed and are blocking, including tests which could not be run: test-amd64-amd64-xl-pvh-intel 11 guest-start fail REGR. vs. 58581 build-armhf-xsm 4 host-build-prep fail REGR. vs. 58581 Tests which are failing intermittently (not blocking): test-armhf-armhf-libvirt 6 xen-boot fail pass in 59001 Regressions which are regarded as allowable (not blocking): test-amd64-i386-xl-qemut-stubdom-debianhvm-amd64-xsm 12 guest-localmigrate fail baseline untested test-armhf-armhf-xl-rtds 11 guest-start fail in 59001 baseline untested test-armhf-armhf-libvirt-xsm 6 xen-boot fail in 59001 like 58581 test-armhf-armhf-xl-xsm 6 xen-boot fail in 59001 like 58581 test-amd64-i386-libvirt-xsm 11 guest-start fail like 58558 test-amd64-i386-libvirt 11 guest-start fail like 58581 test-armhf-armhf-xl-multivcpu 6 xen-boot fail like 58581 test-armhf-armhf-xl-credit2 6 xen-boot fail like 58581 test-armhf-armhf-xl 6 xen-boot fail like 58581 test-amd64-i386-xl-qemuu-win7-amd64 16 guest-stop fail like 58581 test-amd64-amd64-xl-qemut-win7-amd64 16 guest-stop fail like 58581 test-amd64-amd64-xl-qemuu-win7-amd64 16 guest-stop fail like 58581 Tests which did not succeed, but are not blocking: test-armhf-armhf-libvirt-xsm 1 build-check(1) blocked n/a test-armhf-armhf-xl-xsm 1 build-check(1) blocked n/a test-amd64-i386-libvirt-xsm 12 migrate-support-check fail in 59001 never pass test-armhf-armhf-libvirt 12 migrate-support-check fail in 59001 never pass test-amd64-amd64-xl-pvh-amd 11 guest-start fail never pass test-amd64-i386-freebsd10-amd64 9 freebsd-install fail never pass test-amd64-i386-freebsd10-i386 9 freebsd-install fail never pass test-armhf-armhf-xl-cubietruck 6 xen-boot fail never pass test-amd64-amd64-libvirt-xsm 12 migrate-support-check fail never pass test-armhf-armhf-xl-rtds 14 guest-start.2 fail never pass test-armhf-armhf-xl-rtds 12 migrate-support-check fail never pass test-amd64-amd64-libvirt 12 migrate-support-check fail never pass test-amd64-i386-xl-qemut-win7-amd64 16 guest-stop fail never pass test-armhf-armhf-xl-arndale 12 migrate-support-check fail never pass version targeted for testing: linux ea5dd38e93b3bec3427e5d3eef000bbf5d637e76 baseline version: linux d048c068d00da7d4cfa5ea7651933b99026958cf Last test of basis 58581 2015-06-15 09:42:22 Z 18 days Testing same since 58976 2015-06-29 19:43:23 Z 4 days 6 attempts ------------------------------------------------------------ People who touched revisions under test: "Eric W. Biederman" <ebied...@xmission.com> Aaron Lu <aaron...@intel.com> Alexander Duyck <alexander.h.du...@redhat.com> Alexei Starovoitov <a...@plumgrid.com> Andrew de los Reyes <a...@chromium.org> Andrew Morton <a...@linux-foundation.org> Andy Lutomirski <l...@amacapital.net> Anna Schumaker <anna.schuma...@netapp.com> Aravind Gopalakrishnan <aravind.gopalakrish...@amd.com> Ard Biesheuvel <ard.biesheu...@linaro.org> Arnd Bergmann <a...@arndb.de> Baruch Siach <bar...@tkos.co.il> Ben Serebrin <sereb...@google.com> Benjamin Tissoires <benjamin.tissoi...@redhat.com> Bjørn Mork <bj...@mork.no> Borislav Petkov <b...@suse.de> Chuck Lever <chuck.le...@oracle.com> Cong Wang <xiyou.wangc...@gmail.com> Daniel Borkmann <dan...@iogearbox.net> Darren Hart <dvh...@linux.intel.com> Darren Salt <devs...@moreofthesa.me.uk> David Daney <david.da...@cavium.com> David S. Miller <da...@davemloft.net> David Woodhouse <david.woodho...@intel.com> Devesh Sharma <devesh.sha...@emulex.com> Doug Ledford <dledf...@redhat.com> Eric Dumazet <eduma...@google.com> Eric W. Biederman <ebied...@xmission.com> Felipe Balbi <ba...@ti.com> Feng Kan <f...@apm.com> Florent Fourcot <florent.four...@enst-bretagne.fr> Florian Fainelli <f.faine...@gmail.com> Geert Uytterhoeven <geert+rene...@glider.be> Grant Likely <grant.lik...@linaro.org> Greg Kroah-Hartman <gre...@linuxfoundation.org> Hannes Frederic Sowa <han...@stressinduktion.org> Henning Rogge <hro...@gmail.com> Honggang Li <ho...@redhat.com> Ian Campbell <ian.campb...@citrix.com> Ilya Dryomov <idryo...@gmail.com> Ingo Molnar <mi...@kernel.org> Jakub Sitnicki <jsitni...@gmail.com> Jason Gunthorpe <jguntho...@obsidianresearch.com> Jiada Wang <jiada_w...@mentor.com> Jiri Kosina <jkos...@suse.cz> Jiri Pirko <j...@resnulli.us> Joerg Roedel <jroe...@suse.de> Jovi Zhangwei <j...@cloudflare.com> Ken Xue <ken....@amd.com> Kevin Hilman <khil...@linaro.org> Konstantin Khlebnikov <khlebni...@yandex-team.ru> Laura Abbott <labb...@fedoraproject.org> Laurent Pinchart <laurent.pinch...@ideasonboard.com> Linus Lüssing <linus.luess...@c0d3.blue> Linus Torvalds <torva...@linux-foundation.org> Linus Walleij <linus.wall...@linaro.org> Mark Brown <broo...@kernel.org> Mark Salyzyn <saly...@android.com> Matt Fleming <matt.flem...@intel.com> Matthew Garrett <mj...@coreos.com> Mauro Carvalho Chehab <mche...@osg.samsung.com> Max Filippov <jcmvb...@gmail.com> Meghana Cheripady <meghana.cherip...@emulex.com> Mel Gorman <mgor...@suse.de> Mika Westerberg <mika.westerb...@linux.intel.com> Milan Plzik <milan.pl...@gmail.com> Neal Cardwell <ncardw...@google.com> Neil Horman <nhor...@tuxdriver.com> Nicolas Dichtel <nicolas.dich...@6wind.com> Nicolas Iooss <nicolas.iooss_li...@m4x.org> Nicolas Pitre <n...@linaro.org> Nikolay Aleksandrov <niko...@cumulusnetworks.com> Oliver Neukum <oli...@neukum.org> Oliver Neukum <oneu...@suse.de> oli...@neukum.org <oli...@neukum.org> Olof Johansson <o...@lixom.net> Pablo Neira Ayuso <pa...@netfilter.org> Paolo Bonzini <pbonz...@redhat.com> Pelle Nilsson <per.nils...@xelmo.com> Peter Zijlstra (Intel) <pet...@infradead.org> Rafael J. Wysocki <rafael.j.wyso...@intel.com> Raphael Assenat <r...@raphnet.net> Richard Cochran <richardcoch...@gmail.com> Rik Theys <rik.th...@esat.kuleuven.be> Ross Lagerwall <ross.lagerw...@citrix.com> Roy Franz <roy.fr...@linaro.org> Russell King <rmk+ker...@arm.linux.org.uk> Sasha Levin <sasha.le...@oracle.com> Sean Young <s...@mess.org> Shawn Bohrer <sboh...@rgmadvisors.com> Simon Horman <horms+rene...@verge.net.au> Sowmini Varadhan <sowmini.varad...@oracle.com> Sriharsha Basavapatna <sriharsha.basavapa...@avagotech.com> Steffen Klassert <steffen.klass...@secunet.com> Thadeu Lima de Souza Cascardo <casca...@redhat.com> Theodore Ts'o <ty...@mit.edu> Uwe Kleine-König <u.kleine-koe...@pengutronix.de> Veaceslav Falico <vfal...@gmail.com> Veeresh U. Kokatnur <veeres...@chelsio.com> Vijay Subramanian <subramanian.vi...@gmail.com> Vinod Koul <vinod.k...@intel.com> Vittorio Gambaletta <linuxb...@vittgam.net> Vlad Yasevich <vyasev...@gmail.com> Vladislav Yasevich <vyase...@redhat.com> WANG Cong <xiyou.wangc...@gmail.com> Wei Liu <wei.l...@citrix.com> Yao Xiwei <xiwei....@6wind.com> Yoshihiro Shimoda <yoshihiro.shimoda...@renesas.com> Yuchung Cheng <ych...@google.com> jobs: build-amd64-xsm pass build-armhf-xsm broken build-i386-xsm pass build-amd64 pass build-armhf pass build-i386 pass build-amd64-libvirt pass build-armhf-libvirt pass build-i386-libvirt pass build-amd64-pvops pass build-armhf-pvops pass build-i386-pvops pass build-amd64-rumpuserxen pass build-i386-rumpuserxen pass test-amd64-amd64-xl pass test-armhf-armhf-xl fail test-amd64-i386-xl pass test-amd64-amd64-xl-qemut-debianhvm-amd64-xsm pass test-amd64-i386-xl-qemut-debianhvm-amd64-xsm pass test-amd64-amd64-xl-qemuu-debianhvm-amd64-xsm pass test-amd64-i386-xl-qemuu-debianhvm-amd64-xsm pass test-amd64-amd64-xl-qemut-stubdom-debianhvm-amd64-xsm pass test-amd64-i386-xl-qemut-stubdom-debianhvm-amd64-xsm fail test-amd64-amd64-libvirt-xsm pass test-armhf-armhf-libvirt-xsm blocked test-amd64-i386-libvirt-xsm fail test-amd64-amd64-xl-xsm pass test-armhf-armhf-xl-xsm blocked test-amd64-i386-xl-xsm pass test-amd64-amd64-xl-pvh-amd fail test-amd64-i386-qemut-rhel6hvm-amd pass test-amd64-i386-qemuu-rhel6hvm-amd pass test-amd64-amd64-xl-qemut-debianhvm-amd64 pass test-amd64-i386-xl-qemut-debianhvm-amd64 pass test-amd64-amd64-xl-qemuu-debianhvm-amd64 pass test-amd64-i386-xl-qemuu-debianhvm-amd64 pass test-amd64-i386-freebsd10-amd64 fail test-amd64-amd64-xl-qemuu-ovmf-amd64 pass test-amd64-i386-xl-qemuu-ovmf-amd64 pass test-amd64-amd64-rumpuserxen-amd64 pass test-amd64-amd64-xl-qemut-win7-amd64 fail test-amd64-i386-xl-qemut-win7-amd64 fail test-amd64-amd64-xl-qemuu-win7-amd64 fail test-amd64-i386-xl-qemuu-win7-amd64 fail test-armhf-armhf-xl-arndale pass test-amd64-amd64-xl-credit2 pass test-armhf-armhf-xl-credit2 fail test-armhf-armhf-xl-cubietruck fail test-amd64-i386-freebsd10-i386 fail test-amd64-i386-rumpuserxen-i386 pass test-amd64-amd64-xl-pvh-intel fail test-amd64-i386-qemut-rhel6hvm-intel pass test-amd64-i386-qemuu-rhel6hvm-intel pass test-amd64-amd64-libvirt pass test-armhf-armhf-libvirt fail test-amd64-i386-libvirt fail test-amd64-amd64-xl-multivcpu pass test-armhf-armhf-xl-multivcpu fail test-amd64-amd64-pair pass test-amd64-i386-pair pass test-amd64-amd64-xl-rtds pass test-armhf-armhf-xl-rtds fail test-amd64-i386-xl-qemut-winxpsp3-vcpus1 pass test-amd64-i386-xl-qemuu-winxpsp3-vcpus1 pass test-amd64-amd64-xl-qemut-winxpsp3 pass test-amd64-i386-xl-qemut-winxpsp3 pass test-amd64-amd64-xl-qemuu-winxpsp3 pass test-amd64-i386-xl-qemuu-winxpsp3 pass ------------------------------------------------------------ sg-report-flight on osstest.test-lab.xenproject.org logs: /home/logs/logs images: /home/logs/images Logs, config files, etc. are available at http://logs.test-lab.xenproject.org/osstest/logs Explanation of these reports, and of osstest in general, is at http://xenbits.xen.org/gitweb/?p=osstest.git;a=blob;f=README.email;hb=master http://xenbits.xen.org/gitweb/?p=osstest.git;a=blob;f=README;hb=master Test harness code can be found at http://xenbits.xen.org/gitweb?p=osstest.git;a=summary Not pushing. (No revision log; it would be 2209 lines long.)
_______________________________________________ Xen-devel mailing list Xen-devel@lists.xen.org http://lists.xen.org/xen-devel