flight 57594 linux-linus real [real] http://logs.test-lab.xenproject.org/osstest/logs/57594/
Regressions :-( Tests which did not succeed and are blocking, including tests which could not be run: test-armhf-armhf-xl-cubietruck 3 host-install(3) broken REGR. vs. 57442 test-armhf-armhf-xl-multivcpu 17 leak-check/check fail REGR. vs. 57442 Regressions which are regarded as allowable (not blocking): test-armhf-armhf-libvirt 3 host-install(3) broken like 57442 test-amd64-amd64-libvirt 11 guest-start fail like 57442 test-amd64-i386-libvirt 11 guest-start fail like 57442 test-amd64-i386-freebsd10-amd64 9 freebsd-install fail like 57442 test-amd64-i386-freebsd10-i386 9 freebsd-install fail like 57442 test-amd64-amd64-xl-qemuu-win7-amd64 16 guest-stop fail like 57442 test-amd64-i386-xl-qemuu-win7-amd64 16 guest-stop fail like 57442 Tests which did not succeed, but are not blocking: test-amd64-amd64-xl-xsm 14 guest-localmigrate fail never pass test-amd64-amd64-xl-pvh-intel 11 guest-start fail never pass test-amd64-amd64-xl-pvh-amd 11 guest-start fail never pass test-amd64-amd64-xl-qemut-debianhvm-amd64-xsm 12 guest-localmigrate fail never pass test-amd64-i386-xl-qemut-debianhvm-amd64-xsm 12 guest-localmigrate fail never pass test-amd64-i386-xl-xsm 14 guest-localmigrate fail never pass test-amd64-amd64-xl-qemuu-debianhvm-amd64-xsm 12 guest-localmigrate fail never pass test-amd64-i386-xl-qemuu-debianhvm-amd64-xsm 12 guest-localmigrate fail never pass test-amd64-amd64-libvirt-xsm 12 migrate-support-check fail never pass test-amd64-i386-libvirt-xsm 12 migrate-support-check fail never pass test-armhf-armhf-xl-xsm 12 migrate-support-check fail never pass test-armhf-armhf-xl 12 migrate-support-check fail never pass test-armhf-armhf-xl-sedf 12 migrate-support-check fail never pass test-armhf-armhf-xl-credit2 12 migrate-support-check fail never pass test-armhf-armhf-xl-multivcpu 12 migrate-support-check fail never pass test-amd64-amd64-xl-qemut-win7-amd64 16 guest-stop fail never pass test-amd64-i386-xl-qemut-win7-amd64 16 guest-stop fail never pass test-armhf-armhf-libvirt-xsm 11 guest-start fail never pass test-armhf-armhf-xl-sedf-pin 12 migrate-support-check fail never pass test-armhf-armhf-xl-arndale 12 migrate-support-check fail never pass version targeted for testing: linux aaa20fc23341be3df7b17810e330f12244abcf29 baseline version: linux de182468d1bb726198abaab315820542425270b7 ------------------------------------------------------------ People who touched revisions under test: Adrien Schildknecht <adrien+...@schischi.me> Alex Deucher <alexander.deuc...@amd.com> Amir Vadai <am...@mellanox.com> Andrew Morton <a...@linux-foundation.org> Anthoine Bourgeois <anthoine.bourge...@gmail.com> Arnd Bergmann <a...@arndb.de> Ben Skeggs <bske...@redhat.com> Bjorn Helgaas <bhelg...@google.com> Bjørn Mork <bj...@mork.no> Bob Copeland <m...@bobcopeland.com> Brian Foster <bfos...@redhat.com> Casey Schaufler <ca...@schaufler-ca.com> Chris Zankel <ch...@zankel.net> Christian König <christian.koe...@amd.com> Dan Carpenter <dan.carpen...@oracle.com> Daniel Vetter <daniel.vet...@ffwll.ch> Daniel Vetter <daniel.vet...@intel.com> Darren Hart <dvh...@linux.intel.com> Dave Airlie <airl...@redhat.com> Dave Chinner <da...@fromorbit.com> Dave Chinner <dchin...@redhat.com> David Henningsson <david.hennings...@canonical.com> David S. Miller <da...@davemloft.net> Geert Uytterhoeven <geert+rene...@glider.be> George Wang <xuw2...@gmail.com> Guenter Roeck <li...@roeck-us.net> Henrique de Moraes Holschuh <h...@hmh.eng.br> Inki Dae <inki....@samsung.com> Jani Nikula <jani.nik...@intel.com> Joe Perches <j...@perches.com> Joe Thornber <e...@redhat.com> Jun'ichi Nomura <j-nom...@ce.jp.nec.com> Junichi Nomura <j-nom...@ce.jp.nec.com> Kailang Yang <kail...@realtek.com> Krzysztof Kozlowski <k.kozlow...@samsung.com> Kukjin Kim <kg...@kernel.org> Lars Seipel <l...@slrz.net> Linus Torvalds <torva...@linux-foundation.org> Lucas Stach <l.st...@pengutronix.de> Matthijs van Duin <matthijsvand...@gmail.com> Max Filippov <jcmvb...@gmail.com> Mike Snitzer <snit...@redhat.com> NeilBrown <ne...@suse.de> Philippe Reynes <trem...@gmail.com> Rafael J. Wysocki <rafael.j.wyso...@intel.com> Rob Clark <robdcl...@gmail.com> Robert Jarzmik <robert.jarz...@free.fr> Robert Nelson <robertcnel...@gmail.com> Romain Izard <romain.izard....@gmail.com> Rusty Russell <ru...@rustcorp.com.au> Rusty Russell <ru...@rustcorp.com.au> (then rebased) Sasha Levin <sasha.le...@oracle.com> Shawn Guo <shawn....@linaro.org> Shreyas B. Prabhu <shre...@linux.vnet.ibm.com> Steven Rostedt <rost...@goodmis.org> Takashi Iwai <ti...@suse.de> Tejun Heo <t...@kernel.org> Thomas Hellstrom <thellst...@vmware.com> Tony Lindgren <t...@atomide.com> Uwe Kleine-König <u.kleine-koe...@pengutronix.de> Vittorio G (VittGam) <linuxb...@vittgam.net> Vittorio Gambaletta <linuxb...@vittgam.net> ------------------------------------------------------------ jobs: build-amd64-xsm pass build-armhf-xsm pass build-i386-xsm pass build-amd64 pass build-armhf pass build-i386 pass build-amd64-libvirt pass build-armhf-libvirt pass build-i386-libvirt pass build-amd64-pvops pass build-armhf-pvops pass build-i386-pvops pass build-amd64-rumpuserxen pass build-i386-rumpuserxen pass test-amd64-amd64-xl pass test-armhf-armhf-xl pass test-amd64-i386-xl pass test-amd64-amd64-xl-qemut-debianhvm-amd64-xsm fail test-amd64-i386-xl-qemut-debianhvm-amd64-xsm fail test-amd64-amd64-xl-qemuu-debianhvm-amd64-xsm fail test-amd64-i386-xl-qemuu-debianhvm-amd64-xsm fail test-amd64-amd64-libvirt-xsm pass test-armhf-armhf-libvirt-xsm fail test-amd64-i386-libvirt-xsm pass test-amd64-amd64-xl-xsm fail test-armhf-armhf-xl-xsm pass test-amd64-i386-xl-xsm fail test-amd64-amd64-xl-pvh-amd fail test-amd64-i386-qemut-rhel6hvm-amd pass test-amd64-i386-qemuu-rhel6hvm-amd pass test-amd64-amd64-xl-qemut-debianhvm-amd64 pass test-amd64-i386-xl-qemut-debianhvm-amd64 pass test-amd64-amd64-xl-qemuu-debianhvm-amd64 pass test-amd64-i386-xl-qemuu-debianhvm-amd64 pass test-amd64-i386-freebsd10-amd64 fail test-amd64-amd64-xl-qemuu-ovmf-amd64 pass test-amd64-i386-xl-qemuu-ovmf-amd64 pass test-amd64-amd64-rumpuserxen-amd64 pass test-amd64-amd64-xl-qemut-win7-amd64 fail test-amd64-i386-xl-qemut-win7-amd64 fail test-amd64-amd64-xl-qemuu-win7-amd64 fail test-amd64-i386-xl-qemuu-win7-amd64 fail test-armhf-armhf-xl-arndale pass test-amd64-amd64-xl-credit2 pass test-armhf-armhf-xl-credit2 pass test-armhf-armhf-xl-cubietruck broken test-amd64-i386-freebsd10-i386 fail test-amd64-i386-rumpuserxen-i386 pass test-amd64-amd64-xl-pvh-intel fail test-amd64-i386-qemut-rhel6hvm-intel pass test-amd64-i386-qemuu-rhel6hvm-intel pass test-amd64-amd64-libvirt fail test-armhf-armhf-libvirt broken test-amd64-i386-libvirt fail test-amd64-amd64-xl-multivcpu pass test-armhf-armhf-xl-multivcpu fail test-amd64-amd64-pair pass test-amd64-i386-pair pass test-amd64-amd64-xl-sedf-pin pass test-armhf-armhf-xl-sedf-pin pass test-amd64-amd64-xl-sedf pass test-armhf-armhf-xl-sedf pass test-amd64-i386-xl-qemut-winxpsp3-vcpus1 pass test-amd64-i386-xl-qemuu-winxpsp3-vcpus1 pass test-amd64-amd64-xl-qemut-winxpsp3 pass test-amd64-i386-xl-qemut-winxpsp3 pass test-amd64-amd64-xl-qemuu-winxpsp3 pass test-amd64-i386-xl-qemuu-winxpsp3 pass ------------------------------------------------------------ sg-report-flight on osstest.test-lab.xenproject.org logs: /home/logs/logs images: /home/logs/images Logs, config files, etc. are available at http://logs.test-lab.xenproject.org/osstest/logs Test harness code can be found at http://xenbits.xen.org/gitweb?p=osstest.git;a=summary broken-step test-armhf-armhf-libvirt host-install(3) broken-step test-armhf-armhf-xl-cubietruck host-install(3) Not pushing. (No revision log; it would be 1923 lines long.)
_______________________________________________ Xen-devel mailing list Xen-devel@lists.xen.org http://lists.xen.org/xen-devel