flight 57591 qemu-mainline real [real] http://logs.test-lab.xenproject.org/osstest/logs/57591/
Regressions :-( Tests which did not succeed and are blocking, including tests which could not be run: test-armhf-armhf-xl-multivcpu 17 leak-check/check fail REGR. vs. 56831 test-amd64-i386-freebsd10-amd64 16 guest-localmigrate/x10 fail REGR. vs. 56831 test-amd64-i386-xl-qemuu-win7-amd64 9 windows-install fail REGR. vs. 56831 Regressions which are regarded as allowable (not blocking): test-armhf-armhf-libvirt 11 guest-start fail like 56784 test-amd64-amd64-xl-qemuu-win7-amd64 9 windows-install fail like 56784 test-amd64-i386-libvirt 11 guest-start fail like 56831 test-amd64-amd64-libvirt 11 guest-start fail like 56831 Tests which did not succeed, but are not blocking: test-amd64-i386-xl-xsm 14 guest-localmigrate fail never pass test-amd64-amd64-xl-pvh-intel 11 guest-start fail never pass test-amd64-amd64-xl-pvh-amd 11 guest-start fail never pass test-amd64-amd64-xl-xsm 14 guest-localmigrate fail never pass test-amd64-amd64-xl-qemuu-debianhvm-amd64-xsm 12 guest-localmigrate fail never pass test-amd64-amd64-libvirt-xsm 11 guest-start fail never pass test-amd64-i386-xl-qemuu-debianhvm-amd64-xsm 12 guest-localmigrate fail never pass test-amd64-i386-libvirt-xsm 12 migrate-support-check fail never pass test-armhf-armhf-xl-arndale 12 migrate-support-check fail never pass test-armhf-armhf-xl-sedf 12 migrate-support-check fail never pass test-armhf-armhf-xl-xsm 12 migrate-support-check fail never pass test-armhf-armhf-xl-multivcpu 12 migrate-support-check fail never pass test-armhf-armhf-libvirt-xsm 11 guest-start fail never pass test-armhf-armhf-xl-cubietruck 12 migrate-support-check fail never pass test-armhf-armhf-xl-sedf-pin 12 migrate-support-check fail never pass test-armhf-armhf-xl-credit2 12 migrate-support-check fail never pass test-armhf-armhf-xl 12 migrate-support-check fail never pass version targeted for testing: qemuu 97af820f539efe80b87615a04f9de11ea585f725 baseline version: qemuu eba05e922e8e7f307bc5d4104a78797e55124e97 ------------------------------------------------------------ People who touched revisions under test: Alberto Garcia <be...@igalia.com> Bastian Koppelmann <kbast...@mail.uni-paderborn.de> Christoph Hellwig <h...@lst.de> Cole Robinson <crobi...@redhat.com> Cornelia Huck <cornelia.h...@de.ibm.com> Daniel P. Berrange <berra...@redhat.com> Denis V. Lunev <d...@openvz.org> Edgar E. Iglesias <edgar.igles...@xilinx.com> Eric Blake <ebl...@redhat.com> Eric Farman <far...@linux.vnet.ibm.com> Fabien Chouteau <chout...@adacore.com> Fam Zheng <f...@redhat.com> Gerd Hoffmann <kra...@redhat.com> Greg Bellows <greg.bell...@linaro.org> Jan Kiszka <jan.kis...@siemens.com> John Snow <js...@redhat.com> Ján Tomko <jto...@redhat.com> Keith Busch <keith.bu...@intel.com> Kevin Wolf <kw...@redhat.com> Marc-André Lureau <marcandre.lur...@gmail.com> Mark Cave-Ayland <mark.cave-ayl...@ailande.co.uk> Mark Cave-Ayland <mark.cave-ayl...@ilande.co.uk> Markus Armbruster <arm...@redhat.com> Max Reitz <mre...@redhat.com> Paolo Bonzini <pbonz...@redhat.com> Peter Maydell <peter.mayd...@linaro.org> Richard Henderson <r...@twiddle.net> Richard W.M. Jones <rjo...@redhat.com> Roman Kagan <rka...@parallels.com> Shannon Zhao <shannon.z...@linaro.org> Shannon Zhao <zhaoshengl...@huawei.com> Stefan Hajnoczi <stefa...@redhat.com> Thomas Huth <th...@redhat.com> ------------------------------------------------------------ jobs: build-amd64-xsm pass build-armhf-xsm pass build-i386-xsm pass build-amd64 pass build-armhf pass build-i386 pass build-amd64-libvirt pass build-armhf-libvirt pass build-i386-libvirt pass build-amd64-pvops pass build-armhf-pvops pass build-i386-pvops pass test-amd64-amd64-xl pass test-armhf-armhf-xl pass test-amd64-i386-xl pass test-amd64-amd64-xl-qemuu-debianhvm-amd64-xsm fail test-amd64-i386-xl-qemuu-debianhvm-amd64-xsm fail test-amd64-amd64-libvirt-xsm fail test-armhf-armhf-libvirt-xsm fail test-amd64-i386-libvirt-xsm pass test-amd64-amd64-xl-xsm fail test-armhf-armhf-xl-xsm pass test-amd64-i386-xl-xsm fail test-amd64-amd64-xl-pvh-amd fail test-amd64-i386-qemuu-rhel6hvm-amd pass test-amd64-amd64-xl-qemuu-debianhvm-amd64 pass test-amd64-i386-xl-qemuu-debianhvm-amd64 pass test-amd64-i386-freebsd10-amd64 fail test-amd64-amd64-xl-qemuu-ovmf-amd64 pass test-amd64-i386-xl-qemuu-ovmf-amd64 pass test-amd64-amd64-xl-qemuu-win7-amd64 fail test-amd64-i386-xl-qemuu-win7-amd64 fail test-armhf-armhf-xl-arndale pass test-amd64-amd64-xl-credit2 pass test-armhf-armhf-xl-credit2 pass test-armhf-armhf-xl-cubietruck pass test-amd64-i386-freebsd10-i386 pass test-amd64-amd64-xl-pvh-intel fail test-amd64-i386-qemuu-rhel6hvm-intel pass test-amd64-amd64-libvirt fail test-armhf-armhf-libvirt fail test-amd64-i386-libvirt fail test-amd64-amd64-xl-multivcpu pass test-armhf-armhf-xl-multivcpu fail test-amd64-amd64-pair pass test-amd64-i386-pair pass test-amd64-amd64-xl-sedf-pin pass test-armhf-armhf-xl-sedf-pin pass test-amd64-amd64-xl-sedf pass test-armhf-armhf-xl-sedf pass test-amd64-i386-xl-qemuu-winxpsp3-vcpus1 pass test-amd64-amd64-xl-qemuu-winxpsp3 pass test-amd64-i386-xl-qemuu-winxpsp3 pass ------------------------------------------------------------ sg-report-flight on osstest.test-lab.xenproject.org logs: /home/logs/logs images: /home/logs/images Logs, config files, etc. are available at http://logs.test-lab.xenproject.org/osstest/logs Test harness code can be found at http://xenbits.xen.org/gitweb?p=osstest.git;a=summary Not pushing. (No revision log; it would be 3733 lines long.)
_______________________________________________ Xen-devel mailing list Xen-devel@lists.xen.org http://lists.xen.org/xen-devel