This run is configured for baseline tests only.

flight 72081 qemu-mainline real [real]
http://osstest.xs.citrite.net/~osstest/testlogs/logs/72081/

Failures :-/ but no regressions.

Tests which did not succeed, but are not blocking:
 test-arm64-arm64-libvirt-xsm  1 build-check(1)               blocked  n/a
 test-arm64-arm64-xl           1 build-check(1)               blocked  n/a
 build-arm64-libvirt           1 build-check(1)               blocked  n/a
 test-arm64-arm64-xl-credit2   1 build-check(1)               blocked  n/a
 test-arm64-arm64-xl-xsm       1 build-check(1)               blocked  n/a
 build-arm64-xsm               2 hosts-allocate               broken never pass
 build-arm64                   2 hosts-allocate               broken never pass
 build-arm64-pvops             2 hosts-allocate               broken never pass
 build-arm64-xsm               3 capture-logs                 broken never pass
 build-arm64                   3 capture-logs                 broken never pass
 build-arm64-pvops             3 capture-logs                 broken never pass
 test-amd64-i386-xl-qemuu-win7-amd64 17 guest-stop        fail blocked in 72061
 test-amd64-i386-xl-qemuu-win10-i386 17 guest-stop        fail blocked in 72061
 test-armhf-armhf-xl-credit2   7 xen-boot                     fail   like 72061
 test-armhf-armhf-xl-vhd       7 xen-boot                     fail   like 72061
 test-armhf-armhf-xl-multivcpu  7 xen-boot                     fail  like 72061
 test-armhf-armhf-xl-midway    7 xen-boot                     fail   like 72061
 test-armhf-armhf-xl-xsm       7 xen-boot                     fail   like 72061
 test-armhf-armhf-libvirt-raw  7 xen-boot                     fail   like 72061
 test-armhf-armhf-xl-rtds      7 xen-boot                     fail   like 72061
 test-armhf-armhf-xl           7 xen-boot                     fail   like 72061
 test-armhf-armhf-libvirt      7 xen-boot                     fail   like 72061
 test-armhf-armhf-libvirt-xsm  7 xen-boot                     fail   like 72061
 test-amd64-amd64-qemuu-nested-intel 17 debian-hvm-install/l1/l2 fail like 72061
 test-amd64-amd64-xl-qemuu-win7-amd64 17 guest-stop             fail like 72061
 test-amd64-amd64-xl-qemuu-win10-i386 10 windows-install        fail like 72061
 test-amd64-amd64-xl-qemuu-ws16-amd64 10 windows-install        fail never pass
 test-amd64-i386-libvirt      13 migrate-support-check        fail   never pass
 test-amd64-i386-libvirt-xsm  13 migrate-support-check        fail   never pass
 test-amd64-amd64-libvirt     13 migrate-support-check        fail   never pass
 test-amd64-amd64-libvirt-xsm 13 migrate-support-check        fail   never pass
 test-amd64-i386-libvirt-qemuu-debianhvm-amd64-xsm 11 migrate-support-check 
fail never pass
 test-amd64-amd64-libvirt-qemuu-debianhvm-amd64-xsm 11 migrate-support-check 
fail never pass
 test-amd64-i386-xl-qemuu-ws16-amd64 13 guest-saverestore       fail never pass
 test-amd64-amd64-libvirt-vhd 12 migrate-support-check        fail   never pass
 test-amd64-amd64-qemuu-nested-amd 17 debian-hvm-install/l1/l2  fail never pass

version targeted for testing:
 qemuu                74bbfe024da80a50dbe51fbb17f219d2f3e4d2dd
baseline version:
 qemuu                32f0f68bb77289b75a82925f712bb52e16eac3ba

Last test of basis    72061  2017-09-04 22:45:38 Z    4 days
Testing same since    72081  2017-09-09 07:45:05 Z    0 days    1 attempts

------------------------------------------------------------
People who touched revisions under test:
  Andrew Jeffery <and...@aj.id.au>
  Andrew Jones <drjo...@redhat.com>
  Artyom Tarasenko <atar4q...@gmail.com>
  Cao jin <caoj.f...@cn.fujitsu.com>
  Cleber Rosa <cr...@redhat.com>
  Cornelia Huck <coh...@redhat.com>
  Daniel P. Berrange <berra...@redhat.com>
  Dr. David Alan Gilbert <dgilb...@redhat.com>
  Edgar E. Iglesias <edgar.igles...@xilinx.com>
  Eduardo Habkost <ehabk...@redhat.com>
  Emilio G. Cota <c...@braap.org>
  Eric Blake <ebl...@redhat.com>
  Fam Zheng <f...@redhat.com>
  Greg Kurz <gr...@kaod.org>
  Hua Yanghao <huayang...@gmail.com>
  Jason Wang <jasow...@redhat.com>
  Juan Quintela <quint...@redhat.com>
  Kamil Rytarowski <n...@gmx.com>
  Kevin Wolf <kw...@redhat.com>
  Lluís Vilanova <vilan...@ac.upc.edu>
  Manos Pitsidianakis <el13...@mail.ntua.gr>
  Mao Zhongyi <maozy.f...@cn.fujitsu.com>
  Marc-André Lureau <marcandre.lur...@redhat.com>
  Mark Cave-Ayland <mark.cave-ayl...@ilande.co.uk>
  Markus Armbruster <arm...@redhat.com>
  Matt Parker <mtpa...@gmail.com>
  Pavel Butsykin <pbutsy...@virtuozzo.com>
  Peter Maydell <peter.mayd...@linaro.org>
  Peter Xu <pet...@redhat.com>
  Philippe Mathieu-Daudé <f4...@amsat.org>
  Portia Stephens <portia.steph...@xilinx.com>
  Pranith Kumar <bobby.pr...@gmail.com>
  Richard Henderson <richard.hender...@linaro.org>
  Richard Henderson <r...@twiddle.net>
  Stafford Horne <sho...@gmail.com>
  Stefan Hajnoczi <stefa...@redhat.com>
  Thomas Huth <th...@redhat.com>
  Wang Guang <wang.guan...@zte.com.cn>
  Wang Yong <wang.yong...@zte.com.cn>
  Zhang Chen <zhangchen.f...@cn.fujitsu.com>
  Zhipeng Lu <lu.zhip...@zte.com.cn>

jobs:
 build-amd64-xsm                                              pass    
 build-arm64-xsm                                              broken  
 build-armhf-xsm                                              pass    
 build-i386-xsm                                               pass    
 build-amd64                                                  pass    
 build-arm64                                                  broken  
 build-armhf                                                  pass    
 build-i386                                                   pass    
 build-amd64-libvirt                                          pass    
 build-arm64-libvirt                                          blocked 
 build-armhf-libvirt                                          pass    
 build-i386-libvirt                                           pass    
 build-amd64-pvops                                            pass    
 build-arm64-pvops                                            broken  
 build-armhf-pvops                                            pass    
 build-i386-pvops                                             pass    
 test-amd64-amd64-xl                                          pass    
 test-arm64-arm64-xl                                          blocked 
 test-armhf-armhf-xl                                          fail    
 test-amd64-i386-xl                                           pass    
 test-amd64-amd64-libvirt-qemuu-debianhvm-amd64-xsm           pass    
 test-amd64-i386-libvirt-qemuu-debianhvm-amd64-xsm            pass    
 test-amd64-amd64-xl-qemuu-debianhvm-amd64-xsm                pass    
 test-amd64-i386-xl-qemuu-debianhvm-amd64-xsm                 pass    
 test-amd64-amd64-libvirt-xsm                                 pass    
 test-arm64-arm64-libvirt-xsm                                 blocked 
 test-armhf-armhf-libvirt-xsm                                 fail    
 test-amd64-i386-libvirt-xsm                                  pass    
 test-amd64-amd64-xl-xsm                                      pass    
 test-arm64-arm64-xl-xsm                                      blocked 
 test-armhf-armhf-xl-xsm                                      fail    
 test-amd64-i386-xl-xsm                                       pass    
 test-amd64-amd64-qemuu-nested-amd                            fail    
 test-amd64-amd64-xl-pvh-amd                                  pass    
 test-amd64-i386-qemuu-rhel6hvm-amd                           pass    
 test-amd64-amd64-xl-qemuu-debianhvm-amd64                    pass    
 test-amd64-i386-xl-qemuu-debianhvm-amd64                     pass    
 test-amd64-i386-freebsd10-amd64                              pass    
 test-amd64-amd64-xl-qemuu-ovmf-amd64                         pass    
 test-amd64-i386-xl-qemuu-ovmf-amd64                          pass    
 test-amd64-amd64-xl-qemuu-win7-amd64                         fail    
 test-amd64-i386-xl-qemuu-win7-amd64                          fail    
 test-amd64-amd64-xl-qemuu-ws16-amd64                         fail    
 test-amd64-i386-xl-qemuu-ws16-amd64                          fail    
 test-amd64-amd64-xl-credit2                                  pass    
 test-arm64-arm64-xl-credit2                                  blocked 
 test-armhf-armhf-xl-credit2                                  fail    
 test-amd64-i386-freebsd10-i386                               pass    
 test-amd64-amd64-xl-qemuu-win10-i386                         fail    
 test-amd64-i386-xl-qemuu-win10-i386                          fail    
 test-amd64-amd64-qemuu-nested-intel                          fail    
 test-amd64-amd64-xl-pvh-intel                                pass    
 test-amd64-i386-qemuu-rhel6hvm-intel                         pass    
 test-amd64-amd64-libvirt                                     pass    
 test-armhf-armhf-libvirt                                     fail    
 test-amd64-i386-libvirt                                      pass    
 test-armhf-armhf-xl-midway                                   fail    
 test-amd64-amd64-xl-multivcpu                                pass    
 test-armhf-armhf-xl-multivcpu                                fail    
 test-amd64-amd64-pair                                        pass    
 test-amd64-i386-pair                                         pass    
 test-amd64-amd64-libvirt-pair                                pass    
 test-amd64-i386-libvirt-pair                                 pass    
 test-amd64-amd64-amd64-pvgrub                                pass    
 test-amd64-amd64-i386-pvgrub                                 pass    
 test-amd64-amd64-pygrub                                      pass    
 test-amd64-amd64-xl-qcow2                                    pass    
 test-armhf-armhf-libvirt-raw                                 fail    
 test-amd64-i386-xl-raw                                       pass    
 test-amd64-amd64-xl-rtds                                     pass    
 test-armhf-armhf-xl-rtds                                     fail    
 test-amd64-amd64-libvirt-vhd                                 pass    
 test-armhf-armhf-xl-vhd                                      fail    


------------------------------------------------------------
sg-report-flight on osstest.xs.citrite.net
logs: /home/osstest/logs
images: /home/osstest/images

Logs, config files, etc. are available at
    http://osstest.xs.citrite.net/~osstest/testlogs/logs

Test harness code can be found at
    http://xenbits.xensource.com/gitweb?p=osstest.git;a=summary

broken-step build-arm64-xsm hosts-allocate
broken-step build-arm64 hosts-allocate
broken-step build-arm64-pvops hosts-allocate
broken-step build-arm64-xsm capture-logs
broken-step build-arm64 capture-logs
broken-step build-arm64-pvops capture-logs

Push not applicable.

(No revision log; it would be 4912 lines long.)

_______________________________________________
Xen-devel mailing list
Xen-devel@lists.xen.org
https://lists.xen.org/xen-devel

Reply via email to