flight 113154 linux-4.9 real [real]
http://logs.test-lab.xenproject.org/osstest/logs/113154/

Regressions :-(

Tests which did not succeed and are blocking,
including tests which could not be run:
 test-amd64-i386-xl-qemuu-win7-amd64 16 guest-localmigrate/x10 fail REGR. vs. 
113028

Tests which did not succeed, but are not blocking:
 test-amd64-amd64-xl-qemut-win7-amd64 18 guest-start/win.repeat fail like 113028
 test-armhf-armhf-xl-rtds     16 guest-start/debian.repeat    fail  like 113028
 test-amd64-i386-xl-qemut-win7-amd64 16 guest-localmigrate/x10 fail like 113028
 test-amd64-amd64-xl-rtds     10 debian-install               fail  like 113028
 test-amd64-amd64-xl-qemuu-win7-amd64 16 guest-localmigrate/x10 fail like 113028
 test-amd64-i386-libvirt-qcow2 12 migrate-support-check        fail  never pass
 test-amd64-amd64-xl-qemuu-ws16-amd64 10 windows-install        fail never pass
 test-amd64-i386-libvirt      13 migrate-support-check        fail   never pass
 test-amd64-amd64-libvirt-xsm 13 migrate-support-check        fail   never pass
 test-amd64-amd64-libvirt     13 migrate-support-check        fail   never pass
 test-amd64-amd64-xl-qemut-ws16-amd64 10 windows-install        fail never pass
 test-amd64-i386-libvirt-qemuu-debianhvm-amd64-xsm 11 migrate-support-check 
fail never pass
 test-amd64-amd64-libvirt-qemuu-debianhvm-amd64-xsm 11 migrate-support-check 
fail never pass
 test-amd64-amd64-qemuu-nested-amd 17 debian-hvm-install/l1/l2  fail never pass
 test-amd64-amd64-libvirt-vhd 12 migrate-support-check        fail   never pass
 test-armhf-armhf-xl-rtds     13 migrate-support-check        fail   never pass
 test-armhf-armhf-xl-rtds     14 saverestore-support-check    fail   never pass
 test-armhf-armhf-xl-multivcpu 13 migrate-support-check        fail  never pass
 test-armhf-armhf-xl-credit2  13 migrate-support-check        fail   never pass
 test-armhf-armhf-xl-multivcpu 14 saverestore-support-check    fail  never pass
 test-armhf-armhf-xl-cubietruck 13 migrate-support-check        fail never pass
 test-armhf-armhf-xl-credit2  14 saverestore-support-check    fail   never pass
 test-armhf-armhf-xl-cubietruck 14 saverestore-support-check    fail never pass
 test-armhf-armhf-libvirt-xsm 13 migrate-support-check        fail   never pass
 test-armhf-armhf-libvirt-xsm 14 saverestore-support-check    fail   never pass
 test-armhf-armhf-xl          13 migrate-support-check        fail   never pass
 test-armhf-armhf-xl          14 saverestore-support-check    fail   never pass
 test-amd64-i386-xl-qemuu-ws16-amd64 13 guest-saverestore       fail never pass
 test-amd64-i386-xl-qemut-ws16-amd64 13 guest-saverestore       fail never pass
 test-amd64-i386-libvirt-xsm  13 migrate-support-check        fail   never pass
 test-armhf-armhf-libvirt-raw 12 migrate-support-check        fail   never pass
 test-armhf-armhf-libvirt-raw 13 saverestore-support-check    fail   never pass
 test-armhf-armhf-xl-vhd      12 migrate-support-check        fail   never pass
 test-armhf-armhf-xl-vhd      13 saverestore-support-check    fail   never pass
 test-armhf-armhf-xl-arndale  13 migrate-support-check        fail   never pass
 test-armhf-armhf-xl-arndale  14 saverestore-support-check    fail   never pass
 test-armhf-armhf-libvirt     13 migrate-support-check        fail   never pass
 test-armhf-armhf-xl-xsm      13 migrate-support-check        fail   never pass
 test-armhf-armhf-libvirt     14 saverestore-support-check    fail   never pass
 test-armhf-armhf-xl-xsm      14 saverestore-support-check    fail   never pass
 test-amd64-i386-xl-qemut-win10-i386 10 windows-install         fail never pass
 test-amd64-amd64-xl-qemuu-win10-i386 10 windows-install        fail never pass
 test-amd64-amd64-xl-qemut-win10-i386 10 windows-install        fail never pass
 test-amd64-i386-xl-qemuu-win10-i386 10 windows-install         fail never pass

version targeted for testing:
 linux                8a697a50c090053cf6c53a096972dd841332fe59
baseline version:
 linux                458ca52f1564938c158d271f45bce0bc6ede2b3f

Last test of basis   113028  2017-09-03 21:24:06 Z    5 days
Testing same since   113121  2017-09-07 06:51:42 Z    2 days    3 attempts

------------------------------------------------------------
People who touched revisions under test:
  "Yan, Zheng" <z...@redhat.com>
  Alex Deucher <alexander.deuc...@amd.com>
  Andrew Morton <a...@linux-foundation.org>
  Ben Hutchings <b...@decadent.org.uk>
  Christoffer Dall <cd...@linaro.org>
  Cong Wang <xiyou.wangc...@gmail.com>
  Dan Priamo <d...@adiengineering.com>
  David Rientjes <rient...@google.com>
  David S. Miller <da...@davemloft.net>
  Eric Biggers <ebigg...@google.com>
  Greg Kroah-Hartman <gre...@linuxfoundation.org>
  Herbert Xu <herb...@gondor.apana.org.au>
  Ilya Dryomov <idryo...@gmail.com>
  James Hogan <james.ho...@imgtec.com>
  Kalle Valo <kv...@codeaurora.org>
  Linus Torvalds <torva...@linux-foundation.org>
  Marc Zyngier <marc.zyng...@arm.com>
  Matt Turner <matts...@gmail.com>
  Mel Gorman <mgor...@techsingularity.net>
  Michael Cree <mc...@orcon.net.nz>
  Neil Horman <nhor...@tuxdriver.com>
  Oleg Nesterov <o...@redhat.com>
  Paul Burton <paul.bur...@imgtec.com>
  Pavel Machek <pa...@ucw.cz>
  Pavel Shilovsky <pshi...@microsoft.com>
  Ralf Baechle <r...@linux-mips.org>
  Sachin Prabhu <spra...@redhat.com>
  Steffen Klassert <steffen.klass...@secunet.com>
  Stephan Mueller <smuel...@chronox.de>
  Stephen Douthit <steph...@adiengineering.com>
  Steve French <smfre...@gmail.com>
  Suzuki K Poulose <suzuki.poul...@arm.com>
  Tejun Heo <t...@kernel.org>
  Vladis Dronov <vdro...@redhat.com>
  Vlastimil Babka <vba...@suse.cz>
  Waiman Long <long...@redhat.com>
  Wang, Wendy <wendy.w...@intel.com>
  Wolfram Sang <w...@the-dreams.de>
  Xiangliang.Yu <xiangliang...@amd.com>
  Yan, Zheng <z...@redhat.com>

jobs:
 build-amd64-xsm                                              pass    
 build-armhf-xsm                                              pass    
 build-i386-xsm                                               pass    
 build-amd64                                                  pass    
 build-armhf                                                  pass    
 build-i386                                                   pass    
 build-amd64-libvirt                                          pass    
 build-armhf-libvirt                                          pass    
 build-i386-libvirt                                           pass    
 build-amd64-pvops                                            pass    
 build-armhf-pvops                                            pass    
 build-i386-pvops                                             pass    
 build-amd64-rumprun                                          pass    
 build-i386-rumprun                                           pass    
 test-amd64-amd64-xl                                          pass    
 test-armhf-armhf-xl                                          pass    
 test-amd64-i386-xl                                           pass    
 test-amd64-amd64-xl-qemut-debianhvm-amd64-xsm                pass    
 test-amd64-i386-xl-qemut-debianhvm-amd64-xsm                 pass    
 test-amd64-amd64-libvirt-qemuu-debianhvm-amd64-xsm           pass    
 test-amd64-i386-libvirt-qemuu-debianhvm-amd64-xsm            pass    
 test-amd64-amd64-xl-qemuu-debianhvm-amd64-xsm                pass    
 test-amd64-i386-xl-qemuu-debianhvm-amd64-xsm                 pass    
 test-amd64-amd64-xl-qemut-stubdom-debianhvm-amd64-xsm        pass    
 test-amd64-i386-xl-qemut-stubdom-debianhvm-amd64-xsm         pass    
 test-amd64-amd64-libvirt-xsm                                 pass    
 test-armhf-armhf-libvirt-xsm                                 pass    
 test-amd64-i386-libvirt-xsm                                  pass    
 test-amd64-amd64-xl-xsm                                      pass    
 test-armhf-armhf-xl-xsm                                      pass    
 test-amd64-i386-xl-xsm                                       pass    
 test-amd64-amd64-qemuu-nested-amd                            fail    
 test-amd64-amd64-xl-pvh-amd                                  pass    
 test-amd64-i386-qemut-rhel6hvm-amd                           pass    
 test-amd64-i386-qemuu-rhel6hvm-amd                           pass    
 test-amd64-amd64-xl-qemut-debianhvm-amd64                    pass    
 test-amd64-i386-xl-qemut-debianhvm-amd64                     pass    
 test-amd64-amd64-xl-qemuu-debianhvm-amd64                    pass    
 test-amd64-i386-xl-qemuu-debianhvm-amd64                     pass    
 test-amd64-i386-freebsd10-amd64                              pass    
 test-amd64-amd64-xl-qemuu-ovmf-amd64                         pass    
 test-amd64-i386-xl-qemuu-ovmf-amd64                          pass    
 test-amd64-amd64-rumprun-amd64                               pass    
 test-amd64-amd64-xl-qemut-win7-amd64                         fail    
 test-amd64-i386-xl-qemut-win7-amd64                          fail    
 test-amd64-amd64-xl-qemuu-win7-amd64                         fail    
 test-amd64-i386-xl-qemuu-win7-amd64                          fail    
 test-amd64-amd64-xl-qemut-ws16-amd64                         fail    
 test-amd64-i386-xl-qemut-ws16-amd64                          fail    
 test-amd64-amd64-xl-qemuu-ws16-amd64                         fail    
 test-amd64-i386-xl-qemuu-ws16-amd64                          fail    
 test-armhf-armhf-xl-arndale                                  pass    
 test-amd64-amd64-xl-credit2                                  pass    
 test-armhf-armhf-xl-credit2                                  pass    
 test-armhf-armhf-xl-cubietruck                               pass    
 test-amd64-amd64-examine                                     pass    
 test-armhf-armhf-examine                                     pass    
 test-amd64-i386-examine                                      pass    
 test-amd64-i386-freebsd10-i386                               pass    
 test-amd64-i386-rumprun-i386                                 pass    
 test-amd64-amd64-xl-qemut-win10-i386                         fail    
 test-amd64-i386-xl-qemut-win10-i386                          fail    
 test-amd64-amd64-xl-qemuu-win10-i386                         fail    
 test-amd64-i386-xl-qemuu-win10-i386                          fail    
 test-amd64-amd64-qemuu-nested-intel                          pass    
 test-amd64-amd64-xl-pvh-intel                                pass    
 test-amd64-i386-qemut-rhel6hvm-intel                         pass    
 test-amd64-i386-qemuu-rhel6hvm-intel                         pass    
 test-amd64-amd64-libvirt                                     pass    
 test-armhf-armhf-libvirt                                     pass    
 test-amd64-i386-libvirt                                      pass    
 test-amd64-amd64-xl-multivcpu                                pass    
 test-armhf-armhf-xl-multivcpu                                pass    
 test-amd64-amd64-pair                                        pass    
 test-amd64-i386-pair                                         pass    
 test-amd64-amd64-libvirt-pair                                pass    
 test-amd64-i386-libvirt-pair                                 pass    
 test-amd64-amd64-amd64-pvgrub                                pass    
 test-amd64-amd64-i386-pvgrub                                 pass    
 test-amd64-amd64-pygrub                                      pass    
 test-amd64-i386-libvirt-qcow2                                pass    
 test-amd64-amd64-xl-qcow2                                    pass    
 test-armhf-armhf-libvirt-raw                                 pass    
 test-amd64-i386-xl-raw                                       pass    
 test-amd64-amd64-xl-rtds                                     fail    
 test-armhf-armhf-xl-rtds                                     fail    
 test-amd64-amd64-libvirt-vhd                                 pass    
 test-armhf-armhf-xl-vhd                                      pass    


------------------------------------------------------------
sg-report-flight on osstest.test-lab.xenproject.org
logs: /home/logs/logs
images: /home/logs/images

Logs, config files, etc. are available at
    http://logs.test-lab.xenproject.org/osstest/logs

Explanation of these reports, and of osstest in general, is at
    http://xenbits.xen.org/gitweb/?p=osstest.git;a=blob;f=README.email;hb=master
    http://xenbits.xen.org/gitweb/?p=osstest.git;a=blob;f=README;hb=master

Test harness code can be found at
    http://xenbits.xen.org/gitweb?p=osstest.git;a=summary


Not pushing.

(No revision log; it would be 548 lines long.)

_______________________________________________
Xen-devel mailing list
Xen-devel@lists.xen.org
https://lists.xen.org/xen-devel

Reply via email to