flight 112155 qemu-mainline real [real] http://logs.test-lab.xenproject.org/osstest/logs/112155/
Regressions :-( Tests which did not succeed and are blocking, including tests which could not be run: build-i386-xsm 6 xen-build fail REGR. vs. 111765 build-i386 6 xen-build fail REGR. vs. 111765 build-armhf-xsm 6 xen-build fail REGR. vs. 111765 test-amd64-amd64-xl-qemuu-win7-amd64 10 windows-install fail REGR. vs. 111765 build-armhf 6 xen-build fail REGR. vs. 111765 Tests which did not succeed, but are not blocking: test-armhf-armhf-xl-multivcpu 1 build-check(1) blocked n/a test-amd64-i386-freebsd10-i386 1 build-check(1) blocked n/a test-amd64-i386-xl-xsm 1 build-check(1) blocked n/a test-amd64-i386-libvirt-qemuu-debianhvm-amd64-xsm 1 build-check(1) blocked n/a test-amd64-i386-xl-qemuu-ovmf-amd64 1 build-check(1) blocked n/a test-amd64-i386-xl-raw 1 build-check(1) blocked n/a test-amd64-i386-qemuu-rhel6hvm-amd 1 build-check(1) blocked n/a test-armhf-armhf-libvirt 1 build-check(1) blocked n/a test-amd64-i386-xl-qemuu-debianhvm-amd64-xsm 1 build-check(1) blocked n/a build-armhf-libvirt 1 build-check(1) blocked n/a test-amd64-i386-libvirt 1 build-check(1) blocked n/a test-amd64-i386-xl-qemuu-win10-i386 1 build-check(1) blocked n/a test-armhf-armhf-libvirt-raw 1 build-check(1) blocked n/a test-amd64-i386-libvirt-xsm 1 build-check(1) blocked n/a test-armhf-armhf-xl 1 build-check(1) blocked n/a test-amd64-i386-qemuu-rhel6hvm-intel 1 build-check(1) blocked n/a test-armhf-armhf-xl-vhd 1 build-check(1) blocked n/a test-amd64-i386-xl-qemuu-win7-amd64 1 build-check(1) blocked n/a test-amd64-i386-freebsd10-amd64 1 build-check(1) blocked n/a test-amd64-i386-pair 1 build-check(1) blocked n/a test-armhf-armhf-xl-credit2 1 build-check(1) blocked n/a test-armhf-armhf-xl-cubietruck 1 build-check(1) blocked n/a test-amd64-i386-xl-qemuu-ws16-amd64 1 build-check(1) blocked n/a test-armhf-armhf-xl-rtds 1 build-check(1) blocked n/a test-armhf-armhf-xl-arndale 1 build-check(1) blocked n/a test-amd64-i386-xl-qemuu-debianhvm-amd64 1 build-check(1) blocked n/a test-armhf-armhf-libvirt-xsm 1 build-check(1) blocked n/a test-amd64-i386-xl 1 build-check(1) blocked n/a build-i386-libvirt 1 build-check(1) blocked n/a test-amd64-i386-libvirt-pair 1 build-check(1) blocked n/a test-armhf-armhf-xl-xsm 1 build-check(1) blocked n/a test-amd64-amd64-xl-rtds 10 debian-install fail like 111765 test-amd64-amd64-xl-qemuu-ws16-amd64 10 windows-install fail never pass test-amd64-amd64-libvirt 13 migrate-support-check fail never pass test-amd64-amd64-libvirt-xsm 13 migrate-support-check fail never pass test-arm64-arm64-xl 13 migrate-support-check fail never pass test-arm64-arm64-xl 14 saverestore-support-check fail never pass test-arm64-arm64-xl-credit2 13 migrate-support-check fail never pass test-arm64-arm64-xl-credit2 14 saverestore-support-check fail never pass test-amd64-amd64-libvirt-qemuu-debianhvm-amd64-xsm 11 migrate-support-check fail never pass test-amd64-amd64-libvirt-vhd 12 migrate-support-check fail never pass test-amd64-amd64-qemuu-nested-amd 17 debian-hvm-install/l1/l2 fail never pass test-arm64-arm64-xl-xsm 13 migrate-support-check fail never pass test-arm64-arm64-xl-xsm 14 saverestore-support-check fail never pass test-arm64-arm64-libvirt-xsm 13 migrate-support-check fail never pass test-arm64-arm64-libvirt-xsm 14 saverestore-support-check fail never pass test-amd64-amd64-xl-qemuu-win10-i386 10 windows-install fail never pass version targeted for testing: qemuu 91939262ffcd3c85ea6a4793d3029326eea1d649 baseline version: qemuu 31fe1c414501047cbb91b695bdccc0068496dcf6 Last test of basis 111765 2017-07-13 10:20:16 Z 10 days Failing since 111790 2017-07-14 04:20:46 Z 9 days 12 attempts Testing same since 112100 2017-07-21 16:42:38 Z 1 days 2 attempts ------------------------------------------------------------ People who touched revisions under test: Alex Bennée <alex.ben...@linaro.org> Alex Williamson <alex.william...@redhat.com> Alexander Graf <ag...@suse.de> Alexey Kardashevskiy <a...@ozlabs.ru> Alistair Francis <alistair.fran...@xilinx.com> Anthony PERARD <anthony.per...@citrix.com> Anton Nefedov <anton.nefe...@virtuozzo.com> Aurelien Jarno <aurel...@aurel32.net> Boqun Feng (Intel) <boqun.f...@gmail.com> Christian Borntraeger <borntrae...@de.ibm.com> Christian Borntraeger <borntrae...@de.ibm.com> for the s390 part. Claudio Imbrenda <imbre...@linux.vnet.ibm.com> Cornelia Huck <coh...@redhat.com> Cornelia Huck <cornelia.h...@de.ibm.com> Cédric Le Goater <c...@kaod.org> Daniel Barboza <danie...@linux.vnet.ibm.com> Daniel Henrique Barboza <danie...@linux.vnet.ibm.com> Daniel P. Berrange <berra...@redhat.com> Daniel Rempel <dan...@daynix.com> David Gibson <da...@gibson.dropbear.id.au> David Hildenbrand <da...@redhat.com> Denis V. Lunev <d...@openvz.org> Dr. David Alan Gilbert <dgilb...@redhat.com> Edgar E. Iglesias <edgar.igles...@xilinx.com> Eduardo Habkost <ehabk...@redhat.com> Emilio G. Cota <c...@braap.org> Eric Blake <ebl...@redhat.com> Fam Zheng <f...@redhat.com> Fan Zhang <zhang...@linux.vnet.ibm.com> Farhan Ali <al...@linux.vnet.ibm.com> Fei Li <sherr...@linux.vnet.ibm.com> Gerd Hoffmann <kra...@gmail.com> Gerd Hoffmann <kra...@redhat.com> Greg Kurz <gr...@kaod.org> Halil Pasic <pa...@linux.vnet.ibm.com> Hervé Poussineau <hpous...@reactos.org> Igor Druzhinin <igor.druzhi...@citrix.com> Igor Mammedov <imamm...@redhat.com> James Hogan <james.ho...@imgtec.com> Janosch Frank <fran...@linux.vnet.ibm.com> Jaroslaw Pelczar <j.pelc...@samsung.com> Jason J. Herne <jjhe...@linux.vnet.ibm.com> Jason Wang <jasow...@redhat.com> Jeff Cody <jc...@redhat.com> Jiang Biao <jiang.bi...@zte.com.cn> Joel Stanley <j...@jms.id.au> John Snow <js...@redhat.com> Juan Quintela <quint...@redhat.com> Kamil Rytarowski <n...@gmx.com> Kashyap Chamarthy <kcham...@redhat.com> Kevin Wolf <kw...@redhat.com> Khem Raj <raj.k...@gmail.com> Krzysztof Kozlowski <k...@kernel.org> Laurent Vivier <laur...@vivier.eu> Laurent Vivier <lviv...@redhat.com> Li Ping <li.ping...@zte.com.cn> LluÃs Vilanova <vilan...@ac.upc.edu> Longpeng(Mike) <longpe...@huawei.com> Manos Pitsidianakis <el13...@mail.ntua.gr> Mao Zhongyi <maozy.f...@cn.fujitsu.com> Marc-André Lureau <marcandre.lur...@redhat.com> Marc-André Lureau <marcandre.lur...@redhat.com> Marcel Apfelbaum <mar...@redhat.com> Mark Cave-Ayland <mark.cave-ayl...@ilande.co.uk> Markus Armbruster <arm...@redhat.com> Max Filippov <jcmvb...@gmail.com> Max Reitz <mre...@redhat.com> Michael Roth <mdr...@linux.vnet.ibm.com> Michael S. Tsirkin <m...@redhat.com> Michael Tokarev <m...@tls.msk.ru> Michal Privoznik <mpriv...@redhat.com> Miodrag Dinic <miodrag.di...@imgtec.com> Paolo Bonzini <pbonz...@redhat.com> Paul Durrant <paul.durr...@citrix.com> Pavel Dovgalyuk <pavel.dovga...@ispras.ru> Peng Hao <peng.h...@zte.com.cn> Peter Maydell <peter.mayd...@linaro.org> Peter Xu <pet...@redhat.com> Philippe Mathieu-Daudé <f4...@amsat.org> Pranith Kumar <bobby.pr...@gmail.com> Prasad J Pandit <p...@fedoraproject.org> Richard Henderson <r...@twiddle.net> Sameeh Jubran <sjub...@redhat.com> Samuel Thibault <samuel.thiba...@ens-lyon.org> sochin.jiang <sochin.ji...@huawei.com> Stefan Hajnoczi <stefa...@redhat.com> Stefano Stabellini <sstabell...@kernel.org> Thomas Huth <th...@redhat.com> Thomas Lamprecht <t.lampre...@proxmox.com> Tomáš Golembiovský <tgole...@redhat.com> Viktor Mihajlovski <mihaj...@linux.vnet.ibm.com> Vinzenz Feenstra <vfeen...@redhat.com> Vladimir Sementsov-Ogievskiy <vsement...@virtuozzo.com> Wang Yechao <wang.yechao...@zte.com.cn> wanghaibin <wanghaibin.w...@huawei.com> Xiong Zhang <xiong.y.zh...@intel.com> Yi Min Zhao <zyi...@linux.vnet.ibm.com> Yongbok Kim <yongbok....@imgtec.com> Zhang Chen <zhangchen.f...@cn.fujitsu.com> jobs: build-amd64-xsm pass build-arm64-xsm pass build-armhf-xsm fail build-i386-xsm fail build-amd64 pass build-arm64 pass build-armhf fail build-i386 fail build-amd64-libvirt pass build-arm64-libvirt pass build-armhf-libvirt blocked build-i386-libvirt blocked build-amd64-pvops pass build-arm64-pvops pass build-armhf-pvops pass build-i386-pvops pass test-amd64-amd64-xl pass test-arm64-arm64-xl pass test-armhf-armhf-xl blocked test-amd64-i386-xl blocked test-amd64-amd64-libvirt-qemuu-debianhvm-amd64-xsm pass test-amd64-i386-libvirt-qemuu-debianhvm-amd64-xsm blocked test-amd64-amd64-xl-qemuu-debianhvm-amd64-xsm pass test-amd64-i386-xl-qemuu-debianhvm-amd64-xsm blocked test-amd64-amd64-libvirt-xsm pass test-arm64-arm64-libvirt-xsm pass test-armhf-armhf-libvirt-xsm blocked test-amd64-i386-libvirt-xsm blocked test-amd64-amd64-xl-xsm pass test-arm64-arm64-xl-xsm pass test-armhf-armhf-xl-xsm blocked test-amd64-i386-xl-xsm blocked test-amd64-amd64-qemuu-nested-amd fail test-amd64-amd64-xl-pvh-amd pass test-amd64-i386-qemuu-rhel6hvm-amd blocked test-amd64-amd64-xl-qemuu-debianhvm-amd64 pass test-amd64-i386-xl-qemuu-debianhvm-amd64 blocked test-amd64-i386-freebsd10-amd64 blocked test-amd64-amd64-xl-qemuu-ovmf-amd64 pass test-amd64-i386-xl-qemuu-ovmf-amd64 blocked test-amd64-amd64-xl-qemuu-win7-amd64 fail test-amd64-i386-xl-qemuu-win7-amd64 blocked test-amd64-amd64-xl-qemuu-ws16-amd64 fail test-amd64-i386-xl-qemuu-ws16-amd64 blocked test-armhf-armhf-xl-arndale blocked test-amd64-amd64-xl-credit2 pass test-arm64-arm64-xl-credit2 pass test-armhf-armhf-xl-credit2 blocked test-armhf-armhf-xl-cubietruck blocked test-amd64-i386-freebsd10-i386 blocked test-amd64-amd64-xl-qemuu-win10-i386 fail test-amd64-i386-xl-qemuu-win10-i386 blocked test-amd64-amd64-qemuu-nested-intel pass test-amd64-amd64-xl-pvh-intel pass test-amd64-i386-qemuu-rhel6hvm-intel blocked test-amd64-amd64-libvirt pass test-armhf-armhf-libvirt blocked test-amd64-i386-libvirt blocked test-amd64-amd64-xl-multivcpu pass test-armhf-armhf-xl-multivcpu blocked test-amd64-amd64-pair pass test-amd64-i386-pair blocked test-amd64-amd64-libvirt-pair pass test-amd64-i386-libvirt-pair blocked test-amd64-amd64-amd64-pvgrub pass test-amd64-amd64-i386-pvgrub pass test-amd64-amd64-pygrub pass test-amd64-amd64-xl-qcow2 pass test-armhf-armhf-libvirt-raw blocked test-amd64-i386-xl-raw blocked test-amd64-amd64-xl-rtds fail test-armhf-armhf-xl-rtds blocked test-amd64-amd64-libvirt-vhd pass test-armhf-armhf-xl-vhd blocked ------------------------------------------------------------ sg-report-flight on osstest.test-lab.xenproject.org logs: /home/logs/logs images: /home/logs/images Logs, config files, etc. are available at http://logs.test-lab.xenproject.org/osstest/logs Explanation of these reports, and of osstest in general, is at http://xenbits.xen.org/gitweb/?p=osstest.git;a=blob;f=README.email;hb=master http://xenbits.xen.org/gitweb/?p=osstest.git;a=blob;f=README;hb=master Test harness code can be found at http://xenbits.xen.org/gitweb?p=osstest.git;a=summary Not pushing. (No revision log; it would be 10944 lines long.)
_______________________________________________ Xen-devel mailing list Xen-devel@lists.xen.org https://lists.xen.org/xen-devel