flight 112211 xen-unstable-coverity real [real] http://logs.test-lab.xenproject.org/osstest/logs/112211/
Regressions :-( Tests which did not succeed and are blocking, including tests which could not be run: coverity-amd64 6 coverity-build fail REGR. vs. 111140 version targeted for testing: xen 647de517b08e77b9b5f76d6853dddc759b8df0b4 baseline version: xen 8b9793bfe614ee53029d2b1672e1080170809dcd Last test of basis 111140 2017-06-28 10:06:03 Z 24 days Failing since 111315 2017-07-02 09:22:26 Z 21 days 7 attempts Testing same since 112211 2017-07-23 09:19:02 Z 0 days 1 attempts ------------------------------------------------------------ People who touched revisions under test: Andrew Cooper <andrew.coop...@citrix.com> Chao Gao <chao....@intel.com> Dario Faggioli <dario.faggi...@citrix.com> Dongli Zhang <dongli.zh...@oracle.com> Felix Schmoll <eggi.innovati...@gmail.com> George Dunlap <george.dun...@citrix.com> Haozhong Zhang <haozhong.zh...@intel.com> Ian Jackson <ian.jack...@eu.citrix.com> Igor Druzhinin <igor.druzhi...@citrix.com> Jan Beulich <jbeul...@suse.com> Julien Grall <julien.gr...@arm.com> Kevin Tian <kevin.t...@intel.com> Konrad Rzeszutek Wilk <konrad.w...@oracle.com> Marek Marczykowski-Górecki <marma...@invisiblethingslab.com> Owen Smith <owen.sm...@citrix.com> Praveen Kumar <kpraveen.l...@gmail.com> Razvan Cojocaru <rcojoc...@bitdefender.com> Sergej Proskurin <prosku...@sec.in.tum.de> Sergey Dyasli <sergey.dya...@citrix.com> Stefano Stabellini <sstabell...@kernel.org> Thomas Sanders <thomas.sand...@citrix.com> Tim Deegan <t...@xen.org> Wei Liu <wei.l...@citrix.com> Xiong Zhang <xiong.y.zh...@intel.com> Zhongze Liu <blacksk...@gmail.com> jobs: coverity-amd64 fail ------------------------------------------------------------ sg-report-flight on osstest.test-lab.xenproject.org logs: /home/logs/logs images: /home/logs/images Logs, config files, etc. are available at http://logs.test-lab.xenproject.org/osstest/logs Explanation of these reports, and of osstest in general, is at http://xenbits.xen.org/gitweb/?p=osstest.git;a=blob;f=README.email;hb=master http://xenbits.xen.org/gitweb/?p=osstest.git;a=blob;f=README;hb=master Test harness code can be found at http://xenbits.xen.org/gitweb?p=osstest.git;a=summary Not pushing. (No revision log; it would be 1481 lines long.)
_______________________________________________ Xen-devel mailing list Xen-devel@lists.xen.org https://lists.xen.org/xen-devel