flight 110535 linux-4.9 real [real]
http://logs.test-lab.xenproject.org/osstest/logs/110535/

Regressions :-(

Tests which did not succeed and are blocking,
including tests which could not be run:
 test-amd64-amd64-xl-qemuu-win7-amd64 15 guest-localmigrate/x10 fail REGR. vs. 
110456

Tests which are failing intermittently (not blocking):
 test-amd64-amd64-xl-credit2 19 guest-start/debian.repeat fail in 110513 pass 
in 110535
 test-armhf-armhf-xl-rtds 15 guest-start/debian.repeat fail in 110513 pass in 
110535
 test-arm64-arm64-xl           6 xen-boot                   fail pass in 110513
 test-arm64-arm64-examine      6 reboot                     fail pass in 110513
 test-amd64-amd64-xl-qemut-win7-amd64 15 guest-localmigrate/x10 fail pass in 
110513
 test-amd64-i386-xl-qemut-win7-amd64 15 guest-localmigrate/x10 fail pass in 
110513

Tests which did not succeed, but are not blocking:
 test-amd64-amd64-xl-qemut-win7-amd64 17 guest-start/win.repeat fail in 110513 
blocked in 110456
 test-amd64-i386-xl-qemut-win7-amd64 16 guest-stop   fail in 110513 like 110456
 test-arm64-arm64-xl         12 migrate-support-check fail in 110513 never pass
 test-arm64-arm64-xl     13 saverestore-support-check fail in 110513 never pass
 test-amd64-i386-xl-qemuu-win7-amd64 16 guest-stop             fail like 110456
 test-amd64-amd64-xl-rtds      9 debian-install               fail  like 110456
 test-amd64-i386-libvirt-xsm  12 migrate-support-check        fail   never pass
 test-amd64-i386-libvirt      12 migrate-support-check        fail   never pass
 test-amd64-amd64-libvirt     12 migrate-support-check        fail   never pass
 test-amd64-amd64-libvirt-xsm 12 migrate-support-check        fail   never pass
 test-amd64-amd64-xl-qemuu-ws16-amd64  9 windows-install        fail never pass
 test-arm64-arm64-libvirt-xsm 12 migrate-support-check        fail   never pass
 test-arm64-arm64-libvirt-xsm 13 saverestore-support-check    fail   never pass
 test-armhf-armhf-xl-arndale  12 migrate-support-check        fail   never pass
 test-armhf-armhf-xl-arndale  13 saverestore-support-check    fail   never pass
 test-armhf-armhf-xl          12 migrate-support-check        fail   never pass
 test-armhf-armhf-xl          13 saverestore-support-check    fail   never pass
 test-amd64-amd64-xl-qemut-ws16-amd64  9 windows-install        fail never pass
 test-amd64-i386-libvirt-qemuu-debianhvm-amd64-xsm 10 migrate-support-check 
fail never pass
 test-amd64-amd64-libvirt-qemuu-debianhvm-amd64-xsm 10 migrate-support-check 
fail never pass
 test-amd64-amd64-qemuu-nested-amd 16 debian-hvm-install/l1/l2  fail never pass
 test-arm64-arm64-xl-credit2  12 migrate-support-check        fail   never pass
 test-arm64-arm64-xl-credit2  13 saverestore-support-check    fail   never pass
 test-armhf-armhf-xl-rtds     12 migrate-support-check        fail   never pass
 test-armhf-armhf-xl-rtds     13 saverestore-support-check    fail   never pass
 test-armhf-armhf-xl-credit2  12 migrate-support-check        fail   never pass
 test-armhf-armhf-xl-credit2  13 saverestore-support-check    fail   never pass
 test-armhf-armhf-libvirt-xsm 12 migrate-support-check        fail   never pass
 test-armhf-armhf-libvirt     12 migrate-support-check        fail   never pass
 test-armhf-armhf-libvirt-xsm 13 saverestore-support-check    fail   never pass
 test-armhf-armhf-libvirt     13 saverestore-support-check    fail   never pass
 test-armhf-armhf-xl-multivcpu 12 migrate-support-check        fail  never pass
 test-armhf-armhf-xl-multivcpu 13 saverestore-support-check    fail  never pass
 test-amd64-amd64-libvirt-vhd 11 migrate-support-check        fail   never pass
 test-armhf-armhf-libvirt-raw 11 migrate-support-check        fail   never pass
 test-armhf-armhf-libvirt-raw 12 saverestore-support-check    fail   never pass
 test-armhf-armhf-xl-vhd      11 migrate-support-check        fail   never pass
 test-armhf-armhf-xl-vhd      12 saverestore-support-check    fail   never pass
 test-armhf-armhf-xl-cubietruck 12 migrate-support-check        fail never pass
 test-armhf-armhf-xl-cubietruck 13 saverestore-support-check    fail never pass
 test-armhf-armhf-xl-xsm      12 migrate-support-check        fail   never pass
 test-armhf-armhf-xl-xsm      13 saverestore-support-check    fail   never pass
 test-arm64-arm64-xl-xsm      12 migrate-support-check        fail   never pass
 test-arm64-arm64-xl-xsm      13 saverestore-support-check    fail   never pass
 test-amd64-amd64-xl-qemuu-win10-i386  9 windows-install        fail never pass
 test-amd64-i386-xl-qemut-win10-i386  9 windows-install         fail never pass
 test-amd64-i386-xl-qemuu-win10-i386  9 windows-install         fail never pass
 test-amd64-i386-xl-qemuu-ws16-amd64  9 windows-install         fail never pass
 test-amd64-i386-xl-qemut-ws16-amd64  9 windows-install         fail never pass
 test-amd64-amd64-xl-qemut-win10-i386  9 windows-install        fail never pass

version targeted for testing:
 linux                050639ef5810e8ad17fb6a426eff3c63e616350c
baseline version:
 linux                05afd4c0af6a43f6bda7caaacb01bc0116d50d3b

Last test of basis   110456  2017-06-14 22:55:22 Z    3 days
Testing same since   110513  2017-06-17 05:27:38 Z    1 days    2 attempts

------------------------------------------------------------
People who touched revisions under test:
  Al Viro <v...@zeniv.linux.org.uk>
  Alex Williamson <alex.william...@redhat.com>
  Alexander Potapenko <gli...@google.com>
  Alexey Kardashevskiy <a...@ozlabs.ru>
  Alexey Khoroshilov <khoroshi...@ispras.ru>
  Andrea Arcangeli <aarca...@redhat.com>
  Andreas Schultz <aschu...@tpip.net>
  Andrew Morton <a...@linux-foundation.org>
  Andrey Ryabinin <aryabi...@virtuozzo.com>
  Andy Shevchenko <andriy.shevche...@linux.intel.com>
  Anssi Hannula <anssi.hann...@bitwise.fi>
  Ard Biesheuvel <ard.biesheu...@linaro.org>
  Ariel Elior <ariel.el...@cavium.com>
  Arnd Bergmann <a...@arndb.de>
  Arseny Solokha <asolo...@kb.kras.ru>
  Babu Moger <babu.mo...@oracle.com>
  Ben Skeggs <bske...@redhat.com>
  Benjamin Coddington <bcodd...@redhat.com>
  Benjamin Herrenschmidt <b...@kernel.crashing.org>
  Bin Liu <b-...@ti.com>
  Bjorn Helgaas <bhelg...@google.com>
  Chris Wilson <ch...@chris-wilson.co.uk>
  Christian Borntraeger <borntrae...@de.ibm.com>
  Christophe Leroy <christophe.le...@c-s.fr>
  Chuck Lever <chuck.le...@oracle.com>
  Claudiu Manoil <claudiu.man...@nxp.com>
  Coly Li <col...@suse.de>
  Dan Carpenter <dan.carpen...@oracle.com>
  Daniel Vetter <daniel.vet...@ffwll.ch>
  Daniel Vetter <daniel.vet...@intel.com>
  Dave Airlie <airl...@redhat.com>
  David Howells <dhowe...@redhat.com>
  David Lin <dtw...@google.com>
  David S. Miller <da...@davemloft.net>
  Dimitris Michailidis <dmich...@google.com>
  Don Zickus <dzic...@redhat.com>
  Doug Ledford <dledf...@redhat.com>
  Eric Dumazet <eduma...@google.com>
  Florian Fainelli <f.faine...@gmail.com>
  Frank Sorenson <soren...@redhat.com>
  Greg Kroah-Hartman <gre...@linuxfoundation.org>
  Hans de Goede <hdego...@redhat.com>
  Hans Verkuil <hans.verk...@cisco.com>
  Hans Verkuil <hverk...@xs4all.nl>
  Harald Welte <lafo...@netfilter.org>
  Hayes Wang <hayesw...@realtek.com>
  hayeswang <hayesw...@realtek.com>
  Helge Deller <del...@gmx.de>
  Herbert Xu <herb...@gondor.apana.org.au>
  Hillf Danton <hillf...@alibaba-inc.com>
  Imre Deak <imre.d...@intel.com>
  Jack Morgenstein <ja...@dev.mellanox.co.il>
  Jani Nikula <jani.nik...@intel.com>
  Jean Delvare <jdelv...@suse.de>
  Jeff Layton <jlay...@redhat.com>
  Jens Axboe <ax...@fb.com>
  Jeremy McNicoll <jerem...@redhat.com>
  Jisheng Zhang <jszh...@marvell.com>
  John Crispin <j...@phrozen.org>
  John Thompson <thompa....@gmail.com>
  Jon Maloy <jon.ma...@ericsson.com>
  Jonas Aaberg <c...@gmx.net>
  Jonathan T. Leighton <jtlei...@udel.edu>
  Kazuya Mizuguchi <kazuya.mizuguchi...@renesas.com>
  Kejian Yan <yankej...@huawei.com>
  Kirill A. Shutemov <kirill.shute...@linux.intel.com>
  Linus Lüssing <linus.luess...@c0d3.blue>
  Linus Torvalds <torva...@linux-foundation.org>
  Linus Walleij <linus.wall...@linaro.org>
  Liping Zhang <zlpnob...@gmail.com>
  Luis R. Rodriguez <mcg...@kernel.org>
  Lyude <ly...@redhat.com>
  Lyude Paul <ly...@redhat.com>
  Maarten Lankhorst <maarten.lankho...@linux.intel.com>
  Mao Wenan <maowe...@huawei.com>
  Marcus Huewe <suse-...@gmx.de>
  Martin Schwidefsky <schwidef...@de.ibm.com>
  Mauro Carvalho Chehab <mche...@s-opensource.com>
  Max Filippov <jcmvb...@gmail.com>
  Michael Chan <michael.c...@broadcom.com>
  Michael Ellerman <m...@ellerman.id.au>
  Michael S. Tsirkin <m...@redhat.com>
  Michal Kalderon <michal.kalde...@cavium.com>
  Mika Kahola <mika.kah...@intel.com>
  Mika Westerberg <mika.westerb...@linux.intel.com>
  Mike Kravetz <mike.krav...@oracle.com>
  Nathan Fontenot <nf...@linux.vnet.ibm.com>
  Neil Horman <nhor...@tuxdriver.com>
  Nong Li <nongli1...@gmail.com>
  Or Gerlitz <ogerl...@mellanox.com>
  Pablo Neira Ayuso <pa...@netfilter.org>
  Parav Pandit <pa...@mellanox.com>
  Parthasarathy Bhuvaragan <parthasarathy.bhuvara...@ericsson.com>
  Peter Ujfalusi <peter.ujfal...@ti.com>
  Peter Zijlstra (Intel) <pet...@infradead.org>
  Peter Zijlstra <pet...@infradead.org>
  Rafael J. Wysocki <rafael.j.wyso...@intel.com>
  Ralf Baechle <r...@linux-mips.org>
  Ram Amrani <ram.amr...@cavium.com>
  Randy Dunlap <rdun...@infradead.org>
  Ricardo Ribalda <ricardo.riba...@gmail.com>
  Ricardo Ribalda Delgado <ricardo.riba...@gmail.com>
  Richard <rich...@aaazen.com>
  Richard Narron <comet.berke...@gmail.com>
  Saeed Mahameed <sae...@mellanox.com>
  Salil Mehta <salil.me...@huawei.com>
  Sasha Levin <alexander.le...@verizon.com>
  Sean Nyekjaer <sean.nyekj...@prevas.dk>
  Sergei Shtylyov <sergei.shtyl...@cogentembedded.com>
  Simon Horman <horms+rene...@verge.net.au>
  Stanislaw Gruszka <sgrus...@redhat.com>
  Stefan Brüns <stefan.bru...@rwth-aachen.de>
  Stefan Hajnoczi <stefa...@redhat.com>
  Steve Dickson <ste...@redhat.com>
  Steven Rostedt <rost...@goodmis.org>
  Sudip Mukherjee <sudip.mukher...@codethink.co.uk>
  Sudip Mukherjee <sudipm.mukher...@gmail.com>
  Sunil Goutham <sgout...@cavium.com>
  Tariq Toukan <tar...@mellanox.com>
  Thanneeru Srinivasulu <tsrinivas...@cavium.com>
  Thomas Falcon <tlfal...@linux.vnet.ibm.com>
  Thomas Osterried <tho...@osterried.de>
  Tony Lindgren <t...@atomide.com>
  Trond Myklebust <trond.mykleb...@primarydata.com>
  Ville Syrjälä <ville.syrj...@linux.intel.com>
  Vineet Gupta <vgu...@synopsys.com>
  Wolfram Sang <w...@the-dreams.de>
  Xin Long <lucien....@gmail.com>
  Xuan Qi <xuan...@oracle.com>
  Y.C. Chen <yc_c...@aspeedtech.com>
  Ying Xue <ying....@windriver.com>

jobs:
 build-amd64-xsm                                              pass    
 build-arm64-xsm                                              pass    
 build-armhf-xsm                                              pass    
 build-i386-xsm                                               pass    
 build-amd64                                                  pass    
 build-arm64                                                  pass    
 build-armhf                                                  pass    
 build-i386                                                   pass    
 build-amd64-libvirt                                          pass    
 build-arm64-libvirt                                          pass    
 build-armhf-libvirt                                          pass    
 build-i386-libvirt                                           pass    
 build-amd64-pvops                                            pass    
 build-arm64-pvops                                            pass    
 build-armhf-pvops                                            pass    
 build-i386-pvops                                             pass    
 build-amd64-rumprun                                          pass    
 build-i386-rumprun                                           pass    
 test-amd64-amd64-xl                                          pass    
 test-arm64-arm64-xl                                          fail    
 test-armhf-armhf-xl                                          pass    
 test-amd64-i386-xl                                           pass    
 test-amd64-amd64-xl-qemut-debianhvm-amd64-xsm                pass    
 test-amd64-i386-xl-qemut-debianhvm-amd64-xsm                 pass    
 test-amd64-amd64-libvirt-qemuu-debianhvm-amd64-xsm           pass    
 test-amd64-i386-libvirt-qemuu-debianhvm-amd64-xsm            pass    
 test-amd64-amd64-xl-qemuu-debianhvm-amd64-xsm                pass    
 test-amd64-i386-xl-qemuu-debianhvm-amd64-xsm                 pass    
 test-amd64-amd64-xl-qemut-stubdom-debianhvm-amd64-xsm        pass    
 test-amd64-i386-xl-qemut-stubdom-debianhvm-amd64-xsm         pass    
 test-amd64-amd64-libvirt-xsm                                 pass    
 test-arm64-arm64-libvirt-xsm                                 pass    
 test-armhf-armhf-libvirt-xsm                                 pass    
 test-amd64-i386-libvirt-xsm                                  pass    
 test-amd64-amd64-xl-xsm                                      pass    
 test-arm64-arm64-xl-xsm                                      pass    
 test-armhf-armhf-xl-xsm                                      pass    
 test-amd64-i386-xl-xsm                                       pass    
 test-amd64-amd64-qemuu-nested-amd                            fail    
 test-amd64-amd64-xl-pvh-amd                                  pass    
 test-amd64-i386-qemut-rhel6hvm-amd                           pass    
 test-amd64-i386-qemuu-rhel6hvm-amd                           pass    
 test-amd64-amd64-xl-qemut-debianhvm-amd64                    pass    
 test-amd64-i386-xl-qemut-debianhvm-amd64                     pass    
 test-amd64-amd64-xl-qemuu-debianhvm-amd64                    pass    
 test-amd64-i386-xl-qemuu-debianhvm-amd64                     pass    
 test-amd64-i386-freebsd10-amd64                              pass    
 test-amd64-amd64-xl-qemuu-ovmf-amd64                         pass    
 test-amd64-i386-xl-qemuu-ovmf-amd64                          pass    
 test-amd64-amd64-rumprun-amd64                               pass    
 test-amd64-amd64-xl-qemut-win7-amd64                         fail    
 test-amd64-i386-xl-qemut-win7-amd64                          fail    
 test-amd64-amd64-xl-qemuu-win7-amd64                         fail    
 test-amd64-i386-xl-qemuu-win7-amd64                          fail    
 test-amd64-amd64-xl-qemut-ws16-amd64                         fail    
 test-amd64-i386-xl-qemut-ws16-amd64                          fail    
 test-amd64-amd64-xl-qemuu-ws16-amd64                         fail    
 test-amd64-i386-xl-qemuu-ws16-amd64                          fail    
 test-armhf-armhf-xl-arndale                                  pass    
 test-amd64-amd64-xl-credit2                                  pass    
 test-arm64-arm64-xl-credit2                                  pass    
 test-armhf-armhf-xl-credit2                                  pass    
 test-armhf-armhf-xl-cubietruck                               pass    
 test-amd64-amd64-examine                                     pass    
 test-arm64-arm64-examine                                     fail    
 test-armhf-armhf-examine                                     pass    
 test-amd64-i386-examine                                      pass    
 test-amd64-i386-freebsd10-i386                               pass    
 test-amd64-i386-rumprun-i386                                 pass    
 test-amd64-amd64-xl-qemut-win10-i386                         fail    
 test-amd64-i386-xl-qemut-win10-i386                          fail    
 test-amd64-amd64-xl-qemuu-win10-i386                         fail    
 test-amd64-i386-xl-qemuu-win10-i386                          fail    
 test-amd64-amd64-qemuu-nested-intel                          pass    
 test-amd64-amd64-xl-pvh-intel                                pass    
 test-amd64-i386-qemut-rhel6hvm-intel                         pass    
 test-amd64-i386-qemuu-rhel6hvm-intel                         pass    
 test-amd64-amd64-libvirt                                     pass    
 test-armhf-armhf-libvirt                                     pass    
 test-amd64-i386-libvirt                                      pass    
 test-amd64-amd64-xl-multivcpu                                pass    
 test-armhf-armhf-xl-multivcpu                                pass    
 test-amd64-amd64-pair                                        pass    
 test-amd64-i386-pair                                         pass    
 test-amd64-amd64-libvirt-pair                                pass    
 test-amd64-i386-libvirt-pair                                 pass    
 test-amd64-amd64-amd64-pvgrub                                pass    
 test-amd64-amd64-i386-pvgrub                                 pass    
 test-amd64-amd64-pygrub                                      pass    
 test-amd64-amd64-xl-qcow2                                    pass    
 test-armhf-armhf-libvirt-raw                                 pass    
 test-amd64-i386-xl-raw                                       pass    
 test-amd64-amd64-xl-rtds                                     fail    
 test-armhf-armhf-xl-rtds                                     pass    
 test-amd64-amd64-libvirt-vhd                                 pass    
 test-armhf-armhf-xl-vhd                                      pass    


------------------------------------------------------------
sg-report-flight on osstest.test-lab.xenproject.org
logs: /home/logs/logs
images: /home/logs/images

Logs, config files, etc. are available at
    http://logs.test-lab.xenproject.org/osstest/logs

Explanation of these reports, and of osstest in general, is at
    http://xenbits.xen.org/gitweb/?p=osstest.git;a=blob;f=README.email;hb=master
    http://xenbits.xen.org/gitweb/?p=osstest.git;a=blob;f=README;hb=master

Test harness code can be found at
    http://xenbits.xen.org/gitweb?p=osstest.git;a=summary


Not pushing.

(No revision log; it would be 3321 lines long.)

_______________________________________________
Xen-devel mailing list
Xen-devel@lists.xen.org
https://lists.xen.org/xen-devel

Reply via email to