flight 162972 ovmf real [real] http://logs.test-lab.xenproject.org/osstest/logs/162972/
Regressions :-( Tests which did not succeed and are blocking, including tests which could not be run: test-amd64-i386-xl-qemuu-ovmf-amd64 12 debian-hvm-install fail REGR. vs. 162359 test-amd64-amd64-xl-qemuu-ovmf-amd64 12 debian-hvm-install fail REGR. vs. 162359 version targeted for testing: ovmf d9a7612f8d1da197883bd1cb9f91f229522d39b1 baseline version: ovmf c410ad4da4b7785170d3d42a3ba190c2caac6feb Last test of basis 162359 2021-06-04 03:40:08 Z 19 days Failing since 162368 2021-06-04 15:42:59 Z 18 days 39 attempts Testing same since 162972 2021-06-22 11:39:57 Z 0 days 1 attempts ------------------------------------------------------------ People who touched revisions under test: Ard Biesheuvel <a...@kernel.org> Daoxiang Li <daoxiang...@intel.com> gaoliming <gaolim...@byosoft.com.cn> Hao A Wu <hao.a...@intel.com> Jian J Wang <jian.j.w...@intel.com> Kaaira Gupta <kaaira7...@gmail.com> Ken Lautner <klaut...@microsoft.com> Kenneth Lautner <kenlautn...@gmail.com> Kun Qin <kuqi...@gmail.com> Laszlo Ersek <ler...@redhat.com> Leif Lindholm <l...@nuviainc.com> Liming Gao <gaolim...@byosoft.com.cn> Maurice Ma <maurice...@intel.com> Ni, Ray <ray...@intel.com> Patrick Rudolph <patrick.rudo...@9elements.com> Ray Ni <ray...@intel.com> Rebecca Cran <rebe...@nuviainc.com> Scottie Kuo <scottie....@intel.com> Sean Brogan <sean.bro...@microsoft.com> Sean Brogan <spbro...@live.com> Sumana Venur <sumana.ve...@intel.com> Zhiguang Liu <zhiguang....@intel.com> jobs: build-amd64-xsm pass build-i386-xsm pass build-amd64 pass build-i386 pass build-amd64-libvirt pass build-i386-libvirt pass build-amd64-pvops pass build-i386-pvops pass test-amd64-amd64-xl-qemuu-ovmf-amd64 fail test-amd64-i386-xl-qemuu-ovmf-amd64 fail ------------------------------------------------------------ sg-report-flight on osstest.test-lab.xenproject.org logs: /home/logs/logs images: /home/logs/images Logs, config files, etc. are available at http://logs.test-lab.xenproject.org/osstest/logs Explanation of these reports, and of osstest in general, is at http://xenbits.xen.org/gitweb/?p=osstest.git;a=blob;f=README.email;hb=master http://xenbits.xen.org/gitweb/?p=osstest.git;a=blob;f=README;hb=master Test harness code can be found at http://xenbits.xen.org/gitweb?p=osstest.git;a=summary Not pushing. (No revision log; it would be 2211 lines long.)