flight 162973 xen-unstable-smoke real [real] http://logs.test-lab.xenproject.org/osstest/logs/162973/
Failures :-/ but no regressions. Tests which did not succeed, but are not blocking: test-amd64-amd64-libvirt 15 migrate-support-check fail never pass test-arm64-arm64-xl-xsm 15 migrate-support-check fail never pass test-arm64-arm64-xl-xsm 16 saverestore-support-check fail never pass test-armhf-armhf-xl 15 migrate-support-check fail never pass test-armhf-armhf-xl 16 saverestore-support-check fail never pass version targeted for testing: xen c9b59f9032d41be8bade8a25d9148cf6ed203704 baseline version: xen 8af4b47f061edf6450f2b0a0a8134fdf1c13b3e5 Last test of basis 162880 2021-06-17 17:00:36 Z 4 days Testing same since 162942 2021-06-21 16:00:26 Z 0 days 6 attempts ------------------------------------------------------------ People who touched revisions under test: George Dunlap <george.dun...@citrix.com> Nick Rosbrook <rosbro...@ainfosec.com> Nick Rosbrook <rosbro...@gmail.com> jobs: build-arm64-xsm pass build-amd64 pass build-armhf pass build-amd64-libvirt pass build-amd64-pvops pass build-arm64-pvops pass build-armhf-pvops pass test-armhf-armhf-xl pass test-arm64-arm64-xl-xsm pass test-amd64-amd64-xl-qemuu-debianhvm-amd64 pass test-amd64-amd64-libvirt pass ------------------------------------------------------------ sg-report-flight on osstest.test-lab.xenproject.org logs: /home/logs/logs images: /home/logs/images Logs, config files, etc. are available at http://logs.test-lab.xenproject.org/osstest/logs Explanation of these reports, and of osstest in general, is at http://xenbits.xen.org/gitweb/?p=osstest.git;a=blob;f=README.email;hb=master http://xenbits.xen.org/gitweb/?p=osstest.git;a=blob;f=README;hb=master Test harness code can be found at http://xenbits.xen.org/gitweb?p=osstest.git;a=summary Pushing revision : To xenbits.xen.org:/home/xen/git/xen.git 8af4b47f06..c9b59f9032 c9b59f9032d41be8bade8a25d9148cf6ed203704 -> smoke