flight 162175 linux-5.4 real [real]
http://logs.test-lab.xenproject.org/osstest/logs/162175/

Failures :-/ but no regressions.

Tests which did not succeed, but are not blocking:
 test-amd64-amd64-xl-qemuu-win7-amd64 19 guest-stop            fail like 162123
 test-amd64-amd64-xl-qemut-win7-amd64 19 guest-stop            fail like 162123
 test-amd64-i386-xl-qemut-win7-amd64 19 guest-stop             fail like 162123
 test-armhf-armhf-libvirt     16 saverestore-support-check    fail  like 162123
 test-amd64-amd64-qemuu-nested-amd 20 debian-hvm-install/l1/l2 fail like 162123
 test-amd64-amd64-xl-qemuu-ws16-amd64 19 guest-stop            fail like 162123
 test-amd64-amd64-xl-qemut-ws16-amd64 19 guest-stop            fail like 162123
 test-amd64-i386-xl-qemuu-win7-amd64 19 guest-stop             fail like 162123
 test-amd64-i386-xl-qemut-ws16-amd64 19 guest-stop             fail like 162123
 test-armhf-armhf-libvirt-raw 15 saverestore-support-check    fail  like 162123
 test-amd64-i386-xl-qemuu-ws16-amd64 19 guest-stop             fail like 162123
 test-amd64-i386-xl-pvshim    14 guest-start                  fail   never pass
 test-amd64-amd64-libvirt-xsm 15 migrate-support-check        fail   never pass
 test-amd64-amd64-libvirt     15 migrate-support-check        fail   never pass
 test-arm64-arm64-xl-seattle  15 migrate-support-check        fail   never pass
 test-arm64-arm64-xl-seattle  16 saverestore-support-check    fail   never pass
 test-amd64-i386-libvirt-xsm  15 migrate-support-check        fail   never pass
 test-amd64-i386-libvirt      15 migrate-support-check        fail   never pass
 test-arm64-arm64-xl          15 migrate-support-check        fail   never pass
 test-arm64-arm64-xl          16 saverestore-support-check    fail   never pass
 test-arm64-arm64-xl-credit2  15 migrate-support-check        fail   never pass
 test-arm64-arm64-xl-xsm      15 migrate-support-check        fail   never pass
 test-arm64-arm64-xl-xsm      16 saverestore-support-check    fail   never pass
 test-arm64-arm64-xl-credit2  16 saverestore-support-check    fail   never pass
 test-arm64-arm64-xl-credit1  15 migrate-support-check        fail   never pass
 test-arm64-arm64-xl-credit1  16 saverestore-support-check    fail   never pass
 test-arm64-arm64-libvirt-xsm 15 migrate-support-check        fail   never pass
 test-arm64-arm64-libvirt-xsm 16 saverestore-support-check    fail   never pass
 test-arm64-arm64-xl-thunderx 15 migrate-support-check        fail   never pass
 test-arm64-arm64-xl-thunderx 16 saverestore-support-check    fail   never pass
 test-amd64-amd64-libvirt-qemuu-debianhvm-amd64-xsm 13 migrate-support-check 
fail never pass
 test-amd64-i386-libvirt-qemuu-debianhvm-amd64-xsm 13 migrate-support-check 
fail never pass
 test-armhf-armhf-xl-arndale  15 migrate-support-check        fail   never pass
 test-armhf-armhf-xl-arndale  16 saverestore-support-check    fail   never pass
 test-amd64-amd64-libvirt-vhd 14 migrate-support-check        fail   never pass
 test-armhf-armhf-libvirt     15 migrate-support-check        fail   never pass
 test-armhf-armhf-xl-credit2  15 migrate-support-check        fail   never pass
 test-armhf-armhf-xl-credit2  16 saverestore-support-check    fail   never pass
 test-armhf-armhf-xl          15 migrate-support-check        fail   never pass
 test-armhf-armhf-xl          16 saverestore-support-check    fail   never pass
 test-armhf-armhf-xl-multivcpu 15 migrate-support-check        fail  never pass
 test-armhf-armhf-xl-multivcpu 16 saverestore-support-check    fail  never pass
 test-armhf-armhf-xl-cubietruck 15 migrate-support-check        fail never pass
 test-armhf-armhf-xl-cubietruck 16 saverestore-support-check    fail never pass
 test-armhf-armhf-xl-rtds     15 migrate-support-check        fail   never pass
 test-armhf-armhf-xl-rtds     16 saverestore-support-check    fail   never pass
 test-armhf-armhf-libvirt-raw 14 migrate-support-check        fail   never pass
 test-armhf-armhf-xl-vhd      14 migrate-support-check        fail   never pass
 test-armhf-armhf-xl-vhd      15 saverestore-support-check    fail   never pass
 test-armhf-armhf-xl-credit1  15 migrate-support-check        fail   never pass
 test-armhf-armhf-xl-credit1  16 saverestore-support-check    fail   never pass

version targeted for testing:
 linux                67154cff6258e46b05acc9f797e3328ed839b0e2
baseline version:
 linux                b239a0365b9339ad5e276ed9cb4605963c2d939a

Last test of basis   162123  2021-05-22 10:12:11 Z    5 days
Testing same since   162166  2021-05-26 10:42:44 Z    1 days    2 attempts

------------------------------------------------------------
People who touched revisions under test:
  "Eric W. Biederman" <ebied...@xmission.com>
  Alex Deucher <alexander.deuc...@amd.com>
  Anirudh Rayabharam <m...@anirudhrb.com>
  Atul Gopinathan <atulgopinat...@gmail.com>
  Bart Van Assche <bvanass...@acm.org>
  Ben Chuang <benchuang...@gmail.com>
  Changfeng <changfeng....@amd.com>
  Christoph Hellwig <h...@lst.de>
  Christophe JAILLET <christophe.jail...@wanadoo.fr>
  Dan Carpenter <dan.carpen...@oracle.com>
  Daniel Beer <dlb...@gmail.com>
  Daniel Cordova A <danes...@gmail.com>
  Daniel Wagner <dwag...@suse.de>
  Darrick J. Wong <djw...@kernel.org>
  David Sterba <dste...@suse.com>
  Du Cheng <duche...@gmail.com>
  Elia Devito <eliadev...@gmail.com>
  Eric Biggers <ebigg...@google.com>
  Florian Fainelli <f.faine...@gmail.com>
  Greg Kroah-Hartman <gre...@linuxfoundation.org>
  Guchun Chen <guchun.c...@amd.com>
  Guenter Roeck <li...@roeck-us.net>
  Hans de Goede <hdego...@redhat.com>
  Hou Pu <houpu.m...@gmail.com>
  Hui Wang <hui.w...@canonical.com>
  Hulk Robot <hulkro...@huawei.com>
  Igor Matheus Andrade Torrente <igormtorre...@gmail.com>
  Jacek Anaszewski <jacek.anaszew...@gmail.com>
  Jan Beulich <jbeul...@suse.com>
  Jan Kratochvil <jan.kratoch...@redhat.com>
  Jason Gunthorpe <j...@nvidia.com>
  Jason Self <ja...@bluehome.net>
  Jiri Slaby <jirisl...@kernel.org>
  Jon Hunter <jonath...@nvidia.com>
  Josef Bacik <jo...@toxicpanda.com>
  Juergen Gross <jgr...@suse.com>
  Leon Romanovsky <leo...@nvidia.com>
  Liming Sun <limi...@nvidia.com>
  Linus Torvalds <torva...@linux-foundation.org>
  Linux Kernel Functional Testing <l...@linaro.org>
  Luiz Augusto von Dentz <luiz.von.de...@intel.com>
  Maciej W. Rozycki <ma...@orcam.me.uk>
  Maor Gottlieb <ma...@nvidia.com>
  Marcel Holtmann <mar...@holtmann.org>
  Martin K. Petersen <martin.peter...@oracle.com>
  Mike Snitzer <snit...@redhat.com>
  Mikulas Patocka <mpato...@redhat.com>
  Oleg Nesterov <o...@redhat.com>
  Pedro Alves <pal...@redhat.com>
  PeiSen Hou <ps...@realtek.com>
  Peter Zijlstra (Intel) <pet...@infradead.org>
  Phillip Potter <p...@philpotter.co.uk>
  Ronnie Sahlberg <lsahl...@redhat.com>
  Sasha Levin <sas...@kernel.org>
  Shay Drory <sh...@nvidia.com>
  Shuah Khan <sk...@linuxfoundation.org>
  Simon Marchi <simon.mar...@efficios.com>
  Stafford Horne <sho...@gmail.com>
  Steve French <stfre...@microsoft.com>
  Sudeep Holla <sudeep.ho...@arm.com>
  Sudip Mukherjee <sudip.mukher...@codethink.co.uk>
  syzbot <syzbot+1f29e126cf461c4de...@syzkaller.appspotmail.com>
  Takashi Iwai <ti...@suse.de>
  Takashi Sakamoto <o-taka...@sakamocchi.jp>
  Tetsuo Handa <penguin-ker...@i-love.sakura.ne.jp>
  Theodore Ts'o <ty...@mit.edu>
  Tom Seewald <tseew...@gmail.com>
  Tyler Hicks <c...@tyhicks.com>
  Ulf Hansson <ulf.hans...@linaro.org>
  Zhen Lei <thunder.leiz...@huawei.com>
  Zqiang <qiang.zh...@windriver.com>
  Zubin Mithra <z...@chromium.org>

jobs:
 build-amd64-xsm                                              pass    
 build-arm64-xsm                                              pass    
 build-i386-xsm                                               pass    
 build-amd64                                                  pass    
 build-arm64                                                  pass    
 build-armhf                                                  pass    
 build-i386                                                   pass    
 build-amd64-libvirt                                          pass    
 build-arm64-libvirt                                          pass    
 build-armhf-libvirt                                          pass    
 build-i386-libvirt                                           pass    
 build-amd64-pvops                                            pass    
 build-arm64-pvops                                            pass    
 build-armhf-pvops                                            pass    
 build-i386-pvops                                             pass    
 test-amd64-amd64-xl                                          pass    
 test-amd64-coresched-amd64-xl                                pass    
 test-arm64-arm64-xl                                          pass    
 test-armhf-armhf-xl                                          pass    
 test-amd64-i386-xl                                           pass    
 test-amd64-coresched-i386-xl                                 pass    
 test-amd64-amd64-libvirt-qemuu-debianhvm-amd64-xsm           pass    
 test-amd64-i386-libvirt-qemuu-debianhvm-amd64-xsm            pass    
 test-amd64-amd64-xl-qemut-stubdom-debianhvm-amd64-xsm        pass    
 test-amd64-i386-xl-qemut-stubdom-debianhvm-amd64-xsm         pass    
 test-amd64-amd64-xl-qemut-debianhvm-i386-xsm                 pass    
 test-amd64-i386-xl-qemut-debianhvm-i386-xsm                  pass    
 test-amd64-amd64-xl-qemuu-debianhvm-i386-xsm                 pass    
 test-amd64-i386-xl-qemuu-debianhvm-i386-xsm                  pass    
 test-amd64-amd64-libvirt-xsm                                 pass    
 test-arm64-arm64-libvirt-xsm                                 pass    
 test-amd64-i386-libvirt-xsm                                  pass    
 test-amd64-amd64-xl-xsm                                      pass    
 test-arm64-arm64-xl-xsm                                      pass    
 test-amd64-i386-xl-xsm                                       pass    
 test-amd64-amd64-qemuu-nested-amd                            fail    
 test-amd64-amd64-xl-pvhv2-amd                                pass    
 test-amd64-i386-qemut-rhel6hvm-amd                           pass    
 test-amd64-i386-qemuu-rhel6hvm-amd                           pass    
 test-amd64-amd64-dom0pvh-xl-amd                              pass    
 test-amd64-amd64-xl-qemut-debianhvm-amd64                    pass    
 test-amd64-i386-xl-qemut-debianhvm-amd64                     pass    
 test-amd64-amd64-xl-qemuu-debianhvm-amd64                    pass    
 test-amd64-i386-xl-qemuu-debianhvm-amd64                     pass    
 test-amd64-i386-freebsd10-amd64                              pass    
 test-amd64-amd64-qemuu-freebsd11-amd64                       pass    
 test-amd64-amd64-qemuu-freebsd12-amd64                       pass    
 test-amd64-amd64-xl-qemuu-ovmf-amd64                         pass    
 test-amd64-i386-xl-qemuu-ovmf-amd64                          pass    
 test-amd64-amd64-xl-qemut-win7-amd64                         fail    
 test-amd64-i386-xl-qemut-win7-amd64                          fail    
 test-amd64-amd64-xl-qemuu-win7-amd64                         fail    
 test-amd64-i386-xl-qemuu-win7-amd64                          fail    
 test-amd64-amd64-xl-qemut-ws16-amd64                         fail    
 test-amd64-i386-xl-qemut-ws16-amd64                          fail    
 test-amd64-amd64-xl-qemuu-ws16-amd64                         fail    
 test-amd64-i386-xl-qemuu-ws16-amd64                          fail    
 test-armhf-armhf-xl-arndale                                  pass    
 test-amd64-amd64-xl-credit1                                  pass    
 test-arm64-arm64-xl-credit1                                  pass    
 test-armhf-armhf-xl-credit1                                  pass    
 test-amd64-amd64-xl-credit2                                  pass    
 test-arm64-arm64-xl-credit2                                  pass    
 test-armhf-armhf-xl-credit2                                  pass    
 test-armhf-armhf-xl-cubietruck                               pass    
 test-amd64-amd64-xl-qemuu-dmrestrict-amd64-dmrestrict        pass    
 test-amd64-i386-xl-qemuu-dmrestrict-amd64-dmrestrict         pass    
 test-amd64-amd64-examine                                     pass    
 test-arm64-arm64-examine                                     pass    
 test-armhf-armhf-examine                                     pass    
 test-amd64-i386-examine                                      pass    
 test-amd64-i386-freebsd10-i386                               pass    
 test-amd64-amd64-qemuu-nested-intel                          pass    
 test-amd64-amd64-xl-pvhv2-intel                              pass    
 test-amd64-i386-qemut-rhel6hvm-intel                         pass    
 test-amd64-i386-qemuu-rhel6hvm-intel                         pass    
 test-amd64-amd64-dom0pvh-xl-intel                            pass    
 test-amd64-amd64-libvirt                                     pass    
 test-armhf-armhf-libvirt                                     pass    
 test-amd64-i386-libvirt                                      pass    
 test-amd64-amd64-xl-multivcpu                                pass    
 test-armhf-armhf-xl-multivcpu                                pass    
 test-amd64-amd64-pair                                        pass    
 test-amd64-i386-pair                                         pass    
 test-amd64-amd64-libvirt-pair                                pass    
 test-amd64-i386-libvirt-pair                                 pass    
 test-amd64-amd64-amd64-pvgrub                                pass    
 test-amd64-amd64-i386-pvgrub                                 pass    
 test-amd64-amd64-xl-pvshim                                   pass    
 test-amd64-i386-xl-pvshim                                    fail    
 test-amd64-amd64-pygrub                                      pass    
 test-amd64-amd64-xl-qcow2                                    pass    
 test-armhf-armhf-libvirt-raw                                 pass    
 test-amd64-i386-xl-raw                                       pass    
 test-amd64-amd64-xl-rtds                                     pass    
 test-armhf-armhf-xl-rtds                                     pass    
 test-arm64-arm64-xl-seattle                                  pass    
 test-amd64-amd64-xl-qemuu-debianhvm-amd64-shadow             pass    
 test-amd64-i386-xl-qemuu-debianhvm-amd64-shadow              pass    
 test-amd64-amd64-xl-shadow                                   pass    
 test-amd64-i386-xl-shadow                                    pass    
 test-arm64-arm64-xl-thunderx                                 pass    
 test-amd64-amd64-libvirt-vhd                                 pass    
 test-armhf-armhf-xl-vhd                                      pass    


------------------------------------------------------------
sg-report-flight on osstest.test-lab.xenproject.org
logs: /home/logs/logs
images: /home/logs/images

Logs, config files, etc. are available at
    http://logs.test-lab.xenproject.org/osstest/logs

Explanation of these reports, and of osstest in general, is at
    http://xenbits.xen.org/gitweb/?p=osstest.git;a=blob;f=README.email;hb=master
    http://xenbits.xen.org/gitweb/?p=osstest.git;a=blob;f=README;hb=master

Test harness code can be found at
    http://xenbits.xen.org/gitweb?p=osstest.git;a=summary


Pushing revision :

hint: The 'hooks/update' hook was ignored because it's not set as executable.
hint: You can disable this warning with `git config advice.ignoredHook false`.
hint: The 'hooks/post-receive' hook was ignored because it's not set as 
executable.
hint: You can disable this warning with `git config advice.ignoredHook false`.
hint: The 'hooks/post-update' hook was ignored because it's not set as 
executable.
hint: You can disable this warning with `git config advice.ignoredHook false`.
To xenbits.xen.org:/home/xen/git/linux-pvops.git
   b239a0365b93..67154cff6258  67154cff6258e46b05acc9f797e3328ed839b0e2 -> 
tested/linux-5.4

Reply via email to