flight 161905 linux-5.4 real [real] http://logs.test-lab.xenproject.org/osstest/logs/161905/
Failures and problems with tests :-( Tests which did not succeed and are blocking, including tests which could not be run: build-arm64 <job status> broken build-arm64-pvops <job status> broken build-arm64-xsm <job status> broken build-arm64 4 host-install(4) broken REGR. vs. 161832 build-arm64-pvops 4 host-install(4) broken REGR. vs. 161832 build-arm64-xsm 4 host-install(4) broken REGR. vs. 161832 Tests which did not succeed, but are not blocking: test-arm64-arm64-examine 1 build-check(1) blocked n/a test-arm64-arm64-libvirt-xsm 1 build-check(1) blocked n/a test-arm64-arm64-xl 1 build-check(1) blocked n/a test-arm64-arm64-xl-credit1 1 build-check(1) blocked n/a test-arm64-arm64-xl-credit2 1 build-check(1) blocked n/a test-arm64-arm64-xl-seattle 1 build-check(1) blocked n/a test-arm64-arm64-xl-thunderx 1 build-check(1) blocked n/a test-arm64-arm64-xl-xsm 1 build-check(1) blocked n/a build-arm64-libvirt 1 build-check(1) blocked n/a test-amd64-amd64-xl-qemuu-win7-amd64 19 guest-stop fail like 161832 test-amd64-i386-xl-qemut-win7-amd64 19 guest-stop fail like 161832 test-amd64-amd64-xl-qemut-win7-amd64 19 guest-stop fail like 161832 test-armhf-armhf-libvirt 16 saverestore-support-check fail like 161832 test-amd64-amd64-qemuu-nested-amd 20 debian-hvm-install/l1/l2 fail like 161832 test-amd64-amd64-xl-qemuu-ws16-amd64 19 guest-stop fail like 161832 test-amd64-amd64-xl-qemut-ws16-amd64 19 guest-stop fail like 161832 test-amd64-i386-xl-qemuu-win7-amd64 19 guest-stop fail like 161832 test-amd64-i386-xl-qemut-ws16-amd64 19 guest-stop fail like 161832 test-armhf-armhf-libvirt-raw 15 saverestore-support-check fail like 161832 test-amd64-i386-xl-qemuu-ws16-amd64 19 guest-stop fail like 161832 test-amd64-i386-libvirt-xsm 15 migrate-support-check fail never pass test-amd64-i386-xl-pvshim 14 guest-start fail never pass test-amd64-amd64-libvirt-xsm 15 migrate-support-check fail never pass test-amd64-amd64-libvirt 15 migrate-support-check fail never pass test-amd64-i386-libvirt 15 migrate-support-check fail never pass test-amd64-i386-libvirt-qemuu-debianhvm-amd64-xsm 13 migrate-support-check fail never pass test-amd64-amd64-libvirt-qemuu-debianhvm-amd64-xsm 13 migrate-support-check fail never pass test-armhf-armhf-xl-credit1 15 migrate-support-check fail never pass test-armhf-armhf-xl-credit1 16 saverestore-support-check fail never pass test-armhf-armhf-xl-arndale 15 migrate-support-check fail never pass test-armhf-armhf-xl-arndale 16 saverestore-support-check fail never pass test-armhf-armhf-xl-credit2 15 migrate-support-check fail never pass test-armhf-armhf-xl-credit2 16 saverestore-support-check fail never pass test-armhf-armhf-xl-multivcpu 15 migrate-support-check fail never pass test-armhf-armhf-xl-multivcpu 16 saverestore-support-check fail never pass test-amd64-amd64-libvirt-vhd 14 migrate-support-check fail never pass test-armhf-armhf-xl-rtds 15 migrate-support-check fail never pass test-armhf-armhf-xl-rtds 16 saverestore-support-check fail never pass test-armhf-armhf-xl 15 migrate-support-check fail never pass test-armhf-armhf-xl 16 saverestore-support-check fail never pass test-armhf-armhf-libvirt 15 migrate-support-check fail never pass test-armhf-armhf-xl-cubietruck 15 migrate-support-check fail never pass test-armhf-armhf-xl-cubietruck 16 saverestore-support-check fail never pass test-armhf-armhf-xl-vhd 14 migrate-support-check fail never pass test-armhf-armhf-xl-vhd 15 saverestore-support-check fail never pass test-armhf-armhf-libvirt-raw 14 migrate-support-check fail never pass version targeted for testing: linux 16022114de9869743d6304290815cdb8a8c7deaa baseline version: linux b5dbcd05792a4bad2c9bb3c4658c854e72c444b7 Last test of basis 161832 2021-05-07 09:10:55 Z 4 days Testing same since 161905 2021-05-11 12:11:22 Z 0 days 1 attempts ------------------------------------------------------------ People who touched revisions under test: Adrian Hunter <adrian.hun...@intel.com> Alan Stern <st...@rowland.harvard.edu> Alex Deucher <alexander.deuc...@amd.com> Alexander Lobakin <aloba...@pm.me> Alexander Shishkin <alexander.shish...@linux.intel.com> Aneesh Kumar K.V <aneesh.ku...@linux.ibm.com> Anirudh Rayabharam <m...@anirudhrb.com> Anson Jacob <anson.ja...@amd.com> Ard Biesheuvel <a...@kernel.org> Aric Cyr <aric....@amd.com> Arnd Bergmann <a...@arndb.de> Artur Petrosyan <arthur.petros...@synopsys.com> Arun Easi <ae...@marvell.com> Avri Altman <avri.alt...@wdc.com> Bart Van Assche <bvanass...@acm.org> Benjamin Block <bbl...@linux.ibm.com> Bill Wendling <mo...@google.com> Bindu Ramamurthy <bind...@amd.com> Bixuan Cui <cuibix...@huawei.com> Borislav Petkov <b...@suse.de> Brendan Peter <bpe...@lytx.com> Catalin Marinas <catalin.mari...@arm.com> Chaitanya Kulkarni <chaitanya.kulka...@wdc.com> Chanwoo Choi <cw00.c...@samsung.com> Chao Yu <yuch...@huawei.com> Charles Keepax <ckee...@opensource.cirrus.com> Chen Jun <chenjun...@huawei.com> Christian Brauner <christian.brau...@ubuntu.com> Christian König <christian.koe...@amd.com> Christoph Hellwig <h...@lst.de> Christophe JAILLET <christophe.jail...@wanadoo.fr> Chunfeng Yun <chunfeng....@mediatek.com> Colin Ian King <colin.k...@canonical.com> Daniel Niv <danieln...@gmail.com> Daniel Vetter <daniel.vet...@ffwll.ch> Daniel Wheeler <daniel.whee...@amd.com> dann frazier <dann.fraz...@canonical.com> David Bauer <m...@david-bauer.net> David E. Box <david.e....@linux.intel.com> David S. Miller <da...@davemloft.net> David Sterba <dste...@suse.com> Davide Caratti <dcara...@redhat.com> Dean Anderson <d...@sensoray.com> Dick Kennedy <dick.kenn...@broadcom.com> Dinghao Liu <dinghao....@zju.edu.cn> Dinh Nguyen <dingu...@kernel.org> Dmitry Torokhov <dmitry.torok...@gmail.com> Dmitry Vyukov <dvyu...@google.com> Dmytro Laktyushkin <dmytro.laktyush...@amd.com> Don Brace <don.br...@microchip.com> dongjian <dongj...@yulong.com> DooHyun Hwang <dh0421.hw...@samsung.com> Eckhart Mohr <e.m...@tuxedocomputers.com> Eelco Chaudron <echau...@redhat.com> Eric Biggers <ebigg...@google.com> Eryk Brol <eryk.b...@amd.com> Ewan D. Milne <emi...@redhat.com> Felipe Balbi <ba...@kernel.org> Fengnan Chang <changfeng...@vivo.com> Filipe Manana <fdman...@suse.com> Florian Fainelli <f.faine...@gmail.com> Gao Xiang <hsiang...@redhat.com> Gerd Hoffmann <kra...@redhat.com> Greg Kroah-Hartman <gre...@linuxfoundation.org> Gregory CLEMENT <gregory.clem...@bootlin.com> Guchun Chen <guchun.c...@amd.com> Guenter Roeck <li...@roeck-us.net> Guochun Mao <guochun....@mediatek.com> Hanjun Guo <guohan...@huawei.com> Hans de Goede <hdego...@redhat.com> Hans Verkuil <hverkuil-ci...@xs4all.nl> Hansem Ro <hanse...@outlook.com> Harald Freudenberger <fre...@linux.ibm.com> He Ying <heyin...@huawei.com> Heiko Carstens <h...@linux.ibm.com> Heinz Mauelshagen <hei...@redhat.com> Hemant Kumar <hema...@codeaurora.org> Herbert Xu <herb...@gondor.apana.org.au> Hillf Danton <hdan...@sina.com> Hui Tang <tanghu...@huawei.com> Ido Schimmel <ido...@nvidia.com> Jaegeuk Kim <jaeg...@kernel.org> Jakub Kicinski <k...@kernel.org> James Morris <jamor...@linux.microsoft.com> James Smart <jsmart2...@gmail.com> Jan Kara <j...@suse.cz> Jared Baldridge <j...@expunge.us> Jarkko Sakkinen <jar...@kernel.org> Jason Self <ja...@bluehome.net> Jeffrey Mitchell <jeffrey.mitch...@starlab.io> Jens Axboe <ax...@kernel.dk> Jens Wiklander <jens.wiklan...@linaro.org> Jerome Forissier <jer...@forissier.org> Jessica Yu <j...@kernel.org> Joe Thornber <e...@redhat.com> John Millikin <j...@john-millikin.com> Jon Hunter <jonath...@nvidia.com> Jonathan Kim <jonathan....@amd.com> Josef Bacik <jo...@toxicpanda.com> Julian Braha <julianbr...@gmail.com> Justin Tee <justin....@broadcom.com> Kai Stuhlemmer (ebee Engineering) <kai.stuhlem...@ebee.de> Kalle Valo <kv...@codeaurora.org> karthik alapati <m...@karthek.com> Kevin Barnett <kevin.barn...@microchip.com> Konstantin Kharlamov <hi-an...@yandex.ru> Laurent Pinchart <laurent.pinch...@ideasonboard.com> Lee Jones <lee.jo...@linaro.org> Lingutla Chandrasekhar <clingu...@codeaurora.org> Linus Torvalds <torva...@linux-foundation.org> Linux Kernel Functional Testing <l...@linaro.org> lizhe <lizh...@huawei.com> Luis Henriques <lhenriq...@suse.de> Luke D Jones <l...@ljones.dev> Luo Jiaxing <luojiax...@huawei.com> Lv Yunlong <lyl2...@mail.ustc.edu.cn> Lyude Paul <ly...@redhat.com> Mahesh Salgaonkar <mah...@linux.ibm.com> Marc Zyngier <m...@kernel.org> Marek Behún <ka...@kernel.org> Marek Vasut <ma...@denx.de> Marijn Suijten <marijn.suij...@somainline.org> Mark Brown <broo...@kernel.org> Mark Langsdorf <mlang...@redhat.com> Mark Rutland <mark.rutl...@arm.com> Martin K. Petersen <martin.peter...@oracle.com> Martin Wilck <mwi...@suse.com> Masahiro Yamada <masahi...@kernel.org> Mathias Nyman <mathias.ny...@linux.intel.com> Matthias Brugger <matthias....@gmail.com> Matthias Schiffer <matthias.schif...@ew.tq-group.com> Mauro Carvalho Chehab <mchehab+hua...@kernel.org> Maximilian Luz <luzmaximil...@gmail.com> Melissa Wen <melissa....@gmail.com> Michael Ellerman <m...@ellerman.id.au> Mike Snitzer <snit...@redhat.com> Miklos Szeredi <mszer...@redhat.com> Minas Harutyunyan <minas.harutyun...@synopsys.com> Ming-Hung Tsai <mt...@redhat.com> Miquel Raynal <miquel.ray...@bootlin.com> Muhammad Usama Anjum <musamaan...@gmail.com> Murthy Bhat <murthy.b...@microchip.com> Nathan Chancellor <nat...@kernel.org> Nick Desaulniers <ndesaulni...@google.com> Nilesh Javali <njav...@marvell.com> Paul Aurich <p...@darkrain42.org> Paul Clements <paul.cleme...@us.sios.com> Pavel Machek <pa...@denx.de> Pavel Machek <pa...@ucw.cz> Pavel Skripkin <paskrip...@gmail.com> Pawel Laszczak <paw...@cadence.com> Peilin Ye <yepeilin...@gmail.com> Peter Zijlstra (Intel) <pet...@infradead.org> Phil Calvin <p...@philcalvin.com> Phillip Potter <p...@philpotter.co.uk> Pradeep P V K <praga...@codeaurora.org> Qu Huang <jin...@126.com> Quinn Tran <qut...@marvell.com> Rafael J. Wysocki <rafael.j.wyso...@intel.com> Ricardo Ribalda <riba...@chromium.org> Richard Weinberger <rich...@nod.at> Rob Clark <robdcl...@chromium.org> Robin Murphy <robin.mur...@arm.com> Ruslan Bilovol <ruslan.bilo...@gmail.com> Russell King <rmk+ker...@armlinux.org.uk> Sakari Ailus <sakari.ai...@linux.intel.com> Sami Loone <s...@loone.fi> Sasha Levin <sas...@kernel.org> Saurav Kashyap <skash...@marvell.com> Sean Christopherson <sea...@google.com> Sean Young <s...@mess.org> Sebastian Reichel <sebastian.reic...@collabora.com> Sedat Dilek <sedat.di...@gmail.com> Seunghui Lee <sh043....@samsung.com> shaoyunl <shaoyun....@amd.com> Shixin Liu <liushix...@huawei.com> Shuah Khan <sk...@linuxfoundation.org> Solomon Chiu <solomon.c...@amd.com> Song Liu <s...@kernel.org> Sreekanth Reddy <sreekanth.re...@broadcom.com> Stefan Berger <stef...@linux.ibm.com> Stephen Boyd <sb...@kernel.org> Steve French <stfre...@microsoft.com> Steven Rostedt (VMware) <rost...@goodmis.org> Sudip Mukherjee <sudip.mukher...@codethink.co.uk> Takashi Iwai <ti...@suse.de> Theodore Ts'o <ty...@mit.edu> Thinh Nguyen <thinh.ngu...@synopsys.com> Thomas Gleixner <t...@linutronix.de> Thomas Zimmermann <tzimmerm...@suse.de> Tian Tao <tiant...@hisilicon.com> Timo Gurr <timo.g...@gmail.com> Todd Brandt <todd.e.bra...@linux.intel.com> Tony Ambardar <tony.ambar...@gmail.com> Tony Lindgren <t...@atomide.com> Trond Myklebust <trond.mykleb...@hammerspace.com> Tudor Ambarus <tudor.amba...@microchip.com> Tyler Hicks <c...@tyhicks.com> Ulf Hansson <ulf.hans...@linaro.org> Valentin Schneider <valentin.schnei...@arm.com> Vasily Gorbik <g...@linux.ibm.com> Vinod Koul <vk...@kernel.org> Vitaly Kuznetsov <vkuzn...@redhat.com> Vivek Goyal <vgo...@redhat.com> Wang Li <wangl...@huawei.com> Wei Yongjun <weiyongj...@huawei.com> Werner Sembach <w...@tuxedocomputers.com> Wesley Cheng <wch...@codeaurora.org> Will Deacon <w...@kernel.org> Xingui Yang <yangxin...@huawei.com> Yang Yang <yang.yan...@zte.com.cn> Yang Yingliang <yangyingli...@huawei.com> Zhang Yi <yi.zh...@huawei.com> jobs: build-amd64-xsm pass build-arm64-xsm broken build-i386-xsm pass build-amd64 pass build-arm64 broken build-armhf pass build-i386 pass build-amd64-libvirt pass build-arm64-libvirt blocked build-armhf-libvirt pass build-i386-libvirt pass build-amd64-pvops pass build-arm64-pvops broken build-armhf-pvops pass build-i386-pvops pass test-amd64-amd64-xl pass test-amd64-coresched-amd64-xl pass test-arm64-arm64-xl blocked test-armhf-armhf-xl pass test-amd64-i386-xl pass test-amd64-coresched-i386-xl pass test-amd64-amd64-libvirt-qemuu-debianhvm-amd64-xsm pass test-amd64-i386-libvirt-qemuu-debianhvm-amd64-xsm pass test-amd64-amd64-xl-qemut-stubdom-debianhvm-amd64-xsm pass test-amd64-i386-xl-qemut-stubdom-debianhvm-amd64-xsm pass test-amd64-amd64-xl-qemut-debianhvm-i386-xsm pass test-amd64-i386-xl-qemut-debianhvm-i386-xsm pass test-amd64-amd64-xl-qemuu-debianhvm-i386-xsm pass test-amd64-i386-xl-qemuu-debianhvm-i386-xsm pass test-amd64-amd64-libvirt-xsm pass test-arm64-arm64-libvirt-xsm blocked test-amd64-i386-libvirt-xsm pass test-amd64-amd64-xl-xsm pass test-arm64-arm64-xl-xsm blocked test-amd64-i386-xl-xsm pass test-amd64-amd64-qemuu-nested-amd fail test-amd64-amd64-xl-pvhv2-amd pass test-amd64-i386-qemut-rhel6hvm-amd pass test-amd64-i386-qemuu-rhel6hvm-amd pass test-amd64-amd64-dom0pvh-xl-amd pass test-amd64-amd64-xl-qemut-debianhvm-amd64 pass test-amd64-i386-xl-qemut-debianhvm-amd64 pass test-amd64-amd64-xl-qemuu-debianhvm-amd64 pass test-amd64-i386-xl-qemuu-debianhvm-amd64 pass test-amd64-i386-freebsd10-amd64 pass test-amd64-amd64-qemuu-freebsd11-amd64 pass test-amd64-amd64-qemuu-freebsd12-amd64 pass test-amd64-amd64-xl-qemuu-ovmf-amd64 pass test-amd64-i386-xl-qemuu-ovmf-amd64 pass test-amd64-amd64-xl-qemut-win7-amd64 fail test-amd64-i386-xl-qemut-win7-amd64 fail test-amd64-amd64-xl-qemuu-win7-amd64 fail test-amd64-i386-xl-qemuu-win7-amd64 fail test-amd64-amd64-xl-qemut-ws16-amd64 fail test-amd64-i386-xl-qemut-ws16-amd64 fail test-amd64-amd64-xl-qemuu-ws16-amd64 fail test-amd64-i386-xl-qemuu-ws16-amd64 fail test-armhf-armhf-xl-arndale pass test-amd64-amd64-xl-credit1 pass test-arm64-arm64-xl-credit1 blocked test-armhf-armhf-xl-credit1 pass test-amd64-amd64-xl-credit2 pass test-arm64-arm64-xl-credit2 blocked test-armhf-armhf-xl-credit2 pass test-armhf-armhf-xl-cubietruck pass test-amd64-amd64-xl-qemuu-dmrestrict-amd64-dmrestrict pass test-amd64-i386-xl-qemuu-dmrestrict-amd64-dmrestrict pass test-amd64-amd64-examine pass test-arm64-arm64-examine blocked test-armhf-armhf-examine pass test-amd64-i386-examine pass test-amd64-i386-freebsd10-i386 pass test-amd64-amd64-qemuu-nested-intel pass test-amd64-amd64-xl-pvhv2-intel pass test-amd64-i386-qemut-rhel6hvm-intel pass test-amd64-i386-qemuu-rhel6hvm-intel pass test-amd64-amd64-dom0pvh-xl-intel pass test-amd64-amd64-libvirt pass test-armhf-armhf-libvirt pass test-amd64-i386-libvirt pass test-amd64-amd64-xl-multivcpu pass test-armhf-armhf-xl-multivcpu pass test-amd64-amd64-pair pass test-amd64-i386-pair pass test-amd64-amd64-libvirt-pair pass test-amd64-i386-libvirt-pair pass test-amd64-amd64-amd64-pvgrub pass test-amd64-amd64-i386-pvgrub pass test-amd64-amd64-xl-pvshim pass test-amd64-i386-xl-pvshim fail test-amd64-amd64-pygrub pass test-amd64-amd64-xl-qcow2 pass test-armhf-armhf-libvirt-raw pass test-amd64-i386-xl-raw pass test-amd64-amd64-xl-rtds pass test-armhf-armhf-xl-rtds pass test-arm64-arm64-xl-seattle blocked test-amd64-amd64-xl-qemuu-debianhvm-amd64-shadow pass test-amd64-i386-xl-qemuu-debianhvm-amd64-shadow pass test-amd64-amd64-xl-shadow pass test-amd64-i386-xl-shadow pass test-arm64-arm64-xl-thunderx blocked test-amd64-amd64-libvirt-vhd pass test-armhf-armhf-xl-vhd pass ------------------------------------------------------------ sg-report-flight on osstest.test-lab.xenproject.org logs: /home/logs/logs images: /home/logs/images Logs, config files, etc. are available at http://logs.test-lab.xenproject.org/osstest/logs Explanation of these reports, and of osstest in general, is at http://xenbits.xen.org/gitweb/?p=osstest.git;a=blob;f=README.email;hb=master http://xenbits.xen.org/gitweb/?p=osstest.git;a=blob;f=README;hb=master Test harness code can be found at http://xenbits.xen.org/gitweb?p=osstest.git;a=summary broken-job build-arm64 broken broken-job build-arm64-pvops broken broken-job build-arm64-xsm broken broken-step build-arm64 host-install(4) broken-step build-arm64-pvops host-install(4) broken-step build-arm64-xsm host-install(4) Not pushing. (No revision log; it would be 5433 lines long.)