flight 161125 linux-5.4 real [real]
flight 161154 linux-5.4 real-retest [real]
http://logs.test-lab.xenproject.org/osstest/logs/161125/
http://logs.test-lab.xenproject.org/osstest/logs/161154/

Failures :-/ but no regressions.

Tests which are failing intermittently (not blocking):
 test-armhf-armhf-xl-credit2 18 guest-start/debian.repeat fail pass in 
161154-retest

Tests which did not succeed, but are not blocking:
 test-amd64-amd64-xl-qemuu-win7-amd64 19 guest-stop            fail like 160939
 test-amd64-i386-xl-qemut-win7-amd64 19 guest-stop             fail like 160939
 test-amd64-amd64-xl-qemut-win7-amd64 19 guest-stop            fail like 160939
 test-armhf-armhf-libvirt-raw 15 saverestore-support-check    fail  like 160939
 test-amd64-amd64-qemuu-nested-amd 20 debian-hvm-install/l1/l2 fail like 160939
 test-armhf-armhf-libvirt     16 saverestore-support-check    fail  like 160939
 test-amd64-amd64-xl-qemuu-ws16-amd64 19 guest-stop            fail like 160939
 test-amd64-amd64-xl-qemut-ws16-amd64 19 guest-stop            fail like 160939
 test-armhf-armhf-xl-rtds     18 guest-start/debian.repeat    fail  like 160939
 test-amd64-i386-xl-qemuu-win7-amd64 19 guest-stop             fail like 160939
 test-amd64-i386-xl-qemut-ws16-amd64 19 guest-stop             fail like 160939
 test-amd64-i386-xl-qemuu-ws16-amd64 19 guest-stop             fail like 160939
 test-amd64-i386-libvirt-xsm  15 migrate-support-check        fail   never pass
 test-amd64-i386-xl-pvshim    14 guest-start                  fail   never pass
 test-amd64-amd64-libvirt     15 migrate-support-check        fail   never pass
 test-amd64-amd64-libvirt-xsm 15 migrate-support-check        fail   never pass
 test-arm64-arm64-xl          15 migrate-support-check        fail   never pass
 test-arm64-arm64-xl          16 saverestore-support-check    fail   never pass
 test-arm64-arm64-xl-seattle  15 migrate-support-check        fail   never pass
 test-arm64-arm64-xl-seattle  16 saverestore-support-check    fail   never pass
 test-amd64-i386-libvirt      15 migrate-support-check        fail   never pass
 test-armhf-armhf-xl-multivcpu 15 migrate-support-check        fail  never pass
 test-armhf-armhf-xl-multivcpu 16 saverestore-support-check    fail  never pass
 test-arm64-arm64-xl-credit1  15 migrate-support-check        fail   never pass
 test-arm64-arm64-xl-credit2  15 migrate-support-check        fail   never pass
 test-arm64-arm64-xl-credit2  16 saverestore-support-check    fail   never pass
 test-arm64-arm64-xl-credit1  16 saverestore-support-check    fail   never pass
 test-arm64-arm64-xl-xsm      15 migrate-support-check        fail   never pass
 test-arm64-arm64-xl-xsm      16 saverestore-support-check    fail   never pass
 test-arm64-arm64-xl-thunderx 15 migrate-support-check        fail   never pass
 test-arm64-arm64-xl-thunderx 16 saverestore-support-check    fail   never pass
 test-arm64-arm64-libvirt-xsm 15 migrate-support-check        fail   never pass
 test-arm64-arm64-libvirt-xsm 16 saverestore-support-check    fail   never pass
 test-amd64-amd64-libvirt-qemuu-debianhvm-amd64-xsm 13 migrate-support-check 
fail never pass
 test-armhf-armhf-xl-credit2  15 migrate-support-check        fail   never pass
 test-armhf-armhf-xl-credit2  16 saverestore-support-check    fail   never pass
 test-armhf-armhf-xl-arndale  15 migrate-support-check        fail   never pass
 test-armhf-armhf-xl-arndale  16 saverestore-support-check    fail   never pass
 test-amd64-i386-libvirt-qemuu-debianhvm-amd64-xsm 13 migrate-support-check 
fail never pass
 test-amd64-amd64-libvirt-vhd 14 migrate-support-check        fail   never pass
 test-armhf-armhf-xl-rtds     15 migrate-support-check        fail   never pass
 test-armhf-armhf-xl-rtds     16 saverestore-support-check    fail   never pass
 test-armhf-armhf-xl          15 migrate-support-check        fail   never pass
 test-armhf-armhf-xl          16 saverestore-support-check    fail   never pass
 test-armhf-armhf-xl-credit1  15 migrate-support-check        fail   never pass
 test-armhf-armhf-xl-credit1  16 saverestore-support-check    fail   never pass
 test-armhf-armhf-xl-cubietruck 15 migrate-support-check        fail never pass
 test-armhf-armhf-xl-cubietruck 16 saverestore-support-check    fail never pass
 test-armhf-armhf-libvirt-raw 14 migrate-support-check        fail   never pass
 test-armhf-armhf-libvirt     15 migrate-support-check        fail   never pass
 test-armhf-armhf-xl-vhd      14 migrate-support-check        fail   never pass
 test-armhf-armhf-xl-vhd      15 saverestore-support-check    fail   never pass

version targeted for testing:
 linux                8f55ad4daf001b6ee8ddf672e14475a35403b258
baseline version:
 linux                a49e5ea5e0450a3feb1aaae2554dcbc3d20eee38

Last test of basis   160939  2021-04-11 04:44:49 Z    3 days
Testing same since   161125  2021-04-14 07:10:15 Z    0 days    1 attempts

------------------------------------------------------------
People who touched revisions under test:
  Adrian Hunter <adrian.hun...@intel.com>
  Ahmed S. Darwish <a.darw...@linutronix.de>
  Al Viro <v...@zeniv.linux.org.uk>
  Aleksandr Loktionov <aleksandr.loktio...@intel.com>
  Alexander Aring <aahri...@redhat.com>
  Alexander Gordeev <agord...@linux.ibm.com>
  Andrew Morton <a...@linux-foundation.org>
  Andy Shevchenko <andriy.shevche...@linux.intel.com>
  Anirudh Rayabharam <m...@anirudhrb.com>
  Arkadiusz Kubalewski <arkadiusz.kubalew...@intel.com>
  Arnaldo Carvalho de Melo <a...@redhat.com>
  Arnd Bergmann <a...@arndb.de>
  Aya Levin <a...@nvidia.com>
  Bart Van Assche <bvanass...@acm.org>
  Bastian Germann <b...@linutronix.de>
  Bean Huo <bean...@micron.com>
  Boris Ostrovsky <boris.ostrov...@oracle.com>
  Borislav Petkov <b...@suse.de>
  Can Guo <c...@codeaurora.org>
  Charles Keepax <ckee...@opensource.cirrus.com>
  Claudiu Beznea <claudiu.bez...@microchip.com>
  Claudiu Manoil <claudiu.man...@nxp.com>
  Daniel Borkmann <dan...@iogearbox.net>
  Daniel Jurgens <dani...@mellanox.com>
  Dave Switzer <david.swit...@intel.com>
  David S. Miller <da...@davemloft.net>
  Dawid Lukwinski <dawid.lukwin...@intel.com>
  Dinh Nguyen <dingu...@kernel.org>
  Du Cheng <duche...@gmail.com>
  Eddie James <eaja...@linux.ibm.com>
  Eric Dumazet <eduma...@google.com>
  Eryk Rybak <eryk.roch.ry...@intel.com>
  Eyal Birger <eyal.bir...@gmail.com>
  Fabio Pricoco <fabio.pric...@intel.com>
  Fabrice Gasnier <fabrice.gasn...@foss.st.com>
  Florian Fainelli <f.faine...@gmail.com>
  Gao Xiang <hsiang...@redhat.com>
  Geert Uytterhoeven <geert+rene...@glider.be>
  Greentime Hu <green...@gmail.com>
  Greg Kroah-Hartman <gre...@linuxfoundation.org>
  Gregory CLEMENT <gregory.clem...@bootlin.com>
  Grzegorz Szczurek <grzegorzx.szczu...@intel.com>
  Guangbin Huang <huangguangb...@huawei.com>
  Guennadi Liakhovetski <guennadi.liakhovet...@linux.intel.com>
  Guenter Roeck <li...@roeck-us.net>
  Haiyue Wang <haiyue.w...@intel.com>
  Hans de Goede <hdego...@redhat.com>
  Hauke Mehrtens <ha...@hauke-m.de>
  Heiko Carstens <h...@linux.ibm.com>
  Helge Deller <del...@gmx.de>
  Huazhong Tan <tanhuazh...@huawei.com>
  Hulk Robot <hulkro...@huawei.com>
  Ilya Leoshkevich <i...@linux.ibm.com>
  Ilya Maximets <i.maxim...@ovn.org>
  Jacek Bułatek <jacekx.bula...@intel.com>
  Jack Qiu <jack....@huawei.com>
  Jason Gunthorpe <j...@nvidia.com>
  Jason Self <ja...@bluehome.net>
  Jason Wang <jasow...@redhat.com>
  Jiri Olsa <jo...@redhat.com>
  Johannes Berg <johannes.b...@intel.com>
  John Fastabend <john.fastab...@gmail.com>
  Jon Hunter <jonath...@nvidia.com>
  Jonas Holmberg <jona...@axis.com>
  Jonathan Cameron <jonathan.came...@huawei.com>
  Klaus Kudielka <klaus.kudie...@gmail.com>
  Konrad Jankowski <konrad0.jankow...@intel.com>
  Krzysztof Kozlowski <krzysztof.kozlow...@canonical.com>
  Kumar Kartikeya Dwivedi <mem...@gmail.com>
  Kurt Kanzenbach <k...@linutronix.de>
  Kurt Van Dijck <dev.k...@vandijck-laurijssen.be>
  Leon Romanovsky <leo...@nvidia.com>
  Linus Torvalds <torva...@linux-foundation.org>
  Linux Kernel Functional Testing <l...@linaro.org>
  Louis Peens <louis.pe...@corigine.com>
  Luca Fancellu <luca.fance...@arm.com>
  Lukasz Bartosik <l...@semihalf.com>
  Lv Yunlong <lyl2...@mail.ustc.edu.cn>
  Maciej Żenczykowski <m...@google.com>
  Marc Kleine-Budde <m...@pengutronix.de>
  Marek Behún <ka...@kernel.org>
  Mark Bloch <mbl...@nvidia.com>
  Mark Brown <broo...@kernel.org>
  Martin Blumenstingl <martin.blumensti...@googlemail.com>
  Martin K. Petersen <martin.peter...@oracle.com>
  Mateusz Palczewski <mateusz.palczew...@intel.com>
  Michael S. Tsirkin <m...@redhat.com>
  Mike Rapoport <r...@linux.ibm.com>
  Milton Miller <milt...@us.ibm.com>
  Muhammad Usama Anjum <musamaan...@gmail.com>
  Nick Desaulniers <ndesaulni...@google.com>
  Nicolas Ferre <nicolas.fe...@microchip.com>
  Norman Maurer <norman_mau...@apple.com>
  Oliver Hartkopp <socket...@hartkopp.net>
  Oliver Stäbler <oliver.staeb...@bytesatwork.ch>
  Paolo Abeni <pab...@redhat.com>
  Pavel Skripkin <paskrip...@gmail.com>
  Pavel Tikhomirov <ptikhomi...@virtuozzo.com>
  Payal Kshirsagar <payalskshirsagar1...@gmail.com>
  Phillip Potter <p...@philpotter.co.uk>
  Pierre-Louis Bossart <pierre-louis.boss...@linux.intel.com>
  Potnuri Bharat Teja <bha...@chelsio.com>
  Prasad Sodagudi <psoda...@quicinc.com>
  Raed Salem <ra...@nvidia.com>
  Rafał Miłecki <ra...@milecki.pl>
  Rahul Lakkireddy <rahul.lakkire...@chelsio.com>
  Richard Weinberger <rich...@nod.at>
  Rob Clark <robdcl...@chromium.org>
  Rob Herring <r...@kernel.org>
  Robert Malz <robertx.m...@intel.com>
  Rodrigo Vivi <rodrigo.v...@intel.com>
  Rui Salvaterra <rsalvate...@gmail.com>
  Saeed Mahameed <sae...@nvidia.com>
  Sasha Levin <sas...@kernel.org>
  Sergei Trofimovich <sly...@gentoo.org>
  Shawn Guo <shawn...@kernel.org>
  Shengjiu Wang <shengjiu.w...@nxp.com>
  Shuah Khan <sk...@linuxfoundation.org>
  Shyam Sundar S K <shyam-sundar....@amd.com>
  Simon Horman <simon.hor...@netronome.com>
  Stefan Riedmueller <s.riedmuel...@phytec.de>
  Stefan Schmidt <ste...@datenfreihafen.org>
  Steffen Klassert <steffen.klass...@secunet.com>
  Stephen Boyd <sb...@kernel.org>
  Stephen Boyd <swb...@chromium.org>
  Sudip Mukherjee <sudip.mukher...@codethink.co.uk>
  Sudip Mukherjee <sudipm.mukher...@gmail.com>
  Sven Eckelmann <s...@narfation.org>
  syzbot <syzbot+50ee810676e6a0894...@syzkaller.appspotmail.com>
  syzbot+c49fe6089f295a05e...@syzkaller.appspotmail.com
  Takashi Iwai <ti...@suse.de>
  Tejun Heo <t...@kernel.org>
  Tetsuo Handa <penguin-ker...@i-love.sakura.ne.jp>
  Toke Høiland-Jørgensen <t...@redhat.com>
  Tom Lendacky <thomas.lenda...@amd.com>
  Tonghao Zhang <xiangxia.m....@gmail.com>
  Tony Brelinski <tonyx.brelin...@intel.com>
  Tony Nguyen <anthony.l.ngu...@intel.com>
  Venkat Gopalakrishnan <venk...@codeaurora.org>
  Ville Syrjälä <ville.syrj...@linux.intel.com>
  Wengang Wang <wen.gang.w...@oracle.com>
  William Breathitt Gray <vilhelm.g...@gmail.com>
  William Roche <william.ro...@oracle.com>
  Wolfram Sang <wsa+rene...@sang-engineering.com>
  Wolfram Sang <w...@kernel.org>
  Xiaoming Ni <nixiaom...@huawei.com>
  Xin Long <lucien....@gmail.com>
  Yinjun Zhang <yinjun.zh...@corigine.com>
  Yuya Kusakabe <yuya.kusak...@gmail.com>
  Zheng Yongjun <zhengyongj...@huawei.com>
  Zqiang <qiang.zh...@windriver.com>

jobs:
 build-amd64-xsm                                              pass    
 build-arm64-xsm                                              pass    
 build-i386-xsm                                               pass    
 build-amd64                                                  pass    
 build-arm64                                                  pass    
 build-armhf                                                  pass    
 build-i386                                                   pass    
 build-amd64-libvirt                                          pass    
 build-arm64-libvirt                                          pass    
 build-armhf-libvirt                                          pass    
 build-i386-libvirt                                           pass    
 build-amd64-pvops                                            pass    
 build-arm64-pvops                                            pass    
 build-armhf-pvops                                            pass    
 build-i386-pvops                                             pass    
 test-amd64-amd64-xl                                          pass    
 test-amd64-coresched-amd64-xl                                pass    
 test-arm64-arm64-xl                                          pass    
 test-armhf-armhf-xl                                          pass    
 test-amd64-i386-xl                                           pass    
 test-amd64-coresched-i386-xl                                 pass    
 test-amd64-amd64-libvirt-qemuu-debianhvm-amd64-xsm           pass    
 test-amd64-i386-libvirt-qemuu-debianhvm-amd64-xsm            pass    
 test-amd64-amd64-xl-qemut-stubdom-debianhvm-amd64-xsm        pass    
 test-amd64-i386-xl-qemut-stubdom-debianhvm-amd64-xsm         pass    
 test-amd64-amd64-xl-qemut-debianhvm-i386-xsm                 pass    
 test-amd64-i386-xl-qemut-debianhvm-i386-xsm                  pass    
 test-amd64-amd64-xl-qemuu-debianhvm-i386-xsm                 pass    
 test-amd64-i386-xl-qemuu-debianhvm-i386-xsm                  pass    
 test-amd64-amd64-libvirt-xsm                                 pass    
 test-arm64-arm64-libvirt-xsm                                 pass    
 test-amd64-i386-libvirt-xsm                                  pass    
 test-amd64-amd64-xl-xsm                                      pass    
 test-arm64-arm64-xl-xsm                                      pass    
 test-amd64-i386-xl-xsm                                       pass    
 test-amd64-amd64-qemuu-nested-amd                            fail    
 test-amd64-amd64-xl-pvhv2-amd                                pass    
 test-amd64-i386-qemut-rhel6hvm-amd                           pass    
 test-amd64-i386-qemuu-rhel6hvm-amd                           pass    
 test-amd64-amd64-dom0pvh-xl-amd                              pass    
 test-amd64-amd64-xl-qemut-debianhvm-amd64                    pass    
 test-amd64-i386-xl-qemut-debianhvm-amd64                     pass    
 test-amd64-amd64-xl-qemuu-debianhvm-amd64                    pass    
 test-amd64-i386-xl-qemuu-debianhvm-amd64                     pass    
 test-amd64-i386-freebsd10-amd64                              pass    
 test-amd64-amd64-qemuu-freebsd11-amd64                       pass    
 test-amd64-amd64-qemuu-freebsd12-amd64                       pass    
 test-amd64-amd64-xl-qemuu-ovmf-amd64                         pass    
 test-amd64-i386-xl-qemuu-ovmf-amd64                          pass    
 test-amd64-amd64-xl-qemut-win7-amd64                         fail    
 test-amd64-i386-xl-qemut-win7-amd64                          fail    
 test-amd64-amd64-xl-qemuu-win7-amd64                         fail    
 test-amd64-i386-xl-qemuu-win7-amd64                          fail    
 test-amd64-amd64-xl-qemut-ws16-amd64                         fail    
 test-amd64-i386-xl-qemut-ws16-amd64                          fail    
 test-amd64-amd64-xl-qemuu-ws16-amd64                         fail    
 test-amd64-i386-xl-qemuu-ws16-amd64                          fail    
 test-armhf-armhf-xl-arndale                                  pass    
 test-amd64-amd64-xl-credit1                                  pass    
 test-arm64-arm64-xl-credit1                                  pass    
 test-armhf-armhf-xl-credit1                                  pass    
 test-amd64-amd64-xl-credit2                                  pass    
 test-arm64-arm64-xl-credit2                                  pass    
 test-armhf-armhf-xl-credit2                                  fail    
 test-armhf-armhf-xl-cubietruck                               pass    
 test-amd64-amd64-xl-qemuu-dmrestrict-amd64-dmrestrict        pass    
 test-amd64-i386-xl-qemuu-dmrestrict-amd64-dmrestrict         pass    
 test-amd64-amd64-examine                                     pass    
 test-arm64-arm64-examine                                     pass    
 test-armhf-armhf-examine                                     pass    
 test-amd64-i386-examine                                      pass    
 test-amd64-i386-freebsd10-i386                               pass    
 test-amd64-amd64-qemuu-nested-intel                          pass    
 test-amd64-amd64-xl-pvhv2-intel                              pass    
 test-amd64-i386-qemut-rhel6hvm-intel                         pass    
 test-amd64-i386-qemuu-rhel6hvm-intel                         pass    
 test-amd64-amd64-dom0pvh-xl-intel                            pass    
 test-amd64-amd64-libvirt                                     pass    
 test-armhf-armhf-libvirt                                     pass    
 test-amd64-i386-libvirt                                      pass    
 test-amd64-amd64-xl-multivcpu                                pass    
 test-armhf-armhf-xl-multivcpu                                pass    
 test-amd64-amd64-pair                                        pass    
 test-amd64-i386-pair                                         pass    
 test-amd64-amd64-libvirt-pair                                pass    
 test-amd64-i386-libvirt-pair                                 pass    
 test-amd64-amd64-amd64-pvgrub                                pass    
 test-amd64-amd64-i386-pvgrub                                 pass    
 test-amd64-amd64-xl-pvshim                                   pass    
 test-amd64-i386-xl-pvshim                                    fail    
 test-amd64-amd64-pygrub                                      pass    
 test-amd64-amd64-xl-qcow2                                    pass    
 test-armhf-armhf-libvirt-raw                                 pass    
 test-amd64-i386-xl-raw                                       pass    
 test-amd64-amd64-xl-rtds                                     pass    
 test-armhf-armhf-xl-rtds                                     fail    
 test-arm64-arm64-xl-seattle                                  pass    
 test-amd64-amd64-xl-qemuu-debianhvm-amd64-shadow             pass    
 test-amd64-i386-xl-qemuu-debianhvm-amd64-shadow              pass    
 test-amd64-amd64-xl-shadow                                   pass    
 test-amd64-i386-xl-shadow                                    pass    
 test-arm64-arm64-xl-thunderx                                 pass    
 test-amd64-amd64-libvirt-vhd                                 pass    
 test-armhf-armhf-xl-vhd                                      pass    


------------------------------------------------------------
sg-report-flight on osstest.test-lab.xenproject.org
logs: /home/logs/logs
images: /home/logs/images

Logs, config files, etc. are available at
    http://logs.test-lab.xenproject.org/osstest/logs

Explanation of these reports, and of osstest in general, is at
    http://xenbits.xen.org/gitweb/?p=osstest.git;a=blob;f=README.email;hb=master
    http://xenbits.xen.org/gitweb/?p=osstest.git;a=blob;f=README;hb=master

Test harness code can be found at
    http://xenbits.xen.org/gitweb?p=osstest.git;a=summary


Pushing revision :

hint: The 'hooks/update' hook was ignored because it's not set as executable.
hint: You can disable this warning with `git config advice.ignoredHook false`.
hint: The 'hooks/post-receive' hook was ignored because it's not set as 
executable.
hint: You can disable this warning with `git config advice.ignoredHook false`.
hint: The 'hooks/post-update' hook was ignored because it's not set as 
executable.
hint: You can disable this warning with `git config advice.ignoredHook false`.
To xenbits.xen.org:/home/xen/git/linux-pvops.git
   a49e5ea5e045..8f55ad4daf00  8f55ad4daf001b6ee8ddf672e14475a35403b258 -> 
tested/linux-5.4

Reply via email to