flight 160116 linux-5.4 real [real]
http://logs.test-lab.xenproject.org/osstest/logs/160116/

Failures :-/ but no regressions.

Tests which did not succeed, but are not blocking:
 test-amd64-amd64-xl-qemuu-win7-amd64 19 guest-stop            fail like 159939
 test-amd64-amd64-xl-qemut-win7-amd64 19 guest-stop            fail like 159939
 test-amd64-i386-xl-qemut-win7-amd64 19 guest-stop             fail like 159939
 test-armhf-armhf-libvirt     16 saverestore-support-check    fail  like 159939
 test-amd64-amd64-qemuu-nested-amd 20 debian-hvm-install/l1/l2 fail like 159939
 test-amd64-amd64-xl-qemuu-ws16-amd64 19 guest-stop            fail like 159939
 test-amd64-amd64-xl-qemut-ws16-amd64 19 guest-stop            fail like 159939
 test-amd64-i386-xl-qemuu-win7-amd64 19 guest-stop             fail like 159939
 test-amd64-i386-xl-qemut-ws16-amd64 19 guest-stop             fail like 159939
 test-armhf-armhf-libvirt-raw 15 saverestore-support-check    fail  like 159939
 test-amd64-i386-xl-qemuu-ws16-amd64 19 guest-stop             fail like 159939
 test-amd64-i386-xl-pvshim    14 guest-start                  fail   never pass
 test-amd64-amd64-libvirt-xsm 15 migrate-support-check        fail   never pass
 test-amd64-amd64-libvirt     15 migrate-support-check        fail   never pass
 test-arm64-arm64-xl-seattle  15 migrate-support-check        fail   never pass
 test-arm64-arm64-xl-seattle  16 saverestore-support-check    fail   never pass
 test-amd64-i386-libvirt-xsm  15 migrate-support-check        fail   never pass
 test-amd64-i386-libvirt      15 migrate-support-check        fail   never pass
 test-arm64-arm64-xl-credit2  15 migrate-support-check        fail   never pass
 test-arm64-arm64-xl-xsm      15 migrate-support-check        fail   never pass
 test-arm64-arm64-xl-credit2  16 saverestore-support-check    fail   never pass
 test-arm64-arm64-xl-xsm      16 saverestore-support-check    fail   never pass
 test-arm64-arm64-xl          15 migrate-support-check        fail   never pass
 test-arm64-arm64-xl          16 saverestore-support-check    fail   never pass
 test-arm64-arm64-xl-credit1  15 migrate-support-check        fail   never pass
 test-arm64-arm64-xl-credit1  16 saverestore-support-check    fail   never pass
 test-arm64-arm64-xl-thunderx 15 migrate-support-check        fail   never pass
 test-arm64-arm64-xl-thunderx 16 saverestore-support-check    fail   never pass
 test-arm64-arm64-libvirt-xsm 15 migrate-support-check        fail   never pass
 test-arm64-arm64-libvirt-xsm 16 saverestore-support-check    fail   never pass
 test-armhf-armhf-xl-vhd      14 migrate-support-check        fail   never pass
 test-armhf-armhf-xl-vhd      15 saverestore-support-check    fail   never pass
 test-armhf-armhf-xl-arndale  15 migrate-support-check        fail   never pass
 test-armhf-armhf-xl-arndale  16 saverestore-support-check    fail   never pass
 test-amd64-amd64-libvirt-qemuu-debianhvm-amd64-xsm 13 migrate-support-check 
fail never pass
 test-amd64-i386-libvirt-qemuu-debianhvm-amd64-xsm 13 migrate-support-check 
fail never pass
 test-amd64-amd64-libvirt-vhd 14 migrate-support-check        fail   never pass
 test-armhf-armhf-xl-credit2  15 migrate-support-check        fail   never pass
 test-armhf-armhf-xl-credit2  16 saverestore-support-check    fail   never pass
 test-armhf-armhf-xl          15 migrate-support-check        fail   never pass
 test-armhf-armhf-xl          16 saverestore-support-check    fail   never pass
 test-armhf-armhf-xl-multivcpu 15 migrate-support-check        fail  never pass
 test-armhf-armhf-xl-multivcpu 16 saverestore-support-check    fail  never pass
 test-armhf-armhf-xl-credit1  15 migrate-support-check        fail   never pass
 test-armhf-armhf-xl-credit1  16 saverestore-support-check    fail   never pass
 test-armhf-armhf-libvirt     15 migrate-support-check        fail   never pass
 test-armhf-armhf-xl-cubietruck 15 migrate-support-check        fail never pass
 test-armhf-armhf-xl-cubietruck 16 saverestore-support-check    fail never pass
 test-armhf-armhf-xl-rtds     15 migrate-support-check        fail   never pass
 test-armhf-armhf-xl-rtds     16 saverestore-support-check    fail   never pass
 test-armhf-armhf-libvirt-raw 14 migrate-support-check        fail   never pass

version targeted for testing:
 linux                0437de26e28dd844f51fde7a749a82cb2d3694ad
baseline version:
 linux                ce615a08404c821bcb3c6f358b8f34307bfe30c9

Last test of basis   159939  2021-03-11 13:40:17 Z    6 days
Testing same since   160116  2021-03-17 16:11:22 Z    0 days    1 attempts

------------------------------------------------------------
People who touched revisions under test:
  Abhishek Sahu <abhs...@nvidia.com>
  Adrian Hunter <adrian.hun...@intel.com>
  Al Viro <v...@zeniv.linux.org.uk>
  Alain Volmat <alain.vol...@foss.st.com>
  Aleksandr Miloserdov <a.miloser...@yadro.com>
  Andreas Kempe <ke...@lysator.liu.se>
  Andreas Larsson <andr...@gaisler.com>
  Andrew Morton <a...@linux-foundation.org>
  Andrey Konovalov <andreyk...@google.com>
  Andy Shevchenko <andriy.shevche...@linux.intel.com>
  Anna Schumaker <anna.schuma...@netapp.com>
  Anna-Maria Behnsen <anna-ma...@linutronix.de>
  Anshuman Khandual <anshuman.khand...@arm.com>
  Antony Antony <ant...@phenome.org>
  Ard Biesheuvel <a...@kernel.org>
  Arnaldo Carvalho de Melo <a...@redhat.com>
  Arnd Bergmann <a...@arndb.de>
  Artem Lapkin <a...@khadas.com>
  Athira Rajeev <atraj...@linux.vnet.ibm.com>
  Balazs Nemeth <bnem...@redhat.com>
  Benjamin Coddington <bcodd...@redhat.com>
  Bernhard <bernhard.gebetsber...@gmx.at>
  Biju Das <biju.das...@bp.renesas.com>
  Bjoern Walk <bw...@linux.ibm.com>
  Bjorn Helgaas <bhelg...@google.com>
  Björn Töpel <bjorn.to...@intel.com>
  Bjørn Mork <bj...@mork.no>
  Boris Ostrovsky <boris.ostrov...@oracle.com>
  Borislav Petkov <b...@suse.de>
  Catalin Marinas <catalin.mari...@arm.com>
  Chaotian Jing <chaotian.j...@mediatek.com>
  Christian Brauner <christian.brau...@ubuntu.com>
  Christian Hewitt <christianshew...@gmail.com>
  Christoph Hellwig <h...@lst.de>
  Christoph Lameter <c...@linux.com>
  Christophe JAILLET <christophe.jail...@wanadoo.fr>
  Christophe Leroy <christophe.le...@csgroup.eu>
  Colin Ian King <colin.k...@canonical.com>
  Daiyue Zhang <zhangdaiy...@huawei.com>
  Dan Carpenter <dan.carpen...@oracle.com>
  Daniel Borkmann <dan...@iogearbox.net>
  Daniel Vetter <daniel.vet...@ffwll.ch>
  Daniel Vetter <daniel.vet...@intel.com>
  Daniele Palmas <dnl...@gmail.com>
  Danielle Ratson <daniel...@nvidia.com>
  David Hildenbrand <da...@redhat.com>
  David S. Miller <da...@davemloft.net>
  Dmitry Baryshkov <dmitry.barysh...@linaro.org>
  Dmitry Torokhov <dmitry.torok...@gmail.com>
  Dmitry V. Levin <l...@altlinux.org>
  Dmitry Vyukov <dvyu...@google.com>
  Edwin Peer <edwin.p...@broadcom.com>
  Eric Dumazet <eduma...@google.com>
  Eric Farman <far...@linux.ibm.com>
  Eric W. Biederman <ebied...@xmission.com>
  Felix Fietkau <n...@nbd.name>
  Filipe Laíns <la...@riseup.net>
  Florian Fainelli <f.faine...@gmail.com>
  Florian Westphal <f...@strlen.de>
  Forest Crossman <cyro...@gmail.com>
  Frank Li <frank...@nxp.com>
  Frank Li <lzn...@gmail.com>
  Ge Qiu <qi...@huawei.com>
  Geert Uytterhoeven <geert+rene...@glider.be>
  Gerd Hoffmann <kra...@redhat.com>
  Greg Kroah-Hartman <gre...@linuxfoundation.org>
  Greg Kurz <gr...@kaod.org>
  Guangbin Huang <huangguangb...@huawei.com>
  Guenter Roeck <li...@roeck-us.net>
  Hangbin Liu <liuhang...@gmail.com>
  Hans de Goede <hdego...@redhat.com>
  Hans Verkuil <hverkuil-ci...@xs4all.nl>
  Hans Verkuil <hverk...@xs4all.nl>
  Heikki Krogerus <heikki.kroge...@linux.intel.com>
  Heiko Carstens <h...@linux.ibm.com>
  Helge Deller <del...@gmx.de>
  Hillf Danton <hdan...@sina.com>
  Huazhong Tan <tanhuazh...@huawei.com>
  Hulk Robot <hulkro...@huawei.com>
  Ian Abbott <abbo...@mev.co.uk>
  Ian Rogers <irog...@google.com>
  Ido Schimmel <ido...@nvidia.com>
  Ingo Molnar <mi...@kernel.org>
  Ivan Babrou <i...@cloudflare.com>
  Jakub Kicinski <k...@kernel.org>
  Jan Kara <j...@suse.cz>
  Jason Self <ja...@bluehome.net>
  Jens Axboe <ax...@kernel.dk>
  Jia-Ju Bai <baijiaju1...@gmail.com>
  Jian Shen <shenjia...@huawei.com>
  Jiri Kosina <jkos...@suse.cz>
  Jiri Wiesner <jwies...@suse.com>
  Joakim Zhang <qiangqing.zh...@nxp.com>
  Joerg Roedel <jroe...@suse.de>
  Johan Hovold <jo...@kernel.org>
  John Ernberg <john.ernb...@actia.se>
  John Fastabend <john.fastab...@gmail.com>
  Jon Hunter <jonath...@nvidia.com>
  Josh Poimboeuf <jpoim...@redhat.com>
  Juergen Gross <jgr...@suse.com>
  Kalle Valo <kv...@codeaurora.org>
  Karan Singhal <karan.sing...@acuitybrands.com>
  Keita Suzuki <keitasuzuki.p...@sslab.ics.keio.ac.jp>
  Keith Busch <kbu...@kernel.org>
  Kevin Hilman <khil...@baylibre.com>
  Kevin(Yudong) Yang <y...@google.com>
  Khalid Aziz <khalid.a...@oracle.com>
  Krzysztof Wilczyński <k...@linux.com>
  Lee Gibson <lee...@gmail.com>
  Lin Feng <l...@wangsu.com>
  Linus Torvalds <torva...@linux-foundation.org>
  Linux Kernel Functional Testing <l...@linaro.org>
  Lior Ribak <liorri...@gmail.com>
  Lorenzo Bianconi <lore...@kernel.org>
  Lorenzo Colitti <lore...@google.com>
  Lorenzo Pieralisi <lorenzo.pieral...@arm.com>
  Lubomir Rintel <lkund...@v3.sk>
  Maarten Lankhorst <maarten.lankho...@linux.intel.com>
  Maciej Fijalkowski <maciej.fijalkow...@intel.com>
  Marc Kleine-Budde <m...@pengutronix.de>
  Marc Zyngier <m...@kernel.org>
  Mark Brown <broo...@kernel.org>
  Martin K. Petersen <martin.peter...@oracle.com>
  Martin Kaiser <mar...@kaiser.cx>
  Martin Schiller <m...@dev.tdt.de>
  Masahiro Yamada <masahi...@kernel.org>
  Mathias Nyman <mathias.ny...@linux.intel.com>
  Mathieu Desnoyers <mathieu.desnoy...@efficios.com>
  Matthew Wilcox (Oracle) <wi...@infradead.org>
  Matthias Kaehlcke <m...@chromium.org>
  Mauro Carvalho Chehab <mchehab+hua...@kernel.org>
  Maxim Mikityanskiy <maxtra...@gmail.com>
  Maxime Ripard <mrip...@kernel.org>
  Maximilian Heyne <mhe...@amazon.de>
  Michael Chan <michael.c...@broadcom.com>
  Michael Ellerman <m...@ellerman.id.au>
  Michael Walle <mich...@walle.cc>
  Michal Hocko <mho...@suse.com>
  Mika Westerberg <mika.westerb...@linux.intel.com>
  Mikael Beckius <mikael.beck...@windriver.com>
  Mike Christie <michael.chris...@oracle.com>
  Mike Rapoport <r...@linux.ibm.com>
  Minchan Kim <minc...@kernel.org>
  Namhyung Kim <namhy...@kernel.org>
  Naveen N. Rao <naveen.n....@linux.vnet.ibm.com>
  Neil Armstrong <narmstr...@baylibre.com>
  Neil Roberts <nrobe...@igalia.com>
  Nicholas Piggin <npig...@gmail.com>
  Niv Sardi <xa...@evilgiggle.com>
  Oleksij Rempel <o.rem...@pengutronix.de>
  Oliver O'Halloran <ooh...@gmail.com>
  Ondrej Mosnacek <omosn...@redhat.com>
  Ong Boon Leong <boon.leong....@intel.com>
  Pablo Neira Ayuso <pa...@netfilter.org>
  Paul Cercueil <p...@crapouillou.net>
  Paul Moore <p...@paul-moore.com>
  Paulo Alcantara (SUSE) <p...@cjr.nz>
  Paulo Alcantara <p...@cjr.nz>
  Pavel Skripkin <paskrip...@gmail.com>
  Pete Zaitcev <zait...@redhat.com>
  Peter Zijlstra (Intel) <pet...@infradead.org>
  Rafael J. Wysocki <rafael.j.wyso...@intel.com>
  Ramesh Babu B <ramesh.bab...@intel.com>
  Ronald Tschalär <ron...@innovation.ch>
  Ross Lagerwall <ross.lagerw...@citrix.com>
  Ross Schmidt <ross.schm....@gmail.com>
  Ruslan Bilovol <ruslan.bilo...@gmail.com>
  Sasha Levin <sas...@kernel.org>
  Sean Young <s...@mess.org>
  Sebastian Reichel <sebastian.reic...@collabora.com>
  Segher Boessenkool <seg...@kernel.crashing.org>
  Serge Semin <sergey.se...@baikalelectronics.ru>
  Sergey Shtylyov <s.shtyl...@omprussia.ru>
  Shannon Nelson <snel...@pensando.io>
  Shile Zhang <shile.zh...@linux.alibaba.com>
  Shuah Khan <sk...@linuxfoundation.org>
  Simeon Simeonoff <sim.simeon...@gmail.com>
  Stanislaw Gruszka <stf...@wp.pl>
  Stefan Haberland <s...@linux.ibm.com>
  Steve French <stfre...@microsoft.com>
  Steven J. Magnani <magn...@ieee.org>
  Steven Price <steven.pr...@arm.com>
  Suravee Suthikulpanit <suravee.suthikulpa...@amd.com>
  Takashi Iwai <ti...@suse.de>
  Thomas Gleixner <t...@linutronix.de>
  Tj (Elloe Linux) <ml.linux@elloe.vision>
  Tony Brelinski <tonyx.brelin...@intel.com>
  Tony Nguyen <anthony.l.ngu...@intel.com>
  Torin Cooper-Bennun <to...@maxiluxsystems.com>
  Trond Myklebust <trond.mykleb...@hammerspace.com>
  Ulf Hansson <ulf.hans...@linaro.org>
  Vasily Averin <v...@virtuozzo.com>
  Vasily Gorbik <g...@linux.ibm.com>
  Vladimir Oltean <vladimir.olt...@nxp.com>
  Wang Qing <wangq...@vivo.com>
  Will Deacon <w...@kernel.org>
  Willem de Bruijn <will...@google.com>
  William Tu <u9012...@gmail.com>
  Wolfram Sang <wsa+rene...@sang-engineering.com>
  Wolfram Sang <w...@kernel.org>
  Xie He <xie.he.0...@gmail.com>
  Yauheni Kaliuta <yauheni.kali...@redhat.com>
  Yi Chen <cheny...@huawei.com>
  Yorick de Wid <yde...@gmail.com>
  Yoshihiro Shimoda <yoshihiro.shimoda...@renesas.com>
  Zbynek Michl <zbynek.mi...@gmail.com>

jobs:
 build-amd64-xsm                                              pass    
 build-arm64-xsm                                              pass    
 build-i386-xsm                                               pass    
 build-amd64                                                  pass    
 build-arm64                                                  pass    
 build-armhf                                                  pass    
 build-i386                                                   pass    
 build-amd64-libvirt                                          pass    
 build-arm64-libvirt                                          pass    
 build-armhf-libvirt                                          pass    
 build-i386-libvirt                                           pass    
 build-amd64-pvops                                            pass    
 build-arm64-pvops                                            pass    
 build-armhf-pvops                                            pass    
 build-i386-pvops                                             pass    
 test-amd64-amd64-xl                                          pass    
 test-amd64-coresched-amd64-xl                                pass    
 test-arm64-arm64-xl                                          pass    
 test-armhf-armhf-xl                                          pass    
 test-amd64-i386-xl                                           pass    
 test-amd64-coresched-i386-xl                                 pass    
 test-amd64-amd64-libvirt-qemuu-debianhvm-amd64-xsm           pass    
 test-amd64-i386-libvirt-qemuu-debianhvm-amd64-xsm            pass    
 test-amd64-amd64-xl-qemut-stubdom-debianhvm-amd64-xsm        pass    
 test-amd64-i386-xl-qemut-stubdom-debianhvm-amd64-xsm         pass    
 test-amd64-amd64-xl-qemut-debianhvm-i386-xsm                 pass    
 test-amd64-i386-xl-qemut-debianhvm-i386-xsm                  pass    
 test-amd64-amd64-xl-qemuu-debianhvm-i386-xsm                 pass    
 test-amd64-i386-xl-qemuu-debianhvm-i386-xsm                  pass    
 test-amd64-amd64-libvirt-xsm                                 pass    
 test-arm64-arm64-libvirt-xsm                                 pass    
 test-amd64-i386-libvirt-xsm                                  pass    
 test-amd64-amd64-xl-xsm                                      pass    
 test-arm64-arm64-xl-xsm                                      pass    
 test-amd64-i386-xl-xsm                                       pass    
 test-amd64-amd64-qemuu-nested-amd                            fail    
 test-amd64-amd64-xl-pvhv2-amd                                pass    
 test-amd64-i386-qemut-rhel6hvm-amd                           pass    
 test-amd64-i386-qemuu-rhel6hvm-amd                           pass    
 test-amd64-amd64-dom0pvh-xl-amd                              pass    
 test-amd64-amd64-xl-qemut-debianhvm-amd64                    pass    
 test-amd64-i386-xl-qemut-debianhvm-amd64                     pass    
 test-amd64-amd64-xl-qemuu-debianhvm-amd64                    pass    
 test-amd64-i386-xl-qemuu-debianhvm-amd64                     pass    
 test-amd64-i386-freebsd10-amd64                              pass    
 test-amd64-amd64-qemuu-freebsd11-amd64                       pass    
 test-amd64-amd64-qemuu-freebsd12-amd64                       pass    
 test-amd64-amd64-xl-qemuu-ovmf-amd64                         pass    
 test-amd64-i386-xl-qemuu-ovmf-amd64                          pass    
 test-amd64-amd64-xl-qemut-win7-amd64                         fail    
 test-amd64-i386-xl-qemut-win7-amd64                          fail    
 test-amd64-amd64-xl-qemuu-win7-amd64                         fail    
 test-amd64-i386-xl-qemuu-win7-amd64                          fail    
 test-amd64-amd64-xl-qemut-ws16-amd64                         fail    
 test-amd64-i386-xl-qemut-ws16-amd64                          fail    
 test-amd64-amd64-xl-qemuu-ws16-amd64                         fail    
 test-amd64-i386-xl-qemuu-ws16-amd64                          fail    
 test-armhf-armhf-xl-arndale                                  pass    
 test-amd64-amd64-xl-credit1                                  pass    
 test-arm64-arm64-xl-credit1                                  pass    
 test-armhf-armhf-xl-credit1                                  pass    
 test-amd64-amd64-xl-credit2                                  pass    
 test-arm64-arm64-xl-credit2                                  pass    
 test-armhf-armhf-xl-credit2                                  pass    
 test-armhf-armhf-xl-cubietruck                               pass    
 test-amd64-amd64-xl-qemuu-dmrestrict-amd64-dmrestrict        pass    
 test-amd64-i386-xl-qemuu-dmrestrict-amd64-dmrestrict         pass    
 test-amd64-amd64-examine                                     pass    
 test-arm64-arm64-examine                                     pass    
 test-armhf-armhf-examine                                     pass    
 test-amd64-i386-examine                                      pass    
 test-amd64-i386-freebsd10-i386                               pass    
 test-amd64-amd64-qemuu-nested-intel                          pass    
 test-amd64-amd64-xl-pvhv2-intel                              pass    
 test-amd64-i386-qemut-rhel6hvm-intel                         pass    
 test-amd64-i386-qemuu-rhel6hvm-intel                         pass    
 test-amd64-amd64-dom0pvh-xl-intel                            pass    
 test-amd64-amd64-libvirt                                     pass    
 test-armhf-armhf-libvirt                                     pass    
 test-amd64-i386-libvirt                                      pass    
 test-amd64-amd64-xl-multivcpu                                pass    
 test-armhf-armhf-xl-multivcpu                                pass    
 test-amd64-amd64-pair                                        pass    
 test-amd64-i386-pair                                         pass    
 test-amd64-amd64-libvirt-pair                                pass    
 test-amd64-i386-libvirt-pair                                 pass    
 test-amd64-amd64-amd64-pvgrub                                pass    
 test-amd64-amd64-i386-pvgrub                                 pass    
 test-amd64-amd64-xl-pvshim                                   pass    
 test-amd64-i386-xl-pvshim                                    fail    
 test-amd64-amd64-pygrub                                      pass    
 test-amd64-amd64-xl-qcow2                                    pass    
 test-armhf-armhf-libvirt-raw                                 pass    
 test-amd64-i386-xl-raw                                       pass    
 test-amd64-amd64-xl-rtds                                     pass    
 test-armhf-armhf-xl-rtds                                     pass    
 test-arm64-arm64-xl-seattle                                  pass    
 test-amd64-amd64-xl-qemuu-debianhvm-amd64-shadow             pass    
 test-amd64-i386-xl-qemuu-debianhvm-amd64-shadow              pass    
 test-amd64-amd64-xl-shadow                                   pass    
 test-amd64-i386-xl-shadow                                    pass    
 test-arm64-arm64-xl-thunderx                                 pass    
 test-amd64-amd64-libvirt-vhd                                 pass    
 test-armhf-armhf-xl-vhd                                      pass    


------------------------------------------------------------
sg-report-flight on osstest.test-lab.xenproject.org
logs: /home/logs/logs
images: /home/logs/images

Logs, config files, etc. are available at
    http://logs.test-lab.xenproject.org/osstest/logs

Explanation of these reports, and of osstest in general, is at
    http://xenbits.xen.org/gitweb/?p=osstest.git;a=blob;f=README.email;hb=master
    http://xenbits.xen.org/gitweb/?p=osstest.git;a=blob;f=README;hb=master

Test harness code can be found at
    http://xenbits.xen.org/gitweb?p=osstest.git;a=summary


Pushing revision :

hint: The 'hooks/update' hook was ignored because it's not set as executable.
hint: You can disable this warning with `git config advice.ignoredHook false`.
hint: The 'hooks/post-receive' hook was ignored because it's not set as 
executable.
hint: You can disable this warning with `git config advice.ignoredHook false`.
hint: The 'hooks/post-update' hook was ignored because it's not set as 
executable.
hint: You can disable this warning with `git config advice.ignoredHook false`.
To xenbits.xen.org:/home/xen/git/linux-pvops.git
   ce615a08404c..0437de26e28d  0437de26e28dd844f51fde7a749a82cb2d3694ad -> 
tested/linux-5.4

Reply via email to