flight 158387 linux-5.4 real [real]
http://logs.test-lab.xenproject.org/osstest/logs/158387/

Failures :-/ but no regressions.

Tests which did not succeed, but are not blocking:
 test-amd64-amd64-xl-qemuu-win7-amd64 19 guest-stop            fail like 158297
 test-amd64-i386-xl-qemut-win7-amd64 19 guest-stop             fail like 158297
 test-amd64-amd64-xl-qemut-win7-amd64 19 guest-stop            fail like 158297
 test-armhf-armhf-libvirt     16 saverestore-support-check    fail  like 158297
 test-amd64-amd64-qemuu-nested-amd 20 debian-hvm-install/l1/l2 fail like 158297
 test-amd64-amd64-xl-qemuu-ws16-amd64 19 guest-stop            fail like 158297
 test-amd64-amd64-xl-qemut-ws16-amd64 19 guest-stop            fail like 158297
 test-amd64-i386-xl-qemuu-win7-amd64 19 guest-stop             fail like 158297
 test-armhf-armhf-xl-rtds     18 guest-start/debian.repeat    fail  like 158297
 test-amd64-i386-xl-qemut-ws16-amd64 19 guest-stop             fail like 158297
 test-armhf-armhf-libvirt-raw 15 saverestore-support-check    fail  like 158297
 test-amd64-i386-xl-qemuu-ws16-amd64 19 guest-stop             fail like 158297
 test-amd64-i386-xl-pvshim    14 guest-start                  fail   never pass
 test-amd64-i386-libvirt-xsm  15 migrate-support-check        fail   never pass
 test-arm64-arm64-xl-seattle  15 migrate-support-check        fail   never pass
 test-arm64-arm64-xl-seattle  16 saverestore-support-check    fail   never pass
 test-amd64-amd64-libvirt     15 migrate-support-check        fail   never pass
 test-arm64-arm64-xl          15 migrate-support-check        fail   never pass
 test-arm64-arm64-xl          16 saverestore-support-check    fail   never pass
 test-amd64-amd64-libvirt-xsm 15 migrate-support-check        fail   never pass
 test-amd64-i386-libvirt      15 migrate-support-check        fail   never pass
 test-amd64-amd64-libvirt-qemuu-debianhvm-amd64-xsm 13 migrate-support-check 
fail never pass
 test-arm64-arm64-xl-xsm      15 migrate-support-check        fail   never pass
 test-arm64-arm64-xl-xsm      16 saverestore-support-check    fail   never pass
 test-arm64-arm64-xl-credit1  15 migrate-support-check        fail   never pass
 test-arm64-arm64-xl-credit1  16 saverestore-support-check    fail   never pass
 test-arm64-arm64-xl-thunderx 15 migrate-support-check        fail   never pass
 test-arm64-arm64-xl-thunderx 16 saverestore-support-check    fail   never pass
 test-arm64-arm64-libvirt-xsm 15 migrate-support-check        fail   never pass
 test-arm64-arm64-libvirt-xsm 16 saverestore-support-check    fail   never pass
 test-arm64-arm64-xl-credit2  15 migrate-support-check        fail   never pass
 test-arm64-arm64-xl-credit2  16 saverestore-support-check    fail   never pass
 test-armhf-armhf-xl-arndale  15 migrate-support-check        fail   never pass
 test-armhf-armhf-xl-arndale  16 saverestore-support-check    fail   never pass
 test-amd64-i386-libvirt-qemuu-debianhvm-amd64-xsm 13 migrate-support-check 
fail never pass
 test-amd64-amd64-libvirt-vhd 14 migrate-support-check        fail   never pass
 test-armhf-armhf-xl-credit2  15 migrate-support-check        fail   never pass
 test-armhf-armhf-xl-credit2  16 saverestore-support-check    fail   never pass
 test-armhf-armhf-xl-multivcpu 15 migrate-support-check        fail  never pass
 test-armhf-armhf-xl-multivcpu 16 saverestore-support-check    fail  never pass
 test-armhf-armhf-xl          15 migrate-support-check        fail   never pass
 test-armhf-armhf-xl          16 saverestore-support-check    fail   never pass
 test-armhf-armhf-xl-credit1  15 migrate-support-check        fail   never pass
 test-armhf-armhf-xl-credit1  16 saverestore-support-check    fail   never pass
 test-armhf-armhf-libvirt     15 migrate-support-check        fail   never pass
 test-armhf-armhf-xl-cubietruck 15 migrate-support-check        fail never pass
 test-armhf-armhf-xl-cubietruck 16 saverestore-support-check    fail never pass
 test-armhf-armhf-xl-rtds     15 migrate-support-check        fail   never pass
 test-armhf-armhf-xl-rtds     16 saverestore-support-check    fail   never pass
 test-armhf-armhf-libvirt-raw 14 migrate-support-check        fail   never pass
 test-armhf-armhf-xl-vhd      14 migrate-support-check        fail   never pass
 test-armhf-armhf-xl-vhd      15 saverestore-support-check    fail   never pass

version targeted for testing:
 linux                a829146c3fdcf6d0b76d9c54556a223820f1f73b
baseline version:
 linux                f3a4c8d501452b8c2e04c4500c317ce4bdb1b47c

Last test of basis   158297  2021-01-09 13:10:58 Z    3 days
Testing same since   158387  2021-01-12 19:40:06 Z    0 days    1 attempts

------------------------------------------------------------
People who touched revisions under test:
  Adrian Hunter <adrian.hun...@intel.com>
  Alexey Dobriyan <adobri...@gmail.com>
  Alim Akhtar <alim.akh...@samsung.com>
  Andrew Morton <a...@linux-foundation.org>
  Antoine Tenart <aten...@kernel.org>
  Ard Biesheuvel <a...@kernel.org>
  Arnd Bergmann <a...@arndb.de>
  Avri Altman <avri.alt...@wdc.com>
  Bard Liao <yung-chuan.l...@linux.intel.com>
  Bart Van Assche <bvanass...@acm.org>
  Bean Huo <bean...@micron.com>
  Bjørn Mork <bj...@mork.no>
  bo liu <bo....@senarytech.com>
  Borislav Petkov <b...@suse.de>
  Chandana Kishori Chiluveru <cchil...@codeaurora.org>
  Charan Teja Reddy <chara...@codeaurora.org>
  Chris Wilson <ch...@chris-wilson.co.uk>
  Christian König <christian.koe...@amd.com>
  Christophe JAILLET <christophe.jail...@wanadoo.fr>
  Cong Wang <cong.w...@bytedance.com>
  Dan Carpenter <dan.carpen...@oracle.com>
  Dan Williams <dan.j.willi...@intel.com>
  Daniel Palmer <dan...@0x0f.com>
  David Disseldorp <dd...@suse.de>
  David S. Miller <da...@davemloft.net>
  David Sterba <dste...@suse.com>
  Davide Caratti <dcara...@redhat.com>
  Dexuan Cui <de...@microsoft.com>
  Dinghao Liu <dinghao....@zju.edu.cn>
  Dominique Martinet <asmad...@codewreck.org>
  Eddie Hung <eddie.h...@mediatek.com>
  Felipe Balbi <ba...@kernel.org>
  Filipe Manana <fdman...@suse.com>
  Florian Fainelli <f.faine...@gmail.com>
  Florian Westphal <f...@strlen.de>
  Greg Kroah-Hartman <gre...@linuxfoundation.org>
  Grygorii Strashko <grygorii.stras...@ti.com>
  Guenter Roeck <li...@roeck-us.net>
  Guillaume Nault <gna...@redhat.com>
  Hans de Goede <hdego...@redhat.com>
  Hauke Mehrtens <ha...@hauke-m.de>
  Heikki Krogerus <heikki.kroge...@linux.intel.com>
  Heiner Kallweit <hkallwe...@gmail.com>
  Herbert Xu <herb...@gondor.apana.org.au>
  Huang Shijie <sjhu...@iluvatar.ai>
  Igor Russkikh <irussk...@marvell.com>
  Ilil Blum Shem-Tov <ilil.blum.shem-...@intel.com>
  Jack Pham <ja...@codeaurora.org>
  Jakub Kicinski <k...@kernel.org>
  Jani Nikula <jani.nik...@intel.com>
  Jason Wang <jasow...@redhat.com>
  Jeff Dike <jd...@akamai.com>
  Jerome Brunet <jbru...@baylibre.com>
  Johan Hovold <jo...@kernel.org>
  John Wang <wangzhiqiang...@bytedance.com>
  Jon Hunter <jonath...@nvidia.com>
  Jozsef Kadlecsik <kad...@netfilter.org>
  Kai-Heng Feng <kai.heng.f...@canonical.com>
  Kailang Yang <kail...@realtek.com>
  Konrad Jankowski <konrad0.jankow...@intel.com>
  Lai Jiangshan <la...@linux.alibaba.com>
  Lijun Pan <l...@linux.ibm.com>
  Linus Torvalds <torva...@linux-foundation.org>
  Linux Kernel Functional Testing <l...@linaro.org>
  Lorenzo Colitti <lore...@google.com>
  Macpaul Lin <macpaul....@mediatek.com>
  Manish Chopra <mani...@marvell.com>
  Manish Narani <manish.nar...@xilinx.com>
  Marcel Holtmann <mar...@holtmann.org>
  Marcin Wojtas <m...@semihalf.com>
  Martin Blumenstingl <martin.blumensti...@googlemail.com>
  Martin K. Petersen <martin.peter...@oracle.com>
  Masahiro Yamada <masahi...@kernel.org>
  Massimo B. <massim...@gmx.net>
  Matthew Auld <matthew.a...@intel.com>
  Michael Ellerman <m...@ellerman.id.au>
  Michael Grzeschik <m.grzesc...@pengutronix.de>
  Michael S. Tsirkin <m...@redhat.com>
  Mike Christie <michael.chris...@oracle.com>
  Nathan Chancellor <natechancel...@gmail.com>
  Oliver Neukum <oneu...@suse.com>
  Pablo Neira Ayuso <pa...@netfilter.org>
  Paolo Bonzini <pbonz...@redhat.com>
  PeiSen Hou <ps...@realtek.com>
  Peter Chen <peter.c...@nxp.com>
  Peter Zijlstra (Intel) <pet...@infradead.org>
  Rafael J. Wysocki <rafael.j.wyso...@intel.com>
  Randy Dunlap <rdun...@infradead.org>
  Rasmus Villemoes <rasmus.villem...@prevas.dk>
  Richard Cochran <richardcoch...@gmail.com>
  Roland Dreier <rol...@kernel.org>
  Sasha Levin <sas...@kernel.org>
  Sean Young <s...@mess.org>
  Serge Semin <sergey.se...@baikalelectronics.ru>
  Shannon Nelson <snel...@pensando.io>
  Shuah Khan <sk...@linuxfoundation.org>
  Sriharsha Allenki <salle...@codeaurora.org>
  Stefan Chulski <stef...@marvell.com>
  Subash Abhinov Kasiviswanathan <subas...@codeaurora.org>
  Sudarsana Kalluru <skall...@marvell.com>
  Sumit Semwal <sumit.sem...@linaro.org>
  Sylwester Dziedziuch <sylwesterx.dziedzi...@intel.com>
  taehyun.cho <taehyun....@samsung.com>
  Takashi Iwai <ti...@suse.de>
  Tejun Heo <t...@kernel.org>
  Tetsuo Handa <penguin-ker...@i-love.sakura.ne.jp>
  Thinh Nguyen <thinh.ngu...@synopsys.com>
  Thomas Zimmermann <tzimmerm...@suse.de>
  Tony Nguyen <anthony.l.ngu...@intel.com>
  Vasily Averin <v...@virtuozzo.com>
  Willem de Bruijn <will...@google.com>
  Xie He <xie.he.0...@gmail.com>
  Yang Yingliang <yangyingli...@huawei.com>
  Yi Zhang <yi.zh...@redhat.com>
  Ying-Tsun Huang <ying-tsun.hu...@amd.com>
  Yu Kuai <yuku...@huawei.com>
  Yunfeng Ye <yeyunf...@huawei.com>
  Yunjian Wang <wangyunj...@huawei.com>
  Zqiang <qiang.zh...@windriver.com>

jobs:
 build-amd64-xsm                                              pass    
 build-arm64-xsm                                              pass    
 build-i386-xsm                                               pass    
 build-amd64                                                  pass    
 build-arm64                                                  pass    
 build-armhf                                                  pass    
 build-i386                                                   pass    
 build-amd64-libvirt                                          pass    
 build-arm64-libvirt                                          pass    
 build-armhf-libvirt                                          pass    
 build-i386-libvirt                                           pass    
 build-amd64-pvops                                            pass    
 build-arm64-pvops                                            pass    
 build-armhf-pvops                                            pass    
 build-i386-pvops                                             pass    
 test-amd64-amd64-xl                                          pass    
 test-amd64-coresched-amd64-xl                                pass    
 test-arm64-arm64-xl                                          pass    
 test-armhf-armhf-xl                                          pass    
 test-amd64-i386-xl                                           pass    
 test-amd64-coresched-i386-xl                                 pass    
 test-amd64-amd64-libvirt-qemuu-debianhvm-amd64-xsm           pass    
 test-amd64-i386-libvirt-qemuu-debianhvm-amd64-xsm            pass    
 test-amd64-amd64-xl-qemut-stubdom-debianhvm-amd64-xsm        pass    
 test-amd64-i386-xl-qemut-stubdom-debianhvm-amd64-xsm         pass    
 test-amd64-amd64-xl-qemut-debianhvm-i386-xsm                 pass    
 test-amd64-i386-xl-qemut-debianhvm-i386-xsm                  pass    
 test-amd64-amd64-xl-qemuu-debianhvm-i386-xsm                 pass    
 test-amd64-i386-xl-qemuu-debianhvm-i386-xsm                  pass    
 test-amd64-amd64-libvirt-xsm                                 pass    
 test-arm64-arm64-libvirt-xsm                                 pass    
 test-amd64-i386-libvirt-xsm                                  pass    
 test-amd64-amd64-xl-xsm                                      pass    
 test-arm64-arm64-xl-xsm                                      pass    
 test-amd64-i386-xl-xsm                                       pass    
 test-amd64-amd64-qemuu-nested-amd                            fail    
 test-amd64-amd64-xl-pvhv2-amd                                pass    
 test-amd64-i386-qemut-rhel6hvm-amd                           pass    
 test-amd64-i386-qemuu-rhel6hvm-amd                           pass    
 test-amd64-amd64-dom0pvh-xl-amd                              pass    
 test-amd64-amd64-xl-qemut-debianhvm-amd64                    pass    
 test-amd64-i386-xl-qemut-debianhvm-amd64                     pass    
 test-amd64-amd64-xl-qemuu-debianhvm-amd64                    pass    
 test-amd64-i386-xl-qemuu-debianhvm-amd64                     pass    
 test-amd64-i386-freebsd10-amd64                              pass    
 test-amd64-amd64-qemuu-freebsd11-amd64                       pass    
 test-amd64-amd64-qemuu-freebsd12-amd64                       pass    
 test-amd64-amd64-xl-qemuu-ovmf-amd64                         pass    
 test-amd64-i386-xl-qemuu-ovmf-amd64                          pass    
 test-amd64-amd64-xl-qemut-win7-amd64                         fail    
 test-amd64-i386-xl-qemut-win7-amd64                          fail    
 test-amd64-amd64-xl-qemuu-win7-amd64                         fail    
 test-amd64-i386-xl-qemuu-win7-amd64                          fail    
 test-amd64-amd64-xl-qemut-ws16-amd64                         fail    
 test-amd64-i386-xl-qemut-ws16-amd64                          fail    
 test-amd64-amd64-xl-qemuu-ws16-amd64                         fail    
 test-amd64-i386-xl-qemuu-ws16-amd64                          fail    
 test-armhf-armhf-xl-arndale                                  pass    
 test-amd64-amd64-xl-credit1                                  pass    
 test-arm64-arm64-xl-credit1                                  pass    
 test-armhf-armhf-xl-credit1                                  pass    
 test-amd64-amd64-xl-credit2                                  pass    
 test-arm64-arm64-xl-credit2                                  pass    
 test-armhf-armhf-xl-credit2                                  pass    
 test-armhf-armhf-xl-cubietruck                               pass    
 test-amd64-amd64-xl-qemuu-dmrestrict-amd64-dmrestrict        pass    
 test-amd64-i386-xl-qemuu-dmrestrict-amd64-dmrestrict         pass    
 test-amd64-amd64-examine                                     pass    
 test-arm64-arm64-examine                                     pass    
 test-armhf-armhf-examine                                     pass    
 test-amd64-i386-examine                                      pass    
 test-amd64-i386-freebsd10-i386                               pass    
 test-amd64-amd64-qemuu-nested-intel                          pass    
 test-amd64-amd64-xl-pvhv2-intel                              pass    
 test-amd64-i386-qemut-rhel6hvm-intel                         pass    
 test-amd64-i386-qemuu-rhel6hvm-intel                         pass    
 test-amd64-amd64-dom0pvh-xl-intel                            pass    
 test-amd64-amd64-libvirt                                     pass    
 test-armhf-armhf-libvirt                                     pass    
 test-amd64-i386-libvirt                                      pass    
 test-amd64-amd64-xl-multivcpu                                pass    
 test-armhf-armhf-xl-multivcpu                                pass    
 test-amd64-amd64-pair                                        pass    
 test-amd64-i386-pair                                         pass    
 test-amd64-amd64-libvirt-pair                                pass    
 test-amd64-i386-libvirt-pair                                 pass    
 test-amd64-amd64-amd64-pvgrub                                pass    
 test-amd64-amd64-i386-pvgrub                                 pass    
 test-amd64-amd64-xl-pvshim                                   pass    
 test-amd64-i386-xl-pvshim                                    fail    
 test-amd64-amd64-pygrub                                      pass    
 test-amd64-amd64-xl-qcow2                                    pass    
 test-armhf-armhf-libvirt-raw                                 pass    
 test-amd64-i386-xl-raw                                       pass    
 test-amd64-amd64-xl-rtds                                     pass    
 test-armhf-armhf-xl-rtds                                     fail    
 test-arm64-arm64-xl-seattle                                  pass    
 test-amd64-amd64-xl-qemuu-debianhvm-amd64-shadow             pass    
 test-amd64-i386-xl-qemuu-debianhvm-amd64-shadow              pass    
 test-amd64-amd64-xl-shadow                                   pass    
 test-amd64-i386-xl-shadow                                    pass    
 test-arm64-arm64-xl-thunderx                                 pass    
 test-amd64-amd64-libvirt-vhd                                 pass    
 test-armhf-armhf-xl-vhd                                      pass    


------------------------------------------------------------
sg-report-flight on osstest.test-lab.xenproject.org
logs: /home/logs/logs
images: /home/logs/images

Logs, config files, etc. are available at
    http://logs.test-lab.xenproject.org/osstest/logs

Explanation of these reports, and of osstest in general, is at
    http://xenbits.xen.org/gitweb/?p=osstest.git;a=blob;f=README.email;hb=master
    http://xenbits.xen.org/gitweb/?p=osstest.git;a=blob;f=README;hb=master

Test harness code can be found at
    http://xenbits.xen.org/gitweb?p=osstest.git;a=summary


Pushing revision :

hint: The 'hooks/update' hook was ignored because it's not set as executable.
hint: You can disable this warning with `git config advice.ignoredHook false`.
hint: The 'hooks/post-receive' hook was ignored because it's not set as 
executable.
hint: You can disable this warning with `git config advice.ignoredHook false`.
hint: The 'hooks/post-update' hook was ignored because it's not set as 
executable.
hint: You can disable this warning with `git config advice.ignoredHook false`.
To xenbits.xen.org:/home/xen/git/linux-pvops.git
   f3a4c8d50145..a829146c3fdc  a829146c3fdcf6d0b76d9c54556a223820f1f73b -> 
tested/linux-5.4

Reply via email to