flight 158293 xen-unstable-smoke real [real] http://logs.test-lab.xenproject.org/osstest/logs/158293/
Failures :-/ but no regressions. Tests which did not succeed, but are not blocking: test-amd64-amd64-libvirt 15 migrate-support-check fail never pass test-arm64-arm64-xl-xsm 15 migrate-support-check fail never pass test-arm64-arm64-xl-xsm 16 saverestore-support-check fail never pass test-armhf-armhf-xl 15 migrate-support-check fail never pass test-armhf-armhf-xl 16 saverestore-support-check fail never pass version targeted for testing: xen ce59e3dda5f99afbe7257e1e9a22dffd5c4d033c baseline version: xen 7ba2ab495be54f608cb47440e1497b2795bd301a Last test of basis 158134 2021-01-04 15:01:26 Z 4 days Failing since 158142 2021-01-05 02:00:25 Z 4 days 25 attempts Testing same since 158293 2021-01-09 04:01:58 Z 0 days 1 attempts ------------------------------------------------------------ People who touched revisions under test: Andrew Cooper <andrew.coop...@citrix.com> Bertrand Marquis <bertrand.marq...@arm.com> Jan Beulich <jbeul...@suse.com> Julien Grall <jgr...@amazon.com> Manuel Bouyer <bou...@antioche.eu.org> Marek Marczykowski-Górecki <marma...@invisiblethingslab.com> Olaf Hering <o...@aepfle.de> Roger Pau Monne <roger....@citrix.com> Roger Pau Monné <roger....@citrix.com> Roman Skakun <roman_ska...@epam.com> Stefano Stabellini <sstabell...@kernel.org> Stefano Stabellini <stefano.stabell...@xilinx.com> Tamas K Lengyel <tamas.leng...@intel.com> Tamas K Lengyel <ta...@tklengyel.com> Tim Deegan <t...@xen.org> Volodymyr Babchyk <volodymyr_babc...@epam.com> Wei Liu <w...@xen.org> jobs: build-arm64-xsm pass build-amd64 pass build-armhf pass build-amd64-libvirt pass test-armhf-armhf-xl pass test-arm64-arm64-xl-xsm pass test-amd64-amd64-xl-qemuu-debianhvm-amd64 pass test-amd64-amd64-libvirt pass ------------------------------------------------------------ sg-report-flight on osstest.test-lab.xenproject.org logs: /home/logs/logs images: /home/logs/images Logs, config files, etc. are available at http://logs.test-lab.xenproject.org/osstest/logs Explanation of these reports, and of osstest in general, is at http://xenbits.xen.org/gitweb/?p=osstest.git;a=blob;f=README.email;hb=master http://xenbits.xen.org/gitweb/?p=osstest.git;a=blob;f=README;hb=master Test harness code can be found at http://xenbits.xen.org/gitweb?p=osstest.git;a=summary Pushing revision : To xenbits.xen.org:/home/xen/git/xen.git 7ba2ab495b..ce59e3dda5 ce59e3dda5f99afbe7257e1e9a22dffd5c4d033c -> smoke