flight 158250 xen-unstable-smoke real [real] http://logs.test-lab.xenproject.org/osstest/logs/158250/
Regressions :-( Tests which did not succeed and are blocking, including tests which could not be run: build-amd64 6 xen-build fail REGR. vs. 158134 test-armhf-armhf-xl 8 xen-boot fail REGR. vs. 158134 Tests which did not succeed, but are not blocking: build-amd64-libvirt 1 build-check(1) blocked n/a test-amd64-amd64-libvirt 1 build-check(1) blocked n/a test-amd64-amd64-xl-qemuu-debianhvm-amd64 1 build-check(1) blocked n/a test-arm64-arm64-xl-xsm 15 migrate-support-check fail never pass test-arm64-arm64-xl-xsm 16 saverestore-support-check fail never pass version targeted for testing: xen d581cf8839417b73f02d8b6f79cf33e9903933db baseline version: xen 7ba2ab495be54f608cb47440e1497b2795bd301a Last test of basis 158134 2021-01-04 15:01:26 Z 2 days Failing since 158142 2021-01-05 02:00:25 Z 2 days 15 attempts Testing same since 158218 2021-01-06 18:00:25 Z 0 days 5 attempts ------------------------------------------------------------ People who touched revisions under test: Andrew Cooper <andrew.coop...@citrix.com> Bertrand Marquis <bertrand.marq...@arm.com> Jan Beulich <jbeul...@suse.com> Manuel Bouyer <bou...@antioche.eu.org> Marek Marczykowski-Górecki <marma...@invisiblethingslab.com> Olaf Hering <o...@aepfle.de> Roger Pau Monne <roger....@citrix.com> Roger Pau Monné <roger....@citrix.com> Stefano Stabellini <sstabell...@kernel.org> Tamas K Lengyel <tamas.leng...@intel.com> Tamas K Lengyel <ta...@tklengyel.com> Wei Liu <w...@xen.org> jobs: build-arm64-xsm pass build-amd64 fail build-armhf pass build-amd64-libvirt blocked test-armhf-armhf-xl fail test-arm64-arm64-xl-xsm pass test-amd64-amd64-xl-qemuu-debianhvm-amd64 blocked test-amd64-amd64-libvirt blocked ------------------------------------------------------------ sg-report-flight on osstest.test-lab.xenproject.org logs: /home/logs/logs images: /home/logs/images Logs, config files, etc. are available at http://logs.test-lab.xenproject.org/osstest/logs Explanation of these reports, and of osstest in general, is at http://xenbits.xen.org/gitweb/?p=osstest.git;a=blob;f=README.email;hb=master http://xenbits.xen.org/gitweb/?p=osstest.git;a=blob;f=README;hb=master Test harness code can be found at http://xenbits.xen.org/gitweb?p=osstest.git;a=summary Not pushing. (No revision log; it would be 452 lines long.)