flight 158210 linux-5.4 real [real]
flight 158224 linux-5.4 real-retest [real]
http://logs.test-lab.xenproject.org/osstest/logs/158210/
http://logs.test-lab.xenproject.org/osstest/logs/158224/

Failures :-/ but no regressions.

Tests which are failing intermittently (not blocking):
 test-arm64-arm64-xl-credit1   8 xen-boot            fail pass in 158224-retest

Regressions which are regarded as allowable (not blocking):
 test-armhf-armhf-xl-rtds    18 guest-start/debian.repeat fail REGR. vs. 157984

Tests which did not succeed, but are not blocking:
 test-arm64-arm64-xl-credit1 15 migrate-support-check fail in 158224 never pass
 test-arm64-arm64-xl-credit1 16 saverestore-support-check fail in 158224 never 
pass
 test-amd64-amd64-xl-qemuu-win7-amd64 19 guest-stop            fail like 157984
 test-amd64-i386-xl-qemut-win7-amd64 19 guest-stop             fail like 157984
 test-armhf-armhf-libvirt-raw 15 saverestore-support-check    fail  like 157984
 test-amd64-amd64-xl-qemut-win7-amd64 19 guest-stop            fail like 157984
 test-armhf-armhf-libvirt     16 saverestore-support-check    fail  like 157984
 test-amd64-amd64-qemuu-nested-amd 20 debian-hvm-install/l1/l2 fail like 157984
 test-amd64-amd64-xl-qemuu-ws16-amd64 19 guest-stop            fail like 157984
 test-amd64-amd64-xl-qemut-ws16-amd64 19 guest-stop            fail like 157984
 test-amd64-i386-xl-qemuu-win7-amd64 19 guest-stop             fail like 157984
 test-amd64-i386-xl-qemut-ws16-amd64 19 guest-stop             fail like 157984
 test-amd64-i386-xl-qemuu-ws16-amd64 19 guest-stop             fail like 157984
 test-amd64-i386-libvirt-qemuu-debianhvm-amd64-xsm 13 migrate-support-check 
fail never pass
 test-amd64-amd64-libvirt-xsm 15 migrate-support-check        fail   never pass
 test-amd64-i386-libvirt-xsm  15 migrate-support-check        fail   never pass
 test-amd64-i386-xl-pvshim    14 guest-start                  fail   never pass
 test-amd64-i386-libvirt      15 migrate-support-check        fail   never pass
 test-arm64-arm64-xl-seattle  15 migrate-support-check        fail   never pass
 test-arm64-arm64-xl-seattle  16 saverestore-support-check    fail   never pass
 test-amd64-amd64-libvirt     15 migrate-support-check        fail   never pass
 test-arm64-arm64-xl          15 migrate-support-check        fail   never pass
 test-arm64-arm64-xl          16 saverestore-support-check    fail   never pass
 test-amd64-amd64-libvirt-qemuu-debianhvm-amd64-xsm 13 migrate-support-check 
fail never pass
 test-arm64-arm64-xl-xsm      15 migrate-support-check        fail   never pass
 test-arm64-arm64-xl-xsm      16 saverestore-support-check    fail   never pass
 test-armhf-armhf-xl-arndale  15 migrate-support-check        fail   never pass
 test-armhf-armhf-xl-arndale  16 saverestore-support-check    fail   never pass
 test-arm64-arm64-xl-credit2  15 migrate-support-check        fail   never pass
 test-arm64-arm64-xl-credit2  16 saverestore-support-check    fail   never pass
 test-arm64-arm64-xl-thunderx 15 migrate-support-check        fail   never pass
 test-arm64-arm64-xl-thunderx 16 saverestore-support-check    fail   never pass
 test-arm64-arm64-libvirt-xsm 15 migrate-support-check        fail   never pass
 test-arm64-arm64-libvirt-xsm 16 saverestore-support-check    fail   never pass
 test-armhf-armhf-xl-multivcpu 15 migrate-support-check        fail  never pass
 test-armhf-armhf-xl-multivcpu 16 saverestore-support-check    fail  never pass
 test-armhf-armhf-xl          15 migrate-support-check        fail   never pass
 test-armhf-armhf-xl          16 saverestore-support-check    fail   never pass
 test-amd64-amd64-libvirt-vhd 14 migrate-support-check        fail   never pass
 test-armhf-armhf-libvirt-raw 14 migrate-support-check        fail   never pass
 test-armhf-armhf-xl-credit2  15 migrate-support-check        fail   never pass
 test-armhf-armhf-xl-credit2  16 saverestore-support-check    fail   never pass
 test-armhf-armhf-libvirt     15 migrate-support-check        fail   never pass
 test-armhf-armhf-xl-credit1  15 migrate-support-check        fail   never pass
 test-armhf-armhf-xl-credit1  16 saverestore-support-check    fail   never pass
 test-armhf-armhf-xl-rtds     15 migrate-support-check        fail   never pass
 test-armhf-armhf-xl-rtds     16 saverestore-support-check    fail   never pass
 test-armhf-armhf-xl-cubietruck 15 migrate-support-check        fail never pass
 test-armhf-armhf-xl-cubietruck 16 saverestore-support-check    fail never pass
 test-armhf-armhf-xl-vhd      14 migrate-support-check        fail   never pass
 test-armhf-armhf-xl-vhd      15 saverestore-support-check    fail   never pass

version targeted for testing:
 linux                b3f656a592f3ade657d14888fd3dc92a14975890
baseline version:
 linux                dfce803cd87dc139cfe4da1a68a5b3585e9e47e7

Last test of basis   157984  2020-12-30 20:08:48 Z    7 days
Testing same since   158210  2021-01-06 14:10:10 Z    0 days    1 attempts

------------------------------------------------------------
People who touched revisions under test:
  Al Viro <v...@zeniv.linux.org.uk>
  Alan Stern <st...@rowland.harvard.edu>
  Alex Williamson <alex.william...@redhat.com>
  Alexandre Belloni <alexandre.bell...@bootlin.com>
  Anant Thazhemadam <anant.thazhema...@gmail.com>
  Andrew Morton <a...@linux-foundation.org>
  Anton Ivanov <anton.iva...@cambridgegreys.com>
  Arnaldo Carvalho de Melo <a...@redhat.com>
  Bart Van Assche <bvanass...@acm.org>
  Boqun Feng <boqun.f...@gmail.com>
  Boris Brezillon <boris.brezil...@collabora.com>
  Can Guo <c...@codeaurora.org>
  Chao Yu <yuch...@huawei.com>
  Christophe Leroy <christophe.le...@csgroup.eu>
  Christopher Obbard <chris.obb...@collabora.com>
  Damien Le Moal <damien.lem...@wdc.com>
  Daniel Lezcano <daniel.lezc...@linaro.org>
  David Sterba <dste...@suse.com>
  Davide Caratti <dcara...@redhat.com>
  Dinghao Liu <dinghao....@zju.edu.cn>
  Eric Auger <eric.au...@redhat.com>
  Eric Biggers <ebigg...@google.com>
  Filipe Manana <fdman...@suse.com>
  Frederic Weisbecker <frede...@kernel.org>
  Gabriel Krisman Bertazi <kris...@collabora.com>
  Greg Kroah-Hartman <gre...@linuxfoundation.org>
  Guenter Roeck <li...@roeck-us.net>
  Hyeongseok Kim <hyeongs...@gmail.com>
  Jaegeuk Kim <jaeg...@kernel.org>
  Jakub Kicinski <k...@kernel.org>
  Jamie Iles <ja...@nuviainc.com>
  Jan Kara <j...@suse.cz>
  Jeff Layton <jlay...@kernel.org>
  Jens Axboe <ax...@kernel.dk>
  Jessica Yu <j...@kernel.org>
  Johan Hovold <jo...@kernel.org>
  Jon Hunter <jonath...@nvidia.com>
  Kevin Vigor <kvi...@gmail.com>
  Linus Torvalds <torva...@linux-foundation.org>
  Linus Walleij <linus.wall...@linaro.org>
  Linux Kernel Functional Testing <l...@linaro.org>
  lizhe <lizh...@huawei.com>
  Marcel Holtmann <mar...@holtmann.org>
  Martin K. Petersen <martin.peter...@oracle.com>
  Mauro Carvalho Chehab <mchehab+hua...@kernel.org>
  Michael Ellerman <m...@ellerman.id.au>
  Mike Snitzer <snit...@redhat.com>
  Miroslav Benes <mbe...@suse.cz>
  Nicolas Morey-Chaisemartin <nmoreychaisemar...@suse.com>
  Paolo Bonzini <pbonz...@redhat.com>
  Petr Vorel <petr.vo...@gmail.com>
  Qinglang Miao <miaoqingl...@huawei.com>
  Randy Dunlap <rdun...@infradead.org>
  Rich Felker <dal...@libc.org>
  Richard Weinberger <rich...@nod.at>
  Rustam Kovhaev <rkovh...@gmail.com>
  Sasha Levin <sas...@kernel.org>
  Segher Boessenkool <seg...@kernel.crashing.org>
  Shuah Khan <sk...@linuxfoundation.org>
  Song Liu <songliubrav...@fb.com>
  Stanley Chu <stanley....@mediatek.com>
  syzbot+6ce141c55b2f7aafd...@syzkaller.appspotmail.com
  syzbot+a79e17c39564bedf0...@syzkaller.appspotmail.com
  Takashi Iwai <ti...@suse.de>
  Tejun Heo <t...@kernel.org>
  Theodore Ts'o <ty...@mit.edu>
  Thomas Gleixner <t...@linutronix.de>
  Trond Myklebust <trond.mykleb...@hammerspace.com>
  Vinicius Costa Gomes <vinicius.go...@intel.com>
  Viresh Kumar <viresh.ku...@linaro.org>
  Zheng Liang <zhenglia...@huawei.com>
  Zhuguangqing <zhuguangq...@xiaomi.com>

jobs:
 build-amd64-xsm                                              pass    
 build-arm64-xsm                                              pass    
 build-i386-xsm                                               pass    
 build-amd64                                                  pass    
 build-arm64                                                  pass    
 build-armhf                                                  pass    
 build-i386                                                   pass    
 build-amd64-libvirt                                          pass    
 build-arm64-libvirt                                          pass    
 build-armhf-libvirt                                          pass    
 build-i386-libvirt                                           pass    
 build-amd64-pvops                                            pass    
 build-arm64-pvops                                            pass    
 build-armhf-pvops                                            pass    
 build-i386-pvops                                             pass    
 test-amd64-amd64-xl                                          pass    
 test-amd64-coresched-amd64-xl                                pass    
 test-arm64-arm64-xl                                          pass    
 test-armhf-armhf-xl                                          pass    
 test-amd64-i386-xl                                           pass    
 test-amd64-coresched-i386-xl                                 pass    
 test-amd64-amd64-libvirt-qemuu-debianhvm-amd64-xsm           pass    
 test-amd64-i386-libvirt-qemuu-debianhvm-amd64-xsm            pass    
 test-amd64-amd64-xl-qemut-stubdom-debianhvm-amd64-xsm        pass    
 test-amd64-i386-xl-qemut-stubdom-debianhvm-amd64-xsm         pass    
 test-amd64-amd64-xl-qemut-debianhvm-i386-xsm                 pass    
 test-amd64-i386-xl-qemut-debianhvm-i386-xsm                  pass    
 test-amd64-amd64-xl-qemuu-debianhvm-i386-xsm                 pass    
 test-amd64-i386-xl-qemuu-debianhvm-i386-xsm                  pass    
 test-amd64-amd64-libvirt-xsm                                 pass    
 test-arm64-arm64-libvirt-xsm                                 pass    
 test-amd64-i386-libvirt-xsm                                  pass    
 test-amd64-amd64-xl-xsm                                      pass    
 test-arm64-arm64-xl-xsm                                      pass    
 test-amd64-i386-xl-xsm                                       pass    
 test-amd64-amd64-qemuu-nested-amd                            fail    
 test-amd64-amd64-xl-pvhv2-amd                                pass    
 test-amd64-i386-qemut-rhel6hvm-amd                           pass    
 test-amd64-i386-qemuu-rhel6hvm-amd                           pass    
 test-amd64-amd64-dom0pvh-xl-amd                              pass    
 test-amd64-amd64-xl-qemut-debianhvm-amd64                    pass    
 test-amd64-i386-xl-qemut-debianhvm-amd64                     pass    
 test-amd64-amd64-xl-qemuu-debianhvm-amd64                    pass    
 test-amd64-i386-xl-qemuu-debianhvm-amd64                     pass    
 test-amd64-i386-freebsd10-amd64                              pass    
 test-amd64-amd64-qemuu-freebsd11-amd64                       pass    
 test-amd64-amd64-qemuu-freebsd12-amd64                       pass    
 test-amd64-amd64-xl-qemuu-ovmf-amd64                         pass    
 test-amd64-i386-xl-qemuu-ovmf-amd64                          pass    
 test-amd64-amd64-xl-qemut-win7-amd64                         fail    
 test-amd64-i386-xl-qemut-win7-amd64                          fail    
 test-amd64-amd64-xl-qemuu-win7-amd64                         fail    
 test-amd64-i386-xl-qemuu-win7-amd64                          fail    
 test-amd64-amd64-xl-qemut-ws16-amd64                         fail    
 test-amd64-i386-xl-qemut-ws16-amd64                          fail    
 test-amd64-amd64-xl-qemuu-ws16-amd64                         fail    
 test-amd64-i386-xl-qemuu-ws16-amd64                          fail    
 test-armhf-armhf-xl-arndale                                  pass    
 test-amd64-amd64-xl-credit1                                  pass    
 test-arm64-arm64-xl-credit1                                  fail    
 test-armhf-armhf-xl-credit1                                  pass    
 test-amd64-amd64-xl-credit2                                  pass    
 test-arm64-arm64-xl-credit2                                  pass    
 test-armhf-armhf-xl-credit2                                  pass    
 test-armhf-armhf-xl-cubietruck                               pass    
 test-amd64-amd64-xl-qemuu-dmrestrict-amd64-dmrestrict        pass    
 test-amd64-i386-xl-qemuu-dmrestrict-amd64-dmrestrict         pass    
 test-amd64-amd64-examine                                     pass    
 test-arm64-arm64-examine                                     pass    
 test-armhf-armhf-examine                                     pass    
 test-amd64-i386-examine                                      pass    
 test-amd64-i386-freebsd10-i386                               pass    
 test-amd64-amd64-qemuu-nested-intel                          pass    
 test-amd64-amd64-xl-pvhv2-intel                              pass    
 test-amd64-i386-qemut-rhel6hvm-intel                         pass    
 test-amd64-i386-qemuu-rhel6hvm-intel                         pass    
 test-amd64-amd64-dom0pvh-xl-intel                            pass    
 test-amd64-amd64-libvirt                                     pass    
 test-armhf-armhf-libvirt                                     pass    
 test-amd64-i386-libvirt                                      pass    
 test-amd64-amd64-xl-multivcpu                                pass    
 test-armhf-armhf-xl-multivcpu                                pass    
 test-amd64-amd64-pair                                        pass    
 test-amd64-i386-pair                                         pass    
 test-amd64-amd64-libvirt-pair                                pass    
 test-amd64-i386-libvirt-pair                                 pass    
 test-amd64-amd64-amd64-pvgrub                                pass    
 test-amd64-amd64-i386-pvgrub                                 pass    
 test-amd64-amd64-xl-pvshim                                   pass    
 test-amd64-i386-xl-pvshim                                    fail    
 test-amd64-amd64-pygrub                                      pass    
 test-amd64-amd64-xl-qcow2                                    pass    
 test-armhf-armhf-libvirt-raw                                 pass    
 test-amd64-i386-xl-raw                                       pass    
 test-amd64-amd64-xl-rtds                                     pass    
 test-armhf-armhf-xl-rtds                                     fail    
 test-arm64-arm64-xl-seattle                                  pass    
 test-amd64-amd64-xl-qemuu-debianhvm-amd64-shadow             pass    
 test-amd64-i386-xl-qemuu-debianhvm-amd64-shadow              pass    
 test-amd64-amd64-xl-shadow                                   pass    
 test-amd64-i386-xl-shadow                                    pass    
 test-arm64-arm64-xl-thunderx                                 pass    
 test-amd64-amd64-libvirt-vhd                                 pass    
 test-armhf-armhf-xl-vhd                                      pass    


------------------------------------------------------------
sg-report-flight on osstest.test-lab.xenproject.org
logs: /home/logs/logs
images: /home/logs/images

Logs, config files, etc. are available at
    http://logs.test-lab.xenproject.org/osstest/logs

Explanation of these reports, and of osstest in general, is at
    http://xenbits.xen.org/gitweb/?p=osstest.git;a=blob;f=README.email;hb=master
    http://xenbits.xen.org/gitweb/?p=osstest.git;a=blob;f=README;hb=master

Test harness code can be found at
    http://xenbits.xen.org/gitweb?p=osstest.git;a=summary


Pushing revision :

hint: The 'hooks/update' hook was ignored because it's not set as executable.
hint: You can disable this warning with `git config advice.ignoredHook false`.
hint: The 'hooks/post-receive' hook was ignored because it's not set as 
executable.
hint: You can disable this warning with `git config advice.ignoredHook false`.
hint: The 'hooks/post-update' hook was ignored because it's not set as 
executable.
hint: You can disable this warning with `git config advice.ignoredHook false`.
To xenbits.xen.org:/home/xen/git/linux-pvops.git
   dfce803cd87d..b3f656a592f3  b3f656a592f3ade657d14888fd3dc92a14975890 -> 
tested/linux-5.4

Reply via email to