flight 155805 xen-unstable-smoke real [real]
http://logs.test-lab.xenproject.org/osstest/logs/155805/

Failures :-/ but no regressions.

Tests which did not succeed, but are not blocking:
 test-amd64-amd64-libvirt     15 migrate-support-check        fail   never pass
 test-arm64-arm64-xl-xsm      15 migrate-support-check        fail   never pass
 test-arm64-arm64-xl-xsm      16 saverestore-support-check    fail   never pass
 test-armhf-armhf-xl          15 migrate-support-check        fail   never pass
 test-armhf-armhf-xl          16 saverestore-support-check    fail   never pass

version targeted for testing:
 xen                  884ef07f4f66b9d12fc4811047db95ba649db85c
baseline version:
 xen                  25849c8b16f2a5b7fcd0a823e80a5f1b590291f9

Last test of basis   155584  2020-10-09 02:01:25 Z    5 days
Failing since        155612  2020-10-09 18:01:22 Z    4 days   36 attempts
Testing same since   155805  2020-10-14 13:00:28 Z    0 days    1 attempts

------------------------------------------------------------
People who touched revisions under test:
  Andrew Cooper <andrew.coop...@citrix.com>
  Bertrand Marquis <bertrand.marq...@arm.com>
  Jan Beulich <jbeul...@suse.com>
  Jason Andryuk <jandr...@gmail.com>
  Juergen Gross <jgr...@suse.com>
  Nick Rosbrook <rosbro...@ainfosec.com>
  Nick Rosbrook <rosbro...@gmail.com>
  Roger Pau Monné <roger....@citrix.com>
  Trammell Hudson <hud...@trmm.net>
  Wei Liu <w...@xen.org>

jobs:
 build-arm64-xsm                                              pass    
 build-amd64                                                  pass    
 build-armhf                                                  pass    
 build-amd64-libvirt                                          pass    
 test-armhf-armhf-xl                                          pass    
 test-arm64-arm64-xl-xsm                                      pass    
 test-amd64-amd64-xl-qemuu-debianhvm-amd64                    pass    
 test-amd64-amd64-libvirt                                     pass    


------------------------------------------------------------
sg-report-flight on osstest.test-lab.xenproject.org
logs: /home/logs/logs
images: /home/logs/images

Logs, config files, etc. are available at
    http://logs.test-lab.xenproject.org/osstest/logs

Explanation of these reports, and of osstest in general, is at
    http://xenbits.xen.org/gitweb/?p=osstest.git;a=blob;f=README.email;hb=master
    http://xenbits.xen.org/gitweb/?p=osstest.git;a=blob;f=README;hb=master

Test harness code can be found at
    http://xenbits.xen.org/gitweb?p=osstest.git;a=summary


Pushing revision :

To xenbits.xen.org:/home/xen/git/xen.git
   25849c8b16..884ef07f4f  884ef07f4f66b9d12fc4811047db95ba649db85c -> smoke

Reply via email to