flight 155754 qemu-mainline real [real] http://logs.test-lab.xenproject.org/osstest/logs/155754/
Regressions :-( Tests which did not succeed and are blocking, including tests which could not be run: test-amd64-amd64-qemuu-freebsd11-amd64 13 guest-start fail REGR. vs. 152631 test-amd64-amd64-qemuu-freebsd12-amd64 13 guest-start fail REGR. vs. 152631 test-amd64-i386-qemuu-rhel6hvm-amd 12 redhat-install fail REGR. vs. 152631 test-amd64-amd64-qemuu-nested-intel 12 debian-hvm-install fail REGR. vs. 152631 test-amd64-i386-freebsd10-i386 13 guest-start fail REGR. vs. 152631 test-armhf-armhf-xl-vhd 12 debian-di-install fail REGR. vs. 152631 test-amd64-amd64-xl-qemuu-debianhvm-amd64-shadow 12 debian-hvm-install fail REGR. vs. 152631 test-amd64-amd64-xl-qemuu-dmrestrict-amd64-dmrestrict 12 debian-hvm-install fail REGR. vs. 152631 test-amd64-i386-qemuu-rhel6hvm-intel 12 redhat-install fail REGR. vs. 152631 test-amd64-amd64-xl-qemuu-ovmf-amd64 12 debian-hvm-install fail REGR. vs. 152631 test-amd64-i386-xl-qemuu-debianhvm-i386-xsm 12 debian-hvm-install fail REGR. vs. 152631 test-arm64-arm64-libvirt-xsm 14 guest-start fail REGR. vs. 152631 test-amd64-amd64-qemuu-nested-amd 12 debian-hvm-install fail REGR. vs. 152631 test-amd64-amd64-xl-qemuu-win7-amd64 12 windows-install fail REGR. vs. 152631 test-amd64-amd64-libvirt-qemuu-debianhvm-amd64-xsm 12 debian-hvm-install fail REGR. vs. 152631 test-amd64-amd64-xl-qemuu-debianhvm-amd64 12 debian-hvm-install fail REGR. vs. 152631 test-amd64-i386-xl-qemuu-debianhvm-amd64 12 debian-hvm-install fail REGR. vs. 152631 test-amd64-amd64-xl-qemuu-debianhvm-i386-xsm 12 debian-hvm-install fail REGR. vs. 152631 test-amd64-i386-libvirt-qemuu-debianhvm-amd64-xsm 12 debian-hvm-install fail REGR. vs. 152631 test-amd64-i386-xl-qemuu-debianhvm-amd64-shadow 12 debian-hvm-install fail REGR. vs. 152631 test-amd64-i386-xl-qemuu-ovmf-amd64 12 debian-hvm-install fail REGR. vs. 152631 test-amd64-i386-xl-qemuu-win7-amd64 12 windows-install fail REGR. vs. 152631 test-armhf-armhf-libvirt-raw 12 debian-di-install fail REGR. vs. 152631 test-amd64-i386-xl-qemuu-ws16-amd64 12 windows-install fail REGR. vs. 152631 test-amd64-amd64-xl-qemuu-ws16-amd64 12 windows-install fail REGR. vs. 152631 test-amd64-i386-freebsd10-amd64 13 guest-start fail REGR. vs. 152631 test-amd64-i386-xl-qemuu-dmrestrict-amd64-dmrestrict 12 debian-hvm-install fail REGR. vs. 152631 test-armhf-armhf-libvirt 14 guest-start fail REGR. vs. 152631 Tests which are failing intermittently (not blocking): test-amd64-i386-xl-raw 12 debian-di-install fail in 155743 pass in 155754 test-amd64-amd64-i386-pvgrub 12 debian-di-install fail in 155743 pass in 155754 test-amd64-amd64-xl-qcow2 12 debian-di-install fail pass in 155743 Tests which did not succeed, but are not blocking: test-armhf-armhf-xl-rtds 18 guest-start/debian.repeat fail like 152631 test-amd64-i386-xl-pvshim 14 guest-start fail never pass test-amd64-amd64-libvirt 15 migrate-support-check fail never pass test-amd64-i386-libvirt-xsm 15 migrate-support-check fail never pass test-amd64-amd64-libvirt-xsm 15 migrate-support-check fail never pass test-amd64-i386-libvirt 15 migrate-support-check fail never pass test-arm64-arm64-xl-seattle 15 migrate-support-check fail never pass test-arm64-arm64-xl-seattle 16 saverestore-support-check fail never pass test-arm64-arm64-xl 15 migrate-support-check fail never pass test-arm64-arm64-xl 16 saverestore-support-check fail never pass test-arm64-arm64-xl-thunderx 15 migrate-support-check fail never pass test-arm64-arm64-xl-thunderx 16 saverestore-support-check fail never pass test-arm64-arm64-xl-xsm 15 migrate-support-check fail never pass test-arm64-arm64-xl-xsm 16 saverestore-support-check fail never pass test-arm64-arm64-xl-credit2 15 migrate-support-check fail never pass test-arm64-arm64-xl-credit2 16 saverestore-support-check fail never pass test-armhf-armhf-xl-arndale 15 migrate-support-check fail never pass test-armhf-armhf-xl-arndale 16 saverestore-support-check fail never pass test-amd64-amd64-libvirt-vhd 14 migrate-support-check fail never pass test-armhf-armhf-xl-credit2 15 migrate-support-check fail never pass test-armhf-armhf-xl-credit2 16 saverestore-support-check fail never pass test-armhf-armhf-xl-credit1 15 migrate-support-check fail never pass test-armhf-armhf-xl-credit1 16 saverestore-support-check fail never pass test-armhf-armhf-xl-rtds 15 migrate-support-check fail never pass test-armhf-armhf-xl-rtds 16 saverestore-support-check fail never pass test-armhf-armhf-xl-cubietruck 15 migrate-support-check fail never pass test-armhf-armhf-xl-cubietruck 16 saverestore-support-check fail never pass test-armhf-armhf-xl 15 migrate-support-check fail never pass test-armhf-armhf-xl 16 saverestore-support-check fail never pass test-arm64-arm64-xl-credit1 15 migrate-support-check fail never pass test-arm64-arm64-xl-credit1 16 saverestore-support-check fail never pass test-armhf-armhf-xl-multivcpu 15 migrate-support-check fail never pass test-armhf-armhf-xl-multivcpu 16 saverestore-support-check fail never pass version targeted for testing: qemuu a0bdf866873467271eff9a92f179ab0f77d735cb baseline version: qemuu 1d806cef0e38b5db8347a8e12f214d543204a314 Last test of basis 152631 2020-08-20 09:07:46 Z 53 days Failing since 152659 2020-08-21 14:07:39 Z 52 days 91 attempts Testing same since 155743 2020-10-12 17:14:05 Z 0 days 2 attempts ------------------------------------------------------------ People who touched revisions under test: Aaron Lindsay <aa...@os.amperecomputing.com> Alberto Garcia <be...@igalia.com> Aleksandar Markovic <aleksandar.qemu.de...@gmail.com> Alex Bennée <alex.ben...@linaro.org> Alexander Bulekov <alx...@bu.edu> Alexey Kirillov <lekir...@yandex-team.ru> Alistair Francis <alistair.fran...@wdc.com> Alistair Francis <alistair.fran...@xilinx.com> Amey Narkhede <ameynarkhed...@gmail.com> Andrew Jones <drjo...@redhat.com> Andrey Konovalov <andreyk...@google.com> Andrey Shinkevich <andrey.shinkev...@virtuozzo.com> Ani Sinha <a...@anisinha.ca> Anthony PERARD <anthony.per...@citrix.com> Anton Blanchard <an...@ozlabs.org> Anup Patel <anup.pa...@wdc.com> Babu Moger <babu.mo...@amd.com> BALATON Zoltan <bala...@eik.bme.hu> Bastian Koppelmann <kbast...@mail.uni-paderborn.de> Bin Meng <bin.m...@windriver.com> Bruce Rogers <brog...@suse.com> Carlo Marcelo Arenas Belón <care...@gmail.com> Chen Gang <cheng...@emindsoft.com.cn> Chen Qun <kuhn.chen...@huawei.com> Chih-Min Chao <chihmin.c...@sifive.com> Christian Borntraeger <borntrae...@de.ibm.com> Christian Schoenebeck <qemu_...@crudebyte.com> Chuan Zheng <zhengch...@huawei.com> Claudio Fontana <cfont...@suse.de> Claudio Imbrenda <imbre...@linux.ibm.com> Cleber Rosa <cr...@redhat.com> Collin Walling <wall...@linux.ibm.com> Connor Kuehl <cku...@redhat.com> Corey Minyard <cminy...@mvista.com> Cornelia Huck <coh...@redhat.com> Cédric Le Goater <c...@kaod.org> César Belley <cesar.bel...@lse.epita.fr> Daniel Henrique Barboza <danielhb...@gmail.com> Daniel P. Berrangé <berra...@redhat.com> David Carlier <devne...@gmail.com> David Gibson <da...@gibson.dropbear.id.au> David Hildenbrand <da...@redhat.com> Dima Stepanov <dimas...@yandex-team.ru> Dmitry Fomichev <dmitry.fomic...@wdc.com> Douglas Crosher <dtc-ubu...@scieneer.com> Dov Murik <dovmu...@linux.vnet.ibm.com> Dr. David Alan Gilbert <dgilb...@redhat.com> Edgar E. Iglesias <edgar.igles...@xilinx.com> Eduardo Habkost <ehabk...@redhat.com> Eduardo Otubo <ot...@redhat.com> Eric Auger <eric.au...@redhat.com> Eric Blake <ebl...@redhat.com> Erik Kline <e...@google.com> Erik Smit <erik.lucas.s...@gmail.com> Fabiano Rosas <faro...@linux.ibm.com> Fam Zheng <f...@euphon.net> Fan Yang <fan_y...@sjtu.edu.cn> Filip Bozuta <filip.boz...@syrmia.com> Finn Thain <fth...@telegraphics.com.au> Frank Chang <frank.ch...@sifive.com> Frediano Ziglio <fredd...@gmail.com> Gerd Hoffmann <kra...@redhat.com> Gonglei <arei.gong...@huawei.com> Graeme Gregory <gra...@nuviainc.com> Greg Kurz <gr...@kaod.org> Guoqing Zhang <zhangguoqing.ker...@bytedance.com> Gustavo Romero <grom...@linux.ibm.com> haibinzhang(张海斌) <haibinzh...@tencent.com> Halil Pasic <pa...@linux.ibm.com> Han Han <h...@redhat.com> Harry G. Coin <hgc...@gmail.com> Havard Skinnemoen <hskinnem...@google.com> Helge Deller <del...@gmx.de> Heyi Guo <guoh...@huawei.com> Hongzheng-Li <ethan.lee....@gmail.com> Hou Weiying <weiying_...@outlook.com> Igor Kononenko <i.konone...@yadro.com> Igor Mammedov <imamm...@redhat.com> Jan Charvat <charv...@fel.cvut.cz> Janosch Frank <fran...@linux.ibm.com> Jason Wang <jasow...@redhat.com> Jens Freimann <jfreim...@redhat.com> Jiachen Zhang <zhangjiachen.jay...@bytedance.com> Joel Stanley <j...@jms.id.au> John Snow <js...@redhat.com> Jon Doron <ari...@gmail.com> Kashyap Chamarthy <kcham...@redhat.com> Keith Busch <kbu...@kernel.org> Kele Huang <kele.hw...@gmail.com> Kenta Ishiguro <kentaishig...@slowstart.org> Kevin Wolf <kw...@redhat.com> Kito Cheng <kito.ch...@sifive.com> Klaus Jensen <k.jen...@samsung.com> Klaus Jensen <klaus.jen...@cnexlabs.com> Laszlo Ersek <ler...@redhat.com> Laurent Vivier <laur...@vivier.eu> Laurent Vivier <lviv...@redhat.com> Lei YU <yulei...@bytedance.com> Leif Lindholm <l...@nuviainc.com> Li Feng <fen...@smartx.com> Li Qiang <liq...@163.com> Li Zhijian <lizhij...@cn.fujitsu.com> Liao Pingfang <liao.pingf...@zte.com.cn> Liao Pingfang <liao.pingf...@zte.com.cn>a Lijun Pan <l...@linux.ibm.com> LIU Zhiwei <zhiwei_...@c-sky.com> Longpeng(Mike) <longpe...@huawei.com> Lukas Straub <lukasstra...@web.de> Marc Hartmayer <mhart...@linux.ibm.com> Marc-André Lureau <marcandre.lur...@redhat.com> Mark Cave-Ayland <mark.cave-ayl...@ilande.co.uk> Markus Armbruster <arm...@redhat.com> Matthieu Bucchianeri <matthieu.bucchian...@leostella.com> Max Filippov <jcmvb...@gmail.com> Max Reitz <mre...@redhat.com> Maxim Levitsky <mlevi...@redhat.com> Michael Roth <mdr...@linux.vnet.ibm.com> Michael S. Tsirkin <m...@redhat.com> Michael Walle <mich...@walle.cc> Michal Privoznik <mpriv...@redhat.com> Mike Gelfand <mike...@mikedld.com> Myriad-Dreamin <camiy...@gmail.com> Nathan Chancellor <natechancel...@gmail.com> Niek Linnenbank <nieklinnenb...@gmail.com> Nikola Pavlica <pavlica.nik...@gmail.com> Nir Soffer <nir...@gmail.com> Nir Soffer <nsof...@redhat.com> Pan Nengyuan <pannengy...@huawei.com> Pankaj Gupta <pankaj.gupta.li...@gmail.com> Paolo Bonzini <pbonz...@redhat.com> Paul Burton <paulbur...@kernel.org> Paul Durrant <p...@xen.org> Paul Zimmerman <pauld...@gmail.com> Pavel Dovgalyuk <pavel.dovga...@gmail.com> Pavel Dovgalyuk <pavel.dovga...@ispras.ru> Pavel Dovgalyuk <pavel.dovgal...@ispras.ru> Pavel Pisa <p...@cmp.felk.cvut.cz> Peter Lieven <p...@kamp.de> Peter Maydell <peter.mayd...@linaro.org> Peter Xu <pet...@redhat.com> Philippe Mathieu-Daude <phi...@redhat.com> Philippe Mathieu-Daudé <f4...@amsat.org> Philippe Mathieu-Daudé <phi...@redhat.com> Prasad J Pandit <p...@fedoraproject.org> Richard Henderson <richard.hender...@linaro.org> Roman Bolshakov <r.bolsha...@yadro.com> Sai Pavan Boddu <sai.pavan.bo...@xilinx.com> Sergei Trofimovich <sly...@gentoo.org> Sergio Lopez <s...@redhat.com> Stefan Berger <stef...@linux.ibm.com> Stefan Hajnoczi <stefa...@redhat.com> Stefan Weil <s...@weilnetz.de> Stefano Garzarella <sgarz...@redhat.com> Stephen Long <stepl...@quicinc.com> Sunil Muthuswamy <sunil...@microsoft.com> Sven Schnelle <sv...@stackframe.org> Swapnil Ingle <swapnil.in...@nutanix.com> Thiago Jung Bauermann <bauer...@linux.ibm.com> Thomas Huth <h...@tuxfamily.org> Thomas Huth <th...@redhat.com> Tianjia Zhang <tianjia.zh...@linux.alibaba.com> Timothy Baldwin <t.e.baldwi...@members.leeds.ac.uk> Timothy E Baldwin <t.e.baldwi...@members.leeds.ac.uk> Tomáš Golembiovský <tgole...@redhat.com> Vitaly Cheptsov <vit9...@protonmail.com> Vitaly Kuznetsov <vkuzn...@redhat.com> Vivek Goyal <vgo...@redhat.com> Vladimir Sementsov-Ogievskiy <vsement...@virtuozzo.com> Volker Rümelin <vr_q...@t-online.de> Xiaoyao Li <xiaoyao...@intel.com> Xinyu Li <preci...@mail.ustc.edu.cn> Xu Zou <iwatchn...@gmail.com> Yan Jin <jinya...@huawei.com> YanYing Zhuang <ann.zhuangyany...@huawei.com> Yi Li <y...@winhong.com> Yi Wang <wang.y...@zte.com.cn> Yifei Jiang <jiangyi...@huawei.com> Ying Fang <fangyi...@huawei.com> Yipeng Yin <yinyipe...@huawei.com> Yonggang Luo <luoyongg...@gmail.com> zhaolichang <zhaolich...@huawei.com> zhenwei pi <pizhen...@bytedance.com> Zhenyu Ye <yezhen...@huawei.com> Zong Li <zong...@sifive.com> jobs: build-amd64-xsm pass build-arm64-xsm pass build-i386-xsm pass build-amd64 pass build-arm64 pass build-armhf pass build-i386 pass build-amd64-libvirt pass build-arm64-libvirt pass build-armhf-libvirt pass build-i386-libvirt pass build-amd64-pvops pass build-arm64-pvops pass build-armhf-pvops pass build-i386-pvops pass test-amd64-amd64-xl pass test-amd64-coresched-amd64-xl pass test-arm64-arm64-xl pass test-armhf-armhf-xl pass test-amd64-i386-xl pass test-amd64-coresched-i386-xl pass test-amd64-amd64-libvirt-qemuu-debianhvm-amd64-xsm fail test-amd64-i386-libvirt-qemuu-debianhvm-amd64-xsm fail test-amd64-amd64-xl-qemuu-debianhvm-i386-xsm fail test-amd64-i386-xl-qemuu-debianhvm-i386-xsm fail test-amd64-amd64-libvirt-xsm pass test-arm64-arm64-libvirt-xsm fail test-amd64-i386-libvirt-xsm pass test-amd64-amd64-xl-xsm pass test-arm64-arm64-xl-xsm pass test-amd64-i386-xl-xsm pass test-amd64-amd64-qemuu-nested-amd fail test-amd64-amd64-xl-pvhv2-amd pass test-amd64-i386-qemuu-rhel6hvm-amd fail test-amd64-amd64-dom0pvh-xl-amd pass test-amd64-amd64-xl-qemuu-debianhvm-amd64 fail test-amd64-i386-xl-qemuu-debianhvm-amd64 fail test-amd64-i386-freebsd10-amd64 fail test-amd64-amd64-qemuu-freebsd11-amd64 fail test-amd64-amd64-qemuu-freebsd12-amd64 fail test-amd64-amd64-xl-qemuu-ovmf-amd64 fail test-amd64-i386-xl-qemuu-ovmf-amd64 fail test-amd64-amd64-xl-qemuu-win7-amd64 fail test-amd64-i386-xl-qemuu-win7-amd64 fail test-amd64-amd64-xl-qemuu-ws16-amd64 fail test-amd64-i386-xl-qemuu-ws16-amd64 fail test-armhf-armhf-xl-arndale pass test-amd64-amd64-xl-credit1 pass test-arm64-arm64-xl-credit1 pass test-armhf-armhf-xl-credit1 pass test-amd64-amd64-xl-credit2 pass test-arm64-arm64-xl-credit2 pass test-armhf-armhf-xl-credit2 pass test-armhf-armhf-xl-cubietruck pass test-amd64-amd64-xl-qemuu-dmrestrict-amd64-dmrestrict fail test-amd64-i386-xl-qemuu-dmrestrict-amd64-dmrestrict fail test-amd64-i386-freebsd10-i386 fail test-amd64-amd64-qemuu-nested-intel fail test-amd64-amd64-xl-pvhv2-intel pass test-amd64-i386-qemuu-rhel6hvm-intel fail test-amd64-amd64-dom0pvh-xl-intel pass test-amd64-amd64-libvirt pass test-armhf-armhf-libvirt fail test-amd64-i386-libvirt pass test-amd64-amd64-xl-multivcpu pass test-armhf-armhf-xl-multivcpu pass test-amd64-amd64-pair pass test-amd64-i386-pair pass test-amd64-amd64-libvirt-pair pass test-amd64-i386-libvirt-pair pass test-amd64-amd64-amd64-pvgrub pass test-amd64-amd64-i386-pvgrub pass test-amd64-amd64-xl-pvshim pass test-amd64-i386-xl-pvshim fail test-amd64-amd64-pygrub pass test-amd64-amd64-xl-qcow2 fail test-armhf-armhf-libvirt-raw fail test-amd64-i386-xl-raw pass test-amd64-amd64-xl-rtds pass test-armhf-armhf-xl-rtds fail test-arm64-arm64-xl-seattle pass test-amd64-amd64-xl-qemuu-debianhvm-amd64-shadow fail test-amd64-i386-xl-qemuu-debianhvm-amd64-shadow fail test-amd64-amd64-xl-shadow pass test-amd64-i386-xl-shadow pass test-arm64-arm64-xl-thunderx pass test-amd64-amd64-libvirt-vhd pass test-armhf-armhf-xl-vhd fail ------------------------------------------------------------ sg-report-flight on osstest.test-lab.xenproject.org logs: /home/logs/logs images: /home/logs/images Logs, config files, etc. are available at http://logs.test-lab.xenproject.org/osstest/logs Explanation of these reports, and of osstest in general, is at http://xenbits.xen.org/gitweb/?p=osstest.git;a=blob;f=README.email;hb=master http://xenbits.xen.org/gitweb/?p=osstest.git;a=blob;f=README;hb=master Test harness code can be found at http://xenbits.xen.org/gitweb?p=osstest.git;a=summary Not pushing. (No revision log; it would be 43816 lines long.)