flight 154428 linux-5.4 real [real]
http://logs.test-lab.xenproject.org/osstest/logs/154428/

Failures :-/ but no regressions.

Regressions which are regarded as allowable (not blocking):
 test-amd64-amd64-xl-rtds     18 guest-localmigrate/x10   fail REGR. vs. 154241

Tests which did not succeed, but are not blocking:
 test-amd64-amd64-xl-qemut-debianhvm-i386-xsm 10 debian-hvm-install fail like 
154185
 test-amd64-i386-xl-pvshim    12 guest-start                  fail   never pass
 test-arm64-arm64-xl-seattle  13 migrate-support-check        fail   never pass
 test-arm64-arm64-xl-seattle  14 saverestore-support-check    fail   never pass
 test-amd64-amd64-libvirt     13 migrate-support-check        fail   never pass
 test-amd64-amd64-libvirt-xsm 13 migrate-support-check        fail   never pass
 test-amd64-i386-libvirt-xsm  13 migrate-support-check        fail   never pass
 test-amd64-i386-libvirt      13 migrate-support-check        fail   never pass
 test-amd64-i386-libvirt-qemuu-debianhvm-amd64-xsm 11 migrate-support-check 
fail never pass
 test-amd64-amd64-libvirt-qemuu-debianhvm-amd64-xsm 11 migrate-support-check 
fail never pass
 test-arm64-arm64-xl-credit1  13 migrate-support-check        fail   never pass
 test-arm64-arm64-xl-credit1  14 saverestore-support-check    fail   never pass
 test-arm64-arm64-xl-xsm      13 migrate-support-check        fail   never pass
 test-arm64-arm64-xl-xsm      14 saverestore-support-check    fail   never pass
 test-arm64-arm64-xl-thunderx 13 migrate-support-check        fail   never pass
 test-arm64-arm64-xl-thunderx 14 saverestore-support-check    fail   never pass
 test-arm64-arm64-libvirt-xsm 13 migrate-support-check        fail   never pass
 test-arm64-arm64-libvirt-xsm 14 saverestore-support-check    fail   never pass
 test-armhf-armhf-xl-arndale  13 migrate-support-check        fail   never pass
 test-armhf-armhf-xl-arndale  14 saverestore-support-check    fail   never pass
 test-amd64-amd64-libvirt-vhd 12 migrate-support-check        fail   never pass
 test-arm64-arm64-xl-credit2  13 migrate-support-check        fail   never pass
 test-arm64-arm64-xl-credit2  14 saverestore-support-check    fail   never pass
 test-amd64-amd64-xl-qemuu-win7-amd64 17 guest-stop             fail never pass
 test-amd64-amd64-xl-qemut-win7-amd64 17 guest-stop             fail never pass
 test-amd64-i386-xl-qemut-win7-amd64 17 guest-stop              fail never pass
 test-armhf-armhf-xl-credit2  13 migrate-support-check        fail   never pass
 test-armhf-armhf-xl-credit2  14 saverestore-support-check    fail   never pass
 test-armhf-armhf-libvirt     13 migrate-support-check        fail   never pass
 test-armhf-armhf-libvirt     14 saverestore-support-check    fail   never pass
 test-armhf-armhf-xl          13 migrate-support-check        fail   never pass
 test-armhf-armhf-xl          14 saverestore-support-check    fail   never pass
 test-armhf-armhf-xl-multivcpu 13 migrate-support-check        fail  never pass
 test-armhf-armhf-xl-multivcpu 14 saverestore-support-check    fail  never pass
 test-armhf-armhf-xl-cubietruck 13 migrate-support-check        fail never pass
 test-armhf-armhf-xl-cubietruck 14 saverestore-support-check    fail never pass
 test-amd64-amd64-qemuu-nested-amd 17 debian-hvm-install/l1/l2  fail never pass
 test-amd64-amd64-xl-qemut-ws16-amd64 17 guest-stop             fail never pass
 test-amd64-amd64-xl-qemuu-ws16-amd64 17 guest-stop             fail never pass
 test-amd64-i386-xl-qemuu-win7-amd64 17 guest-stop              fail never pass
 test-arm64-arm64-xl          13 migrate-support-check        fail   never pass
 test-arm64-arm64-xl          14 saverestore-support-check    fail   never pass
 test-amd64-i386-xl-qemut-ws16-amd64 17 guest-stop              fail never pass
 test-armhf-armhf-libvirt-raw 12 migrate-support-check        fail   never pass
 test-armhf-armhf-libvirt-raw 13 saverestore-support-check    fail   never pass
 test-armhf-armhf-xl-rtds     13 migrate-support-check        fail   never pass
 test-armhf-armhf-xl-rtds     14 saverestore-support-check    fail   never pass
 test-armhf-armhf-xl-vhd      12 migrate-support-check        fail   never pass
 test-armhf-armhf-xl-vhd      13 saverestore-support-check    fail   never pass
 test-armhf-armhf-xl-credit1  13 migrate-support-check        fail   never pass
 test-armhf-armhf-xl-credit1  14 saverestore-support-check    fail   never pass
 test-amd64-i386-xl-qemuu-ws16-amd64 17 guest-stop              fail never pass

version targeted for testing:
 linux                bdc3a8f6a8e8b798c46683a98b97d52b3a5708e4
baseline version:
 linux                6c3d34dea2fc9b02c4419af4e368e8b73f566c88

Last test of basis   154241  2020-09-13 04:57:13 Z    4 days
Testing same since   154428  2020-09-17 12:09:47 Z    0 days    1 attempts

------------------------------------------------------------
People who touched revisions under test:
  A L <m...@lechevalier.se>
  Adam Ford <aford...@gmail.com>
  Adrian Hunter <adrian.hun...@intel.com>
  Aleksander Morgado <aleksan...@aleksander.es>
  Alex Deucher <alexander.deuc...@amd.com>
  Alexandru Elisei <alexandru.eli...@arm.com>
  Amar Singhal <asing...@codeaurora.org>
  Andy Lutomirski <l...@amacapital.net>
  Andy Shevchenko <andriy.shevche...@linux.intel.com>
  Angelo Compagnucci <angelo.compagnu...@gmail.com>
  Anju T Sudhakar <a...@linux.vnet.ibm.com>
  Anson Huang <anson.hu...@nxp.com>
  Ard Biesheuvel <a...@kernel.org>
  Bartlomiej Zolnierkiewicz <b.zolnier...@samsung.com>
  Bjørn Mork <bj...@mork.no>
  Brian Foster <bfos...@redhat.com>
  Caleb Callaway <caleb.calla...@intel.com>
  Catalin Marinas <catalin.mari...@arm.com>
  Chris Healy <cphe...@gmail.com>
  Chris Packham <chris.pack...@alliedtelesis.co.nz>
  Christoph Hellwig <h...@lst.de>
  Dan Carpenter <dan.carpen...@oracle.com>
  Daniel Vetter <daniel.vet...@ffwll.ch>
  Darrick J. Wong <darrick.w...@oracle.com>
  David S. Miller <da...@davemloft.net>
  David Sterba <dste...@suse.com>
  Dinghao Liu <dinghao....@zju.edu.cn>
  Dinh Nguyen <dingu...@kernel.org>
  Dmitry Osipenko <dig...@gmail.com>
  Doug Dumitru <d...@dumitru.com>
  Douglas Anderson <diand...@chromium.org>
  Eric Auger <eric.au...@redhat.com>
  Evgeniy Didin <evgeniy.di...@synopsys.com>
  Filipe Manana <fdman...@suse.com>
  Florian Fainelli <f.faine...@gmail.com>
  Florian Westphal <f...@strlen.de>
  Francisco Jerez <curroje...@riseup.net>
  Gavin Shan <gs...@redhat.com>
  Greg Kroah-Hartman <gre...@linuxfoundation.org>
  Guenter Roeck <li...@roeck-us.net>
  Gwendal Grignou <gwen...@chromium.org>
  Hanjun Guo <guohan...@huawei.com>
  Heikki Krogerus <heikki.kroge...@linux.intel.com>
  Hou Pu <ho...@bytedance.com>
  Ilya Dryomov <idryo...@gmail.com>
  Jason Gunthorpe <j...@nvidia.com>
  Jens Axboe <ax...@kernel.dk>
  Jessica Yu <j...@kernel.org>
  Jiri Kosina <jkos...@suse.cz>
  Joerg Roedel <jroe...@suse.de>
  Johan Hovold <jo...@kernel.org>
  Johannes Berg <johannes.b...@intel.com>
  John Stultz <john.stu...@linaro.org>
  Jon Hunter <jonath...@nvidia.com>
  Jonathan Cameron <jonathan.came...@huawei.com>
  Jordan Crouse <jcro...@codeaurora.org>
  Josef Bacik <jo...@toxicpanda.com>
  Kai Vehmanen <kai.vehma...@linux.intel.com>
  Kamal Heib <kamalhe...@gmail.com>
  Krzysztof Halasa <k...@pm.waw.pl>
  Krzysztof Kozlowski <k...@kernel.org>
  Leon Romanovsky <leo...@nvidia.com>
  Linus Torvalds <torva...@linux-foundation.org>
  Linus Walleij <linus.wall...@linaro.org>
  Linux Kernel Functional Testing <l...@linaro.org>
  Luo Jiaxing <luojiax...@huawei.com>
  Madhuparna Bhowmik <madhuparnabhowmi...@gmail.com>
  Marc Zyngier <m...@kernel.org>
  Marek Vasut <ma...@denx.de>
  Mark Bloch <ma...@mellanox.com>
  Mark Brown <broo...@kernel.org>
  Martin K. Petersen <martin.peter...@oracle.com>
  Martin Thierer <mthie...@gmail.com>
  Mathias Nyman <mathias.ny...@linux.intel.com>
  Matthias Schiffer <matthias.schif...@ew.tq-group.com>
  Maxim Kiselev <biguncle...@gmail.com>
  Maxim Kochetkov <fido_...@inbox.ru>
  Maxime Ripard <max...@cerno.tech>
  Michał Mirosław <mirq-li...@rere.qmqm.pl>
  Mohan Kumar <mkum...@nvidia.com>
  Nicholas Miell <nmi...@gmail.com>
  Nirenjan Krishnan <niren...@gmail.com>
  Ondrej Jirman <meg...@megous.com>
  Pablo Neira Ayuso <pa...@netfilter.org>
  Paolo Bonzini <pbonz...@redhat.com>
  Patrick Riphagen <patrick.ripha...@xsens.com>
  Peter Oberparleiter <ober...@linux.ibm.com>
  Po-Hsu Lin <po-hsu....@canonical.com>
  Qu Wenruo <w...@suse.com>
  Rafael J. Wysocki <rafael.j.wyso...@intel.com>
  Rander Wang <rander.w...@intel.com>
  Raul E Rangel <rran...@chromium.org>
  Ritesh Harjani <rite...@linux.ibm.com>
  Rob Clark <robdcl...@chromium.org>
  Rustam Kovhaev <rkovh...@gmail.com>
  Sagi Grimberg <s...@grimberg.me>
  Sameer Pujar <spu...@nvidia.com>
  Sandeep Raghuraman <sandy.8...@gmail.com>
  Sasha Levin <sas...@kernel.org>
  Selvam Sathappan Periakaruppan <speri...@codeaurora.org>
  Selvin Xavier <selvin.xav...@broadcom.com>
  Shawn Guo <shawn...@kernel.org>
  Shuah Khan <sk...@linuxfoundation.org>
  Sivaprakash Murugesan <sivap...@codeaurora.org>
  Srinivas Pandruvada <srinivas.pandruv...@linux.intel.com>
  Takashi Iwai <ti...@suse.de>
  Tetsuo Handa <penguin-ker...@i-love.sakura.ne.jp>
  Tom Rix <t...@redhat.com>
  Tomas Henzl <the...@redhat.com>
  Tong Zhang <ztong0...@gmail.com>
  Tony Lindgren <t...@atomide.com>
  Ulf Hansson <ulf.hans...@linaro.org>
  Vaibhav Agarwal <vaibhav...@gmail.com>
  Varun Prakash <va...@chelsio.com>
  Vineet Gupta <vgu...@synopsys.com>
  Vinod Koul <vk...@kernel.org>
  Vladimir Zapolskiy <v...@mleia.com>
  Vladis Dronov <vdro...@redhat.com>
  Wanpeng Li <wanpen...@tencent.com>
  Will Deacon <w...@kernel.org>
  Willy Tarreau <w...@1wt.eu>
  Xie He <xie.he.0...@gmail.com>
  Yan Zhao <yan.y.z...@intel.com>
  Yi Li <y...@winhong.com>
  Yi Zhang <yi.zh...@redhat.com>
  Yu Kuai <yuku...@huawei.com>
  Yuan Ming <yuanmingb...@gmail.com>
  Zeng Tao <prime.z...@hisilicon.com>
  Zhenyu Wang <zhen...@linux.intel.com>
  Ziye Yang <ziye.y...@intel.com>

jobs:
 build-amd64-xsm                                              pass    
 build-arm64-xsm                                              pass    
 build-i386-xsm                                               pass    
 build-amd64                                                  pass    
 build-arm64                                                  pass    
 build-armhf                                                  pass    
 build-i386                                                   pass    
 build-amd64-libvirt                                          pass    
 build-arm64-libvirt                                          pass    
 build-armhf-libvirt                                          pass    
 build-i386-libvirt                                           pass    
 build-amd64-pvops                                            pass    
 build-arm64-pvops                                            pass    
 build-armhf-pvops                                            pass    
 build-i386-pvops                                             pass    
 test-amd64-amd64-xl                                          pass    
 test-amd64-coresched-amd64-xl                                pass    
 test-arm64-arm64-xl                                          pass    
 test-armhf-armhf-xl                                          pass    
 test-amd64-i386-xl                                           pass    
 test-amd64-coresched-i386-xl                                 pass    
 test-amd64-amd64-libvirt-qemuu-debianhvm-amd64-xsm           pass    
 test-amd64-i386-libvirt-qemuu-debianhvm-amd64-xsm            pass    
 test-amd64-amd64-xl-qemut-stubdom-debianhvm-amd64-xsm        pass    
 test-amd64-i386-xl-qemut-stubdom-debianhvm-amd64-xsm         pass    
 test-amd64-amd64-xl-qemut-debianhvm-i386-xsm                 fail    
 test-amd64-i386-xl-qemut-debianhvm-i386-xsm                  pass    
 test-amd64-amd64-xl-qemuu-debianhvm-i386-xsm                 pass    
 test-amd64-i386-xl-qemuu-debianhvm-i386-xsm                  pass    
 test-amd64-amd64-libvirt-xsm                                 pass    
 test-arm64-arm64-libvirt-xsm                                 pass    
 test-amd64-i386-libvirt-xsm                                  pass    
 test-amd64-amd64-xl-xsm                                      pass    
 test-arm64-arm64-xl-xsm                                      pass    
 test-amd64-i386-xl-xsm                                       pass    
 test-amd64-amd64-qemuu-nested-amd                            fail    
 test-amd64-amd64-xl-pvhv2-amd                                pass    
 test-amd64-i386-qemut-rhel6hvm-amd                           pass    
 test-amd64-i386-qemuu-rhel6hvm-amd                           pass    
 test-amd64-amd64-dom0pvh-xl-amd                              pass    
 test-amd64-amd64-xl-qemut-debianhvm-amd64                    pass    
 test-amd64-i386-xl-qemut-debianhvm-amd64                     pass    
 test-amd64-amd64-xl-qemuu-debianhvm-amd64                    pass    
 test-amd64-i386-xl-qemuu-debianhvm-amd64                     pass    
 test-amd64-i386-freebsd10-amd64                              pass    
 test-amd64-amd64-qemuu-freebsd11-amd64                       pass    
 test-amd64-amd64-qemuu-freebsd12-amd64                       pass    
 test-amd64-amd64-xl-qemuu-ovmf-amd64                         pass    
 test-amd64-i386-xl-qemuu-ovmf-amd64                          pass    
 test-amd64-amd64-xl-qemut-win7-amd64                         fail    
 test-amd64-i386-xl-qemut-win7-amd64                          fail    
 test-amd64-amd64-xl-qemuu-win7-amd64                         fail    
 test-amd64-i386-xl-qemuu-win7-amd64                          fail    
 test-amd64-amd64-xl-qemut-ws16-amd64                         fail    
 test-amd64-i386-xl-qemut-ws16-amd64                          fail    
 test-amd64-amd64-xl-qemuu-ws16-amd64                         fail    
 test-amd64-i386-xl-qemuu-ws16-amd64                          fail    
 test-armhf-armhf-xl-arndale                                  pass    
 test-amd64-amd64-xl-credit1                                  pass    
 test-arm64-arm64-xl-credit1                                  pass    
 test-armhf-armhf-xl-credit1                                  pass    
 test-amd64-amd64-xl-credit2                                  pass    
 test-arm64-arm64-xl-credit2                                  pass    
 test-armhf-armhf-xl-credit2                                  pass    
 test-armhf-armhf-xl-cubietruck                               pass    
 test-amd64-amd64-xl-qemuu-dmrestrict-amd64-dmrestrict        pass    
 test-amd64-i386-xl-qemuu-dmrestrict-amd64-dmrestrict         pass    
 test-amd64-amd64-examine                                     pass    
 test-arm64-arm64-examine                                     pass    
 test-armhf-armhf-examine                                     pass    
 test-amd64-i386-examine                                      pass    
 test-amd64-i386-freebsd10-i386                               pass    
 test-amd64-amd64-qemuu-nested-intel                          pass    
 test-amd64-amd64-xl-pvhv2-intel                              pass    
 test-amd64-i386-qemut-rhel6hvm-intel                         pass    
 test-amd64-i386-qemuu-rhel6hvm-intel                         pass    
 test-amd64-amd64-dom0pvh-xl-intel                            pass    
 test-amd64-amd64-libvirt                                     pass    
 test-armhf-armhf-libvirt                                     pass    
 test-amd64-i386-libvirt                                      pass    
 test-amd64-amd64-xl-multivcpu                                pass    
 test-armhf-armhf-xl-multivcpu                                pass    
 test-amd64-amd64-pair                                        pass    
 test-amd64-i386-pair                                         pass    
 test-amd64-amd64-libvirt-pair                                pass    
 test-amd64-i386-libvirt-pair                                 pass    
 test-amd64-amd64-amd64-pvgrub                                pass    
 test-amd64-amd64-i386-pvgrub                                 pass    
 test-amd64-amd64-xl-pvshim                                   pass    
 test-amd64-i386-xl-pvshim                                    fail    
 test-amd64-amd64-pygrub                                      pass    
 test-amd64-amd64-xl-qcow2                                    pass    
 test-armhf-armhf-libvirt-raw                                 pass    
 test-amd64-i386-xl-raw                                       pass    
 test-amd64-amd64-xl-rtds                                     fail    
 test-armhf-armhf-xl-rtds                                     pass    
 test-arm64-arm64-xl-seattle                                  pass    
 test-amd64-amd64-xl-qemuu-debianhvm-amd64-shadow             pass    
 test-amd64-i386-xl-qemuu-debianhvm-amd64-shadow              pass    
 test-amd64-amd64-xl-shadow                                   pass    
 test-amd64-i386-xl-shadow                                    pass    
 test-arm64-arm64-xl-thunderx                                 pass    
 test-amd64-amd64-libvirt-vhd                                 pass    
 test-armhf-armhf-xl-vhd                                      pass    


------------------------------------------------------------
sg-report-flight on osstest.test-lab.xenproject.org
logs: /home/logs/logs
images: /home/logs/images

Logs, config files, etc. are available at
    http://logs.test-lab.xenproject.org/osstest/logs

Explanation of these reports, and of osstest in general, is at
    http://xenbits.xen.org/gitweb/?p=osstest.git;a=blob;f=README.email;hb=master
    http://xenbits.xen.org/gitweb/?p=osstest.git;a=blob;f=README;hb=master

Test harness code can be found at
    http://xenbits.xen.org/gitweb?p=osstest.git;a=summary


Pushing revision :

hint: The 'hooks/update' hook was ignored because it's not set as executable.
hint: You can disable this warning with `git config advice.ignoredHook false`.
hint: The 'hooks/post-receive' hook was ignored because it's not set as 
executable.
hint: You can disable this warning with `git config advice.ignoredHook false`.
hint: The 'hooks/post-update' hook was ignored because it's not set as 
executable.
hint: You can disable this warning with `git config advice.ignoredHook false`.
To xenbits.xen.org:/home/xen/git/linux-pvops.git
   6c3d34dea2fc..bdc3a8f6a8e8  bdc3a8f6a8e8b798c46683a98b97d52b3a5708e4 -> 
tested/linux-5.4

Reply via email to