flight 154061 qemu-mainline real [real] http://logs.test-lab.xenproject.org/osstest/logs/154061/
Regressions :-( Tests which did not succeed and are blocking, including tests which could not be run: test-amd64-amd64-xl-qcow2 10 debian-di-install fail REGR. vs. 152631 test-amd64-i386-xl-qemuu-dmrestrict-amd64-dmrestrict 10 debian-hvm-install fail REGR. vs. 152631 test-amd64-amd64-xl-qemuu-win7-amd64 10 windows-install fail REGR. vs. 152631 test-amd64-amd64-qemuu-nested-intel 10 debian-hvm-install fail REGR. vs. 152631 test-amd64-amd64-xl-qemuu-dmrestrict-amd64-dmrestrict 10 debian-hvm-install fail REGR. vs. 152631 test-amd64-amd64-xl-qemuu-ovmf-amd64 10 debian-hvm-install fail REGR. vs. 152631 test-amd64-amd64-xl-qemuu-debianhvm-amd64-shadow 10 debian-hvm-install fail REGR. vs. 152631 test-amd64-i386-xl-qemuu-win7-amd64 10 windows-install fail REGR. vs. 152631 test-amd64-i386-xl-qemuu-debianhvm-i386-xsm 10 debian-hvm-install fail REGR. vs. 152631 test-amd64-amd64-qemuu-nested-amd 10 debian-hvm-install fail REGR. vs. 152631 test-amd64-amd64-xl-qemuu-ws16-amd64 10 windows-install fail REGR. vs. 152631 test-amd64-amd64-xl-qemuu-debianhvm-i386-xsm 10 debian-hvm-install fail REGR. vs. 152631 test-amd64-amd64-xl-qemuu-debianhvm-amd64 10 debian-hvm-install fail REGR. vs. 152631 test-amd64-i386-qemuu-rhel6hvm-amd 10 redhat-install fail REGR. vs. 152631 test-amd64-i386-xl-qemuu-debianhvm-amd64 10 debian-hvm-install fail REGR. vs. 152631 test-amd64-i386-xl-qemuu-ws16-amd64 10 windows-install fail REGR. vs. 152631 test-amd64-i386-qemuu-rhel6hvm-intel 10 redhat-install fail REGR. vs. 152631 test-amd64-i386-xl-qemuu-debianhvm-amd64-shadow 10 debian-hvm-install fail REGR. vs. 152631 test-amd64-i386-xl-qemuu-ovmf-amd64 10 debian-hvm-install fail REGR. vs. 152631 test-arm64-arm64-libvirt-xsm 12 guest-start fail REGR. vs. 152631 test-armhf-armhf-xl-vhd 10 debian-di-install fail REGR. vs. 152631 test-amd64-amd64-libvirt-vhd 11 guest-start fail REGR. vs. 152631 test-armhf-armhf-libvirt-raw 10 debian-di-install fail REGR. vs. 152631 test-armhf-armhf-libvirt 12 guest-start fail REGR. vs. 152631 Tests which did not succeed, but are not blocking: test-amd64-i386-libvirt-xsm 13 migrate-support-check fail never pass test-amd64-i386-xl-pvshim 12 guest-start fail never pass test-amd64-amd64-libvirt-xsm 13 migrate-support-check fail never pass test-amd64-i386-libvirt 13 migrate-support-check fail never pass test-amd64-amd64-libvirt 13 migrate-support-check fail never pass test-amd64-amd64-libvirt-qemuu-debianhvm-amd64-xsm 11 migrate-support-check fail never pass test-arm64-arm64-xl-xsm 13 migrate-support-check fail never pass test-arm64-arm64-xl-xsm 14 saverestore-support-check fail never pass test-arm64-arm64-xl 13 migrate-support-check fail never pass test-arm64-arm64-xl-credit1 13 migrate-support-check fail never pass test-arm64-arm64-xl 14 saverestore-support-check fail never pass test-arm64-arm64-xl-credit1 14 saverestore-support-check fail never pass test-arm64-arm64-xl-credit2 13 migrate-support-check fail never pass test-arm64-arm64-xl-credit2 14 saverestore-support-check fail never pass test-amd64-i386-libvirt-qemuu-debianhvm-amd64-xsm 11 migrate-support-check fail never pass test-arm64-arm64-xl-thunderx 13 migrate-support-check fail never pass test-arm64-arm64-xl-thunderx 14 saverestore-support-check fail never pass test-armhf-armhf-xl-arndale 13 migrate-support-check fail never pass test-armhf-armhf-xl-arndale 14 saverestore-support-check fail never pass test-armhf-armhf-xl-credit1 13 migrate-support-check fail never pass test-armhf-armhf-xl-credit1 14 saverestore-support-check fail never pass test-armhf-armhf-xl-credit2 13 migrate-support-check fail never pass test-armhf-armhf-xl-credit2 14 saverestore-support-check fail never pass test-armhf-armhf-xl-multivcpu 13 migrate-support-check fail never pass test-armhf-armhf-xl-multivcpu 14 saverestore-support-check fail never pass test-armhf-armhf-xl 13 migrate-support-check fail never pass test-armhf-armhf-xl 14 saverestore-support-check fail never pass test-arm64-arm64-xl-seattle 13 migrate-support-check fail never pass test-arm64-arm64-xl-seattle 14 saverestore-support-check fail never pass test-armhf-armhf-xl-rtds 13 migrate-support-check fail never pass test-armhf-armhf-xl-rtds 14 saverestore-support-check fail never pass test-armhf-armhf-xl-cubietruck 13 migrate-support-check fail never pass test-armhf-armhf-xl-cubietruck 14 saverestore-support-check fail never pass version targeted for testing: qemuu 9435a8b3dd35f1f926f1b9127e8a906217a5518a baseline version: qemuu 1d806cef0e38b5db8347a8e12f214d543204a314 Last test of basis 152631 2020-08-20 09:07:46 Z 21 days Failing since 152659 2020-08-21 14:07:39 Z 20 days 59 attempts Testing same since 153998 2020-09-09 04:13:28 Z 1 days 4 attempts ------------------------------------------------------------ People who touched revisions under test: Alberto Garcia <be...@igalia.com> Alex Bennée <alex.ben...@linaro.org> Alexander Bulekov <alx...@bu.edu> Alistair Francis <alistair.fran...@wdc.com> Alistair Francis <alistair.fran...@xilinx.com> Andrey Konovalov <andreyk...@google.com> Andrey Shinkevich <andrey.shinkev...@virtuozzo.com> Ani Sinha <a...@anisinha.ca> Anthony PERARD <anthony.per...@citrix.com> Anton Blanchard <an...@ozlabs.org> Anup Patel <anup.pa...@wdc.com> Babu Moger <babu.mo...@amd.com> Bin Meng <bin.m...@windriver.com> Bruce Rogers <brog...@suse.com> Carlo Marcelo Arenas Belón <care...@gmail.com> Chen Gang <cheng...@emindsoft.com.cn> Chen Qun <kuhn.chen...@huawei.com> Chih-Min Chao <chihmin.c...@sifive.com> Christian Borntraeger <borntrae...@de.ibm.com> Christian Schoenebeck <qemu_...@crudebyte.com> Corey Minyard <cminy...@mvista.com> Cornelia Huck <coh...@redhat.com> Cédric Le Goater <c...@kaod.org> César Belley <cesar.bel...@lse.epita.fr> Daniel Henrique Barboza <danielhb...@gmail.com> Daniel P. Berrangé <berra...@redhat.com> David Gibson <da...@gibson.dropbear.id.au> Dr. David Alan Gilbert <dgilb...@redhat.com> Edgar E. Iglesias <edgar.igles...@xilinx.com> Eduardo Habkost <ehabk...@redhat.com> Eric Auger <eric.au...@redhat.com> Eric Blake <ebl...@redhat.com> Erik Smit <erik.lucas.s...@gmail.com> Fam Zheng <f...@euphon.net> Filip Bozuta <filip.boz...@syrmia.com> Frank Chang <frank.ch...@sifive.com> Frediano Ziglio <fredd...@gmail.com> Gerd Hoffmann <kra...@redhat.com> Gonglei <arei.gong...@huawei.com> Graeme Gregory <gra...@nuviainc.com> Greg Kurz <gr...@kaod.org> Gustavo Romero <grom...@linux.ibm.com> Han Han <h...@redhat.com> Helge Deller <del...@gmx.de> Heyi Guo <guoh...@huawei.com> Hongzheng-Li <ethan.lee....@gmail.com> Hou Weiying <weiying_...@outlook.com> Igor Kononenko <i.konone...@yadro.com> Igor Mammedov <imamm...@redhat.com> Joel Stanley <j...@jms.id.au> Kashyap Chamarthy <kcham...@redhat.com> Keith Busch <kbu...@kernel.org> Kenta Ishiguro <kentaishig...@slowstart.org> Kevin Wolf <kw...@redhat.com> Kito Cheng <kito.ch...@sifive.com> Klaus Jensen <k.jen...@samsung.com> Klaus Jensen <klaus.jen...@cnexlabs.com> Laurent Vivier <laur...@vivier.eu> Laurent Vivier <lviv...@redhat.com> Leif Lindholm <l...@nuviainc.com> Li Qiang <liq...@163.com> Li Zhijian <lizhij...@cn.fujitsu.com> Liao Pingfang <liao.pingf...@zte.com.cn> Liao Pingfang <liao.pingf...@zte.com.cn>a Lijun Pan <l...@linux.ibm.com> LIU Zhiwei <zhiwei_...@c-sky.com> Longpeng(Mike) <longpe...@huawei.com> Marc-André Lureau <marcandre.lur...@redhat.com> Mark Cave-Ayland <mark.cave-ayl...@ilande.co.uk> Markus Armbruster <arm...@redhat.com> Matthieu Bucchianeri <matthieu.bucchian...@leostella.com> Max Filippov <jcmvb...@gmail.com> Max Reitz <mre...@redhat.com> Michael S. Tsirkin <m...@redhat.com> Michal Privoznik <mpriv...@redhat.com> Mike Gelfand <mike...@mikedld.com> Myriad-Dreamin <camiy...@gmail.com> Niek Linnenbank <nieklinnenb...@gmail.com> Nikola Pavlica <pavlica.nik...@gmail.com> Pan Nengyuan <pannengy...@huawei.com> Paolo Bonzini <pbonz...@redhat.com> Paul Burton <paulbur...@kernel.org> Peter Maydell <peter.mayd...@linaro.org> Peter Xu <pet...@redhat.com> Philippe Mathieu-Daudé <f4...@amsat.org> Philippe Mathieu-Daudé <phi...@redhat.com> Richard Henderson <richard.hender...@linaro.org> Roman Bolshakov <r.bolsha...@yadro.com> Sai Pavan Boddu <sai.pavan.bo...@xilinx.com> Sergio Lopez <s...@redhat.com> Stefan Hajnoczi <stefa...@redhat.com> Stefan Weil <s...@weilnetz.de> Stefano Garzarella <sgarz...@redhat.com> Stephen Long <stepl...@quicinc.com> Sven Schnelle <sv...@stackframe.org> Thiago Jung Bauermann <bauer...@linux.ibm.com> Thomas Huth <h...@tuxfamily.org> Thomas Huth <th...@redhat.com> Tianjia Zhang <tianjia.zh...@linux.alibaba.com> Timothy Baldwin <t.e.baldwi...@members.leeds.ac.uk> Timothy E Baldwin <t.e.baldwi...@members.leeds.ac.uk> Vitaly Cheptsov <vit9...@protonmail.com> Vivek Goyal <vgo...@redhat.com> Vladimir Sementsov-Ogievskiy <vsement...@virtuozzo.com> Volker Rümelin <vr_q...@t-online.de> Yi Wang <wang.y...@zte.com.cn> Ying Fang <fangyi...@huawei.com> Yonggang Luo <luoyongg...@gmail.com> Zhenyu Ye <yezhen...@huawei.com> Zong Li <zong...@sifive.com> jobs: build-amd64-xsm pass build-arm64-xsm pass build-i386-xsm pass build-amd64 pass build-arm64 pass build-armhf pass build-i386 pass build-amd64-libvirt pass build-arm64-libvirt pass build-armhf-libvirt pass build-i386-libvirt pass build-amd64-pvops pass build-arm64-pvops pass build-armhf-pvops pass build-i386-pvops pass test-amd64-amd64-xl pass test-amd64-coresched-amd64-xl pass test-arm64-arm64-xl pass test-armhf-armhf-xl pass test-amd64-i386-xl pass test-amd64-coresched-i386-xl pass test-amd64-amd64-libvirt-qemuu-debianhvm-amd64-xsm pass test-amd64-i386-libvirt-qemuu-debianhvm-amd64-xsm pass test-amd64-amd64-xl-qemuu-debianhvm-i386-xsm fail test-amd64-i386-xl-qemuu-debianhvm-i386-xsm fail test-amd64-amd64-libvirt-xsm pass test-arm64-arm64-libvirt-xsm fail test-amd64-i386-libvirt-xsm pass test-amd64-amd64-xl-xsm pass test-arm64-arm64-xl-xsm pass test-amd64-i386-xl-xsm pass test-amd64-amd64-qemuu-nested-amd fail test-amd64-amd64-xl-pvhv2-amd pass test-amd64-i386-qemuu-rhel6hvm-amd fail test-amd64-amd64-dom0pvh-xl-amd pass test-amd64-amd64-xl-qemuu-debianhvm-amd64 fail test-amd64-i386-xl-qemuu-debianhvm-amd64 fail test-amd64-i386-freebsd10-amd64 pass test-amd64-amd64-qemuu-freebsd11-amd64 pass test-amd64-amd64-qemuu-freebsd12-amd64 pass test-amd64-amd64-xl-qemuu-ovmf-amd64 fail test-amd64-i386-xl-qemuu-ovmf-amd64 fail test-amd64-amd64-xl-qemuu-win7-amd64 fail test-amd64-i386-xl-qemuu-win7-amd64 fail test-amd64-amd64-xl-qemuu-ws16-amd64 fail test-amd64-i386-xl-qemuu-ws16-amd64 fail test-armhf-armhf-xl-arndale pass test-amd64-amd64-xl-credit1 pass test-arm64-arm64-xl-credit1 pass test-armhf-armhf-xl-credit1 pass test-amd64-amd64-xl-credit2 pass test-arm64-arm64-xl-credit2 pass test-armhf-armhf-xl-credit2 pass test-armhf-armhf-xl-cubietruck pass test-amd64-amd64-xl-qemuu-dmrestrict-amd64-dmrestrict fail test-amd64-i386-xl-qemuu-dmrestrict-amd64-dmrestrict fail test-amd64-i386-freebsd10-i386 pass test-amd64-amd64-qemuu-nested-intel fail test-amd64-amd64-xl-pvhv2-intel pass test-amd64-i386-qemuu-rhel6hvm-intel fail test-amd64-amd64-dom0pvh-xl-intel pass test-amd64-amd64-libvirt pass test-armhf-armhf-libvirt fail test-amd64-i386-libvirt pass test-amd64-amd64-xl-multivcpu pass test-armhf-armhf-xl-multivcpu pass test-amd64-amd64-pair pass test-amd64-i386-pair pass test-amd64-amd64-libvirt-pair pass test-amd64-i386-libvirt-pair pass test-amd64-amd64-amd64-pvgrub pass test-amd64-amd64-i386-pvgrub pass test-amd64-amd64-xl-pvshim pass test-amd64-i386-xl-pvshim fail test-amd64-amd64-pygrub pass test-amd64-amd64-xl-qcow2 fail test-armhf-armhf-libvirt-raw fail test-amd64-i386-xl-raw pass test-amd64-amd64-xl-rtds pass test-armhf-armhf-xl-rtds pass test-arm64-arm64-xl-seattle pass test-amd64-amd64-xl-qemuu-debianhvm-amd64-shadow fail test-amd64-i386-xl-qemuu-debianhvm-amd64-shadow fail test-amd64-amd64-xl-shadow pass test-amd64-i386-xl-shadow pass test-arm64-arm64-xl-thunderx pass test-amd64-amd64-libvirt-vhd fail test-armhf-armhf-xl-vhd fail ------------------------------------------------------------ sg-report-flight on osstest.test-lab.xenproject.org logs: /home/logs/logs images: /home/logs/images Logs, config files, etc. are available at http://logs.test-lab.xenproject.org/osstest/logs Explanation of these reports, and of osstest in general, is at http://xenbits.xen.org/gitweb/?p=osstest.git;a=blob;f=README.email;hb=master http://xenbits.xen.org/gitweb/?p=osstest.git;a=blob;f=README;hb=master Test harness code can be found at http://xenbits.xen.org/gitweb?p=osstest.git;a=summary Not pushing. (No revision log; it would be 19590 lines long.)