flight 154003 ovmf real [real]
http://logs.test-lab.xenproject.org/osstest/logs/154003/

Regressions :-(

Tests which did not succeed and are blocking,
including tests which could not be run:
 build-i386-xsm                6 xen-build                fail REGR. vs. 152863
 build-amd64-xsm               6 xen-build                fail REGR. vs. 152863
 build-amd64                   6 xen-build                fail REGR. vs. 152863
 build-i386                    6 xen-build                fail REGR. vs. 152863

Tests which did not succeed, but are not blocking:
 build-amd64-libvirt           1 build-check(1)               blocked  n/a
 build-i386-libvirt            1 build-check(1)               blocked  n/a
 test-amd64-amd64-xl-qemuu-ovmf-amd64  1 build-check(1)             blocked n/a
 test-amd64-i386-xl-qemuu-ovmf-amd64  1 build-check(1)              blocked n/a

version targeted for testing:
 ovmf                 317d84abe3bfbdff10ae1cc4f38b49307838c6c4
baseline version:
 ovmf                 63d92674d240ab4ecab94f98e1e198842bb7de00

Last test of basis   152863  2020-08-26 16:09:47 Z   13 days
Failing since        152915  2020-08-27 18:09:42 Z   12 days  206 attempts
Testing same since   153990  2020-09-09 01:40:04 Z    0 days    4 attempts

------------------------------------------------------------
People who touched revisions under test:
  Abner Chang <abner.ch...@hpe.com>
  Bob Feng <bob.c.f...@intel.com>
  Guo Dong <guo.d...@intel.com>
  Laszlo Ersek <ler...@redhat.com>
  Marcello Sylvester Bauer <marcello.ba...@9elements.com>
  Patrick Rudolph <patrick.rudo...@9elements.com>
  Paul <paul.gri...@amd.com>
  Paul G <paul.gri...@amd.com>
  Qi Zhang <qi1.zh...@intel.com>
  Shenglei Zhang <shenglei.zh...@intel.com>
  Wenyi Xie <xiewen...@huawei.com>
  Zhang, Shenglei <shenglei.zh...@intel.com>
  Zhichao Gao <zhichao....@intel.com>
  Zhiguang Liu <zhiguang....@intel.com>

jobs:
 build-amd64-xsm                                              fail    
 build-i386-xsm                                               fail    
 build-amd64                                                  fail    
 build-i386                                                   fail    
 build-amd64-libvirt                                          blocked 
 build-i386-libvirt                                           blocked 
 build-amd64-pvops                                            pass    
 build-i386-pvops                                             pass    
 test-amd64-amd64-xl-qemuu-ovmf-amd64                         blocked 
 test-amd64-i386-xl-qemuu-ovmf-amd64                          blocked 


------------------------------------------------------------
sg-report-flight on osstest.test-lab.xenproject.org
logs: /home/logs/logs
images: /home/logs/images

Logs, config files, etc. are available at
    http://logs.test-lab.xenproject.org/osstest/logs

Explanation of these reports, and of osstest in general, is at
    http://xenbits.xen.org/gitweb/?p=osstest.git;a=blob;f=README.email;hb=master
    http://xenbits.xen.org/gitweb/?p=osstest.git;a=blob;f=README;hb=master

Test harness code can be found at
    http://xenbits.xen.org/gitweb?p=osstest.git;a=summary


Not pushing.

(No revision log; it would be 399 lines long.)

Reply via email to