flight 153641 linux-5.4 real [real] http://logs.test-lab.xenproject.org/osstest/logs/153641/
Regressions :-( Tests which did not succeed and are blocking, including tests which could not be run: build-amd64 6 xen-build fail REGR. vs. 152853 build-i386 6 xen-build fail REGR. vs. 152853 build-i386-xsm 6 xen-build fail REGR. vs. 152853 build-amd64-xsm 6 xen-build fail REGR. vs. 152853 Tests which did not succeed, but are not blocking: test-amd64-i386-examine 1 build-check(1) blocked n/a test-amd64-coresched-i386-xl 1 build-check(1) blocked n/a test-amd64-coresched-amd64-xl 1 build-check(1) blocked n/a test-amd64-amd64-xl-xsm 1 build-check(1) blocked n/a test-amd64-amd64-xl-shadow 1 build-check(1) blocked n/a test-amd64-amd64-xl-rtds 1 build-check(1) blocked n/a test-amd64-amd64-xl-qemuu-ws16-amd64 1 build-check(1) blocked n/a test-amd64-amd64-xl-qemuu-win7-amd64 1 build-check(1) blocked n/a test-amd64-amd64-xl-qemuu-ovmf-amd64 1 build-check(1) blocked n/a test-amd64-amd64-xl-qemuu-dmrestrict-amd64-dmrestrict 1 build-check(1) blocked n/a test-amd64-amd64-xl-qemuu-debianhvm-i386-xsm 1 build-check(1) blocked n/a test-amd64-amd64-xl-qemuu-debianhvm-amd64-shadow 1 build-check(1) blocked n/a build-amd64-libvirt 1 build-check(1) blocked n/a test-amd64-amd64-xl-qemuu-debianhvm-amd64 1 build-check(1) blocked n/a test-amd64-amd64-xl-qemut-ws16-amd64 1 build-check(1) blocked n/a test-amd64-amd64-xl-qemut-win7-amd64 1 build-check(1) blocked n/a test-amd64-amd64-xl-qemut-stubdom-debianhvm-amd64-xsm 1 build-check(1) blocked n/a test-amd64-amd64-xl-qemut-debianhvm-i386-xsm 1 build-check(1) blocked n/a test-amd64-amd64-xl-qemut-debianhvm-amd64 1 build-check(1) blocked n/a build-i386-libvirt 1 build-check(1) blocked n/a test-amd64-amd64-xl-qcow2 1 build-check(1) blocked n/a test-amd64-amd64-amd64-pvgrub 1 build-check(1) blocked n/a test-amd64-amd64-xl-pvshim 1 build-check(1) blocked n/a test-amd64-amd64-dom0pvh-xl-amd 1 build-check(1) blocked n/a test-amd64-amd64-dom0pvh-xl-intel 1 build-check(1) blocked n/a test-amd64-amd64-xl-pvhv2-intel 1 build-check(1) blocked n/a test-amd64-amd64-examine 1 build-check(1) blocked n/a test-amd64-amd64-i386-pvgrub 1 build-check(1) blocked n/a test-amd64-amd64-xl-pvhv2-amd 1 build-check(1) blocked n/a test-amd64-amd64-libvirt 1 build-check(1) blocked n/a test-amd64-amd64-libvirt-pair 1 build-check(1) blocked n/a test-amd64-amd64-xl-multivcpu 1 build-check(1) blocked n/a test-amd64-amd64-libvirt-qemuu-debianhvm-amd64-xsm 1 build-check(1) blocked n/a test-amd64-amd64-libvirt-vhd 1 build-check(1) blocked n/a test-amd64-amd64-xl-credit2 1 build-check(1) blocked n/a test-amd64-amd64-libvirt-xsm 1 build-check(1) blocked n/a test-amd64-amd64-pair 1 build-check(1) blocked n/a test-amd64-amd64-xl-credit1 1 build-check(1) blocked n/a test-amd64-amd64-pygrub 1 build-check(1) blocked n/a test-amd64-amd64-qemuu-freebsd11-amd64 1 build-check(1) blocked n/a test-amd64-amd64-xl 1 build-check(1) blocked n/a test-amd64-amd64-qemuu-freebsd12-amd64 1 build-check(1) blocked n/a test-amd64-amd64-qemuu-nested-amd 1 build-check(1) blocked n/a test-amd64-amd64-qemuu-nested-intel 1 build-check(1) blocked n/a test-amd64-i386-xl-shadow 1 build-check(1) blocked n/a test-amd64-i386-xl-xsm 1 build-check(1) blocked n/a test-amd64-i386-freebsd10-amd64 1 build-check(1) blocked n/a test-amd64-i386-freebsd10-i386 1 build-check(1) blocked n/a test-amd64-i386-libvirt 1 build-check(1) blocked n/a test-amd64-i386-libvirt-pair 1 build-check(1) blocked n/a test-amd64-i386-libvirt-qemuu-debianhvm-amd64-xsm 1 build-check(1) blocked n/a test-amd64-i386-libvirt-xsm 1 build-check(1) blocked n/a test-amd64-i386-pair 1 build-check(1) blocked n/a test-amd64-i386-qemut-rhel6hvm-amd 1 build-check(1) blocked n/a test-amd64-i386-qemut-rhel6hvm-intel 1 build-check(1) blocked n/a test-amd64-i386-qemuu-rhel6hvm-amd 1 build-check(1) blocked n/a test-amd64-i386-qemuu-rhel6hvm-intel 1 build-check(1) blocked n/a test-amd64-i386-xl 1 build-check(1) blocked n/a test-amd64-i386-xl-pvshim 1 build-check(1) blocked n/a test-amd64-i386-xl-qemut-debianhvm-amd64 1 build-check(1) blocked n/a test-amd64-i386-xl-qemut-debianhvm-i386-xsm 1 build-check(1) blocked n/a test-amd64-i386-xl-qemut-stubdom-debianhvm-amd64-xsm 1 build-check(1) blocked n/a test-amd64-i386-xl-qemut-win7-amd64 1 build-check(1) blocked n/a test-amd64-i386-xl-qemut-ws16-amd64 1 build-check(1) blocked n/a test-amd64-i386-xl-qemuu-debianhvm-amd64 1 build-check(1) blocked n/a test-amd64-i386-xl-qemuu-debianhvm-amd64-shadow 1 build-check(1) blocked n/a test-amd64-i386-xl-qemuu-debianhvm-i386-xsm 1 build-check(1) blocked n/a test-amd64-i386-xl-qemuu-dmrestrict-amd64-dmrestrict 1 build-check(1) blocked n/a test-amd64-i386-xl-qemuu-ovmf-amd64 1 build-check(1) blocked n/a test-amd64-i386-xl-qemuu-win7-amd64 1 build-check(1) blocked n/a test-amd64-i386-xl-qemuu-ws16-amd64 1 build-check(1) blocked n/a test-amd64-i386-xl-raw 1 build-check(1) blocked n/a test-arm64-arm64-xl-seattle 13 migrate-support-check fail never pass test-arm64-arm64-xl-seattle 14 saverestore-support-check fail never pass test-arm64-arm64-xl-xsm 13 migrate-support-check fail never pass test-arm64-arm64-xl-xsm 14 saverestore-support-check fail never pass test-arm64-arm64-xl-thunderx 13 migrate-support-check fail never pass test-arm64-arm64-xl-thunderx 14 saverestore-support-check fail never pass test-arm64-arm64-libvirt-xsm 13 migrate-support-check fail never pass test-arm64-arm64-xl-credit2 13 migrate-support-check fail never pass test-arm64-arm64-xl 13 migrate-support-check fail never pass test-arm64-arm64-libvirt-xsm 14 saverestore-support-check fail never pass test-arm64-arm64-xl-credit2 14 saverestore-support-check fail never pass test-arm64-arm64-xl 14 saverestore-support-check fail never pass test-arm64-arm64-xl-credit1 13 migrate-support-check fail never pass test-arm64-arm64-xl-credit1 14 saverestore-support-check fail never pass test-armhf-armhf-xl-arndale 13 migrate-support-check fail never pass test-armhf-armhf-xl-arndale 14 saverestore-support-check fail never pass test-armhf-armhf-xl-multivcpu 13 migrate-support-check fail never pass test-armhf-armhf-xl-multivcpu 14 saverestore-support-check fail never pass test-armhf-armhf-xl-cubietruck 13 migrate-support-check fail never pass test-armhf-armhf-xl-cubietruck 14 saverestore-support-check fail never pass test-armhf-armhf-xl-credit1 13 migrate-support-check fail never pass test-armhf-armhf-xl-credit1 14 saverestore-support-check fail never pass test-armhf-armhf-xl-rtds 13 migrate-support-check fail never pass test-armhf-armhf-xl-rtds 14 saverestore-support-check fail never pass test-armhf-armhf-xl 13 migrate-support-check fail never pass test-armhf-armhf-xl 14 saverestore-support-check fail never pass test-armhf-armhf-xl-credit2 13 migrate-support-check fail never pass test-armhf-armhf-xl-credit2 14 saverestore-support-check fail never pass test-armhf-armhf-libvirt 13 migrate-support-check fail never pass test-armhf-armhf-libvirt 14 saverestore-support-check fail never pass test-armhf-armhf-xl-vhd 12 migrate-support-check fail never pass test-armhf-armhf-xl-vhd 13 saverestore-support-check fail never pass test-armhf-armhf-libvirt-raw 12 migrate-support-check fail never pass test-armhf-armhf-libvirt-raw 13 saverestore-support-check fail never pass version targeted for testing: linux 933cf1c2c075f44c7b6837b6201e0db2d488835a baseline version: linux 6576d69aac94cd8409636dfa86e0df39facdf0d2 Last test of basis 152853 2020-08-26 09:09:53 Z 8 days Testing same since 153616 2020-09-03 09:42:00 Z 0 days 2 attempts ------------------------------------------------------------ People who touched revisions under test: Abhishek Sahu <abs...@codeaurora.org> Aditya Pakki <pakki...@umn.edu> Adrian Hunter <adrian.hun...@intel.com> Alaa Hleihel <a...@mellanox.com> Alain Volmat <alain.vol...@st.com> Alan Stern <st...@rowland.harvard.edu> Alex Deucher <alexander.deuc...@amd.com> Alexander Gordeev <agord...@linux.ibm.com> Alexander Tsoy <alexan...@tsoy.me> Alexey Kardashevskiy <a...@ozlabs.ru> Alim Akhtar <alim.akh...@samsung.com> Alistair Popple <alist...@popple.id.au> Alvin Šipraga <a...@bang-olufsen.dk> Amelie Delaunay <amelie.delau...@st.com> Andrew Morton <a...@linux-foundation.org> Andrey Konovalov <andreyk...@google.com> Andy Shevchenko <andriy.shevche...@linux.intel.com> Andy Teng <andy.t...@mediatek.com> Aneesh Kumar K.V <aneesh.ku...@linux.ibm.com> Ansuel Smith <ansuels...@gmail.com> Anthony Koo <anthony....@amd.com> Antonio Borneo <antonio.bor...@st.com> Ard Biesheuvel <a...@kernel.org> Arnd Bergmann <a...@arndb.de> Ashok Raj <ashok....@intel.com> Athira Rajeev <atraj...@linux.vnet.ibm.com> Aurabindo Pillai <aurabindo.pil...@amd.com> Avri Altman <avri.alt...@wdc.com> Barry Song <song.bao....@hisilicon.com> Bartlomiej Zolnierkiewicz <b.zolnier...@samsung.com> Bean Huo <bean...@micron.com> Ben Skeggs <bske...@redhat.com> Bjorn Andersson <bjorn.anders...@linaro.org> Bjorn Helgaas <bhelg...@google.com> Bodo Stroesser <bstroes...@ts.fujitsu.com> Boris Burkov <bo...@bur.io> Borislav Petkov <b...@alien8.de> Borislav Petkov <b...@suse.de> Brice Goglin <brice.gog...@gmail.com> Brooke Basile <brookebas...@gmail.com> Catalin Marinas <catalin.mari...@arm.com> Changming Liu <charley.ashbrin...@gmail.com> Chanwoo Choi <cw00.c...@samsung.com> Chao Yu <yuch...@huawei.com> Charles Keepax <ckee...@opensource.cirrus.com> Chris Wilson <ch...@chris-wilson.co.uk> Christophe JAILLET <christophe.jail...@wanadoo.fr> Coly Li <col...@suse.de> Cong Wang <xiyou.wangc...@gmail.com> Cyril Roelandt <tipec...@gmail.com> Dan Carpenter <dan.carpen...@oracle.com> Dan Williams <dan.j.willi...@intel.com> Daniel Vetter <daniel.vet...@ffwll.ch> Darrick J. Wong <darrick.w...@oracle.com> Dave Chinner <dchin...@redhat.com> David Ahern <dsah...@kernel.org> David Brazdil <dbraz...@google.com> David Francis <david.fran...@amd.com> David Hildenbrand <da...@redhat.com> David Laight <david.lai...@aculab.com> David S. Miller <da...@davemloft.net> David Sterba <dste...@suse.com> Denis Efremov <efre...@linux.com> Desnes A. Nunes do Rosario <desn...@linux.ibm.com> Dick Kennedy <dick.kenn...@broadcom.com> Ding Hui <ding...@sangfor.com.cn> Ding Xiang <dingxi...@cmss.chinamobile.com> Dmitry Monakhov <dmtrmonak...@yandex-team.ru> Eryk Brol <eryk.b...@amd.com> Evan Green <evgr...@chromium.org> Evan Quan <evan.q...@amd.com> Evgeny Novikov <novi...@ispras.ru> Felipe Balbi <ba...@kernel.org> Felix Kuehling <felix.kuehl...@amd.com> Filipe Manana <fdman...@suse.com> Florian Westphal <f...@strlen.de> Frank van der Linden <fllin...@amazon.com> George Kennedy <george.kenn...@oracle.com> Greg Kroah-Hartman <gre...@linuxfoundation.org> Greg Ungerer <g...@linux-m68k.org> Guenter Roeck <li...@roeck-us.net> Hans de Goede <hdego...@redhat.com> Hans Verkuil <hverkuil-ci...@xs4all.nl> Hector Martin <mar...@marcan.st> Heikki Krogerus <heikki.kroge...@linux.intel.com> Heiko Carstens <h...@linux.ibm.com> Herbert Xu <herb...@gondor.apana.org.au> Holger Assmann <h.assm...@pengutronix.de> Hou Pu <ho...@bytedance.com> Ikjoon Jang <i...@chromium.org> Ilya Dryomov <idryo...@gmail.com> Ingo Molnar <mi...@kernel.org> Jaegeuk Kim <jaeg...@kernel.org> James Smart <jsmart2...@gmail.com> Jan Kara <j...@suse.cz> Jani Nikula <jani.nik...@intel.com> Jason Baron <jba...@akamai.com> Javed Hasan <jha...@marvell.com> Jeff Layton <jlay...@kernel.org> Jens Axboe <ax...@kernel.dk> Jeremy Kerr <j...@ozlabs.org> Jia-Ju Bai <baiji...@tsinghua.edu.cn> JiangYu <lns...@hotmail.com> Jiansong Chen <jiansong.c...@amd.com> Jing Xiangfeng <jingxiangf...@huawei.com> Jiri Kosina <jkos...@suse.cz> Joerg Roedel <jroe...@suse.de> Josef Bacik <jo...@toxicpanda.com> Juergen Gross <jgr...@suse.com> Kai-Heng Feng <kai.heng.f...@canonical.com> Kaige Li <lika...@loongson.cn> Kalle Valo <kv...@codeaurora.org> Kefeng Wang <wangkefeng.w...@huawei.com> Keith Busch <kbu...@kernel.org> Lee Jones <lee.jo...@linaro.org> Li Guifu <bluce.ligu...@huawei.com> Li Jun <jun...@nxp.com> Linus Torvalds <torva...@linux-foundation.org> Linux Kernel Functional Testing <l...@linaro.org> Lorenzo Pieralisi <lorenzo.pieral...@arm.com> Luis Chamberlain <mcg...@kernel.org> Lukas Czerner <lczer...@redhat.com> Lukas Wunner <lu...@wunner.de> Lukasz Luba <lukasz.l...@arm.com> Mahesh Bandewar <mahe...@google.com> Marc Kleine-Budde <m...@pengutronix.de> Marc Zyngier <m...@kernel.org> Marcelo Ricardo Leitner <marcelo.leit...@gmail.com> Marcos Paulo de Souza <mpdeso...@suse.com> Marek Szyprowski <m.szyprow...@samsung.com> Mark Brown <broo...@kernel.org> Mark Tomlinson <mark.tomlin...@alliedtelesis.co.nz> Martijn Coenen <m...@android.com> Martin George <mart...@netapp.com> Martin K. Petersen <martin.peter...@oracle.com> Martin Wilck <mwi...@suse.com> Masahiro Yamada <masahi...@kernel.org> Masahiro Yamada <yamada.masah...@socionext.com> Mathias Nyman <mathias.ny...@linux.intel.com> Matthew Wilcox (Oracle) <wi...@infradead.org> Matthias Maennich <maenn...@google.com> Mauro Carvalho Chehab <mchehab+hua...@kernel.org> Mauro Carvalho Chehab <mchehab+sams...@kernel.org> Max Filippov <jcmvb...@gmail.com> Miaohe Lin <linmia...@huawei.com> Michael Ellerman <m...@ellerman.id.au> Michal Hocko <mho...@suse.com> Mika Kuoppala <mika.kuopp...@linux.intel.com> Mike Christie <michael.chris...@oracle.com> Mike Kravetz <mike.krav...@oracle.com> Mike Pozulp <pozulp.ker...@gmail.com> Mikita Lipski <mikita.lip...@amd.com> Miklos Szeredi <mszer...@redhat.com> Ming Lei <ming....@redhat.com> Navid Emamdoost <navid.emamdo...@gmail.com> Necip Fazil Yildiran <ne...@google.com> Nicholas Kazlauskas <nicholas.kazlaus...@amd.com> Nicolas Saenz Julienne <nsaenzjulie...@suse.de> Nikolay Aleksandrov <niko...@cumulusnetworks.com> Nikolay Borisov <nbori...@suse.com> Nilesh Javali <njav...@marvell.com> Oleksandr Andrushchenko <oleksandr_andrushche...@epam.com> Oleksandr Natalenko <oleksa...@natalenko.name> Oleksij Rempel <o.rem...@pengutronix.de> Oliver Neukum <oneu...@suse.com> Pablo Neira Ayuso <pa...@netfilter.org> Paul Cercueil <p...@crapouillou.net> Peilin Ye <yepeilin...@gmail.com> Peng Fan <fanp...@loongson.cn> Pengfei Xu <pengfei...@intel.com> Peter Chen <peter.c...@nxp.com> Peter Zijlstra (Intel) <pet...@infradead.org> Peter Zijlstra <pet...@infradead.org> Qais Yousef <qais.you...@arm.com> Qingqing Zhuo <qingqing.z...@amd.com> qiuguorui1 <qiuguor...@huawei.com> Qiushi Wu <wu000...@umn.edu> Qu Wenruo <w...@suse.com> Quinn Tran <qut...@marvell.com> Rafael J. Wysocki <rafael.j.wyso...@intel.com> Randy Dunlap <rdun...@infradead.org> Reto Schneider <c...@reto-schneider.ch> Richard Cochran <richardcoch...@gmail.com> Rob Clark <robdcl...@chromium.org> Robin Murphy <robin.mur...@arm.com> Roman Shaposhnik <ro...@zededa.com> Sachin Sant <sach...@linux.vnet.ibm.com> Sagi Grimberg <s...@grimberg.me> Sai Prakash Ranjan <saiprakash.ran...@codeaurora.org> Sam Ravnborg <s...@ravnborg.org> Sasha Levin <sas...@kernel.org> Saurav Kashyap <skash...@marvell.com> Sean Young <s...@mess.org> Sergey Senozhatsky <sergey.senozhat...@gmail.com> Sham Muthayyan <smuth...@codeaurora.org> Shawn Guo <shawn...@kernel.org> Shay Agroskin <shay...@amazon.com> Shuah Khan <sk...@linuxfoundation.org> Stanimir Varbanov <svarba...@mm-sol.com> Stanley Chu <stanley....@mediatek.com> Stephan Gerhold <step...@gerhold.net> Stylon Wang <stylon.w...@amd.com> Sumera Priyadarsini <sylphrena...@gmail.com> Sylwester Nawrocki <s.nawro...@samsung.com> Takashi Iwai <ti...@suse.de> Tamseel Shams <m.sh...@samsung.com> Tang Bin <tang...@cmss.chinamobile.com> Tetsuo Handa <penguin-ker...@i-love.sakura.ne.jp> Theodore Ts'o <ty...@mit.edu> Thinh Nguyen <thinh.ngu...@synopsys.com> Thinh Nguyen <thi...@synopsys.com> Thomas Bogendoerfer <tsbog...@alpha.franken.de> Thomas Gleixner <t...@linutronix.de> Tianjia Zhang <tianjia.zh...@linux.alibaba.com> Tobias Schramm <t.schr...@manjaro.org> Tom Rix <t...@redhat.com> Tony Luck <tony.l...@intel.com> Ursula Braun <ubr...@linux.ibm.com> Utkarsh H Patel <utkarsh.h.pa...@intel.com> Valmer Huhn <valmer.h...@concurrent-rt.com> Vineeth Vijayan <vnee...@linux.ibm.com> Will Deacon <w...@kernel.org> Wolfram Sang <wsa+rene...@sang-engineering.com> Wolfram Sang <w...@kernel.org> Xianting Tian <xianting_t...@126.com> Xin Yin <yinxin_1...@aliyun.com> Xiubo Li <xiu...@redhat.com> Yangbo Lu <yangbo...@nxp.com> Yangtao Li <tiny.win...@gmail.com> Ying Xue <ying....@windriver.com> Yufen Yu <yuyu...@huawei.com> Yunfeng Ye <yeyunf...@huawei.com> Zhang Shengju <zhangshen...@cmss.chinamobile.com> zhangyi (F) <yi.zh...@huawei.com> Zhi Chen <zhic...@codeaurora.org> jobs: build-amd64-xsm fail build-arm64-xsm pass build-i386-xsm fail build-amd64 fail build-arm64 pass build-armhf pass build-i386 fail build-amd64-libvirt blocked build-arm64-libvirt pass build-armhf-libvirt pass build-i386-libvirt blocked build-amd64-pvops pass build-arm64-pvops pass build-armhf-pvops pass build-i386-pvops pass test-amd64-amd64-xl blocked test-amd64-coresched-amd64-xl blocked test-arm64-arm64-xl pass test-armhf-armhf-xl pass test-amd64-i386-xl blocked test-amd64-coresched-i386-xl blocked test-amd64-amd64-libvirt-qemuu-debianhvm-amd64-xsm blocked test-amd64-i386-libvirt-qemuu-debianhvm-amd64-xsm blocked test-amd64-amd64-xl-qemut-stubdom-debianhvm-amd64-xsm blocked test-amd64-i386-xl-qemut-stubdom-debianhvm-amd64-xsm blocked test-amd64-amd64-xl-qemut-debianhvm-i386-xsm blocked test-amd64-i386-xl-qemut-debianhvm-i386-xsm blocked test-amd64-amd64-xl-qemuu-debianhvm-i386-xsm blocked test-amd64-i386-xl-qemuu-debianhvm-i386-xsm blocked test-amd64-amd64-libvirt-xsm blocked test-arm64-arm64-libvirt-xsm pass test-amd64-i386-libvirt-xsm blocked test-amd64-amd64-xl-xsm blocked test-arm64-arm64-xl-xsm pass test-amd64-i386-xl-xsm blocked test-amd64-amd64-qemuu-nested-amd blocked test-amd64-amd64-xl-pvhv2-amd blocked test-amd64-i386-qemut-rhel6hvm-amd blocked test-amd64-i386-qemuu-rhel6hvm-amd blocked test-amd64-amd64-dom0pvh-xl-amd blocked test-amd64-amd64-xl-qemut-debianhvm-amd64 blocked test-amd64-i386-xl-qemut-debianhvm-amd64 blocked test-amd64-amd64-xl-qemuu-debianhvm-amd64 blocked test-amd64-i386-xl-qemuu-debianhvm-amd64 blocked test-amd64-i386-freebsd10-amd64 blocked test-amd64-amd64-qemuu-freebsd11-amd64 blocked test-amd64-amd64-qemuu-freebsd12-amd64 blocked test-amd64-amd64-xl-qemuu-ovmf-amd64 blocked test-amd64-i386-xl-qemuu-ovmf-amd64 blocked test-amd64-amd64-xl-qemut-win7-amd64 blocked test-amd64-i386-xl-qemut-win7-amd64 blocked test-amd64-amd64-xl-qemuu-win7-amd64 blocked test-amd64-i386-xl-qemuu-win7-amd64 blocked test-amd64-amd64-xl-qemut-ws16-amd64 blocked test-amd64-i386-xl-qemut-ws16-amd64 blocked test-amd64-amd64-xl-qemuu-ws16-amd64 blocked test-amd64-i386-xl-qemuu-ws16-amd64 blocked test-armhf-armhf-xl-arndale pass test-amd64-amd64-xl-credit1 blocked test-arm64-arm64-xl-credit1 pass test-armhf-armhf-xl-credit1 pass test-amd64-amd64-xl-credit2 blocked test-arm64-arm64-xl-credit2 pass test-armhf-armhf-xl-credit2 pass test-armhf-armhf-xl-cubietruck pass test-amd64-amd64-xl-qemuu-dmrestrict-amd64-dmrestrict blocked test-amd64-i386-xl-qemuu-dmrestrict-amd64-dmrestrict blocked test-amd64-amd64-examine blocked test-arm64-arm64-examine pass test-armhf-armhf-examine pass test-amd64-i386-examine blocked test-amd64-i386-freebsd10-i386 blocked test-amd64-amd64-qemuu-nested-intel blocked test-amd64-amd64-xl-pvhv2-intel blocked test-amd64-i386-qemut-rhel6hvm-intel blocked test-amd64-i386-qemuu-rhel6hvm-intel blocked test-amd64-amd64-dom0pvh-xl-intel blocked test-amd64-amd64-libvirt blocked test-armhf-armhf-libvirt pass test-amd64-i386-libvirt blocked test-amd64-amd64-xl-multivcpu blocked test-armhf-armhf-xl-multivcpu pass test-amd64-amd64-pair blocked test-amd64-i386-pair blocked test-amd64-amd64-libvirt-pair blocked test-amd64-i386-libvirt-pair blocked test-amd64-amd64-amd64-pvgrub blocked test-amd64-amd64-i386-pvgrub blocked test-amd64-amd64-xl-pvshim blocked test-amd64-i386-xl-pvshim blocked test-amd64-amd64-pygrub blocked test-amd64-amd64-xl-qcow2 blocked test-armhf-armhf-libvirt-raw pass test-amd64-i386-xl-raw blocked test-amd64-amd64-xl-rtds blocked test-armhf-armhf-xl-rtds pass test-arm64-arm64-xl-seattle pass test-amd64-amd64-xl-qemuu-debianhvm-amd64-shadow blocked test-amd64-i386-xl-qemuu-debianhvm-amd64-shadow blocked test-amd64-amd64-xl-shadow blocked test-amd64-i386-xl-shadow blocked test-arm64-arm64-xl-thunderx pass test-amd64-amd64-libvirt-vhd blocked test-armhf-armhf-xl-vhd pass ------------------------------------------------------------ sg-report-flight on osstest.test-lab.xenproject.org logs: /home/logs/logs images: /home/logs/images Logs, config files, etc. are available at http://logs.test-lab.xenproject.org/osstest/logs Explanation of these reports, and of osstest in general, is at http://xenbits.xen.org/gitweb/?p=osstest.git;a=blob;f=README.email;hb=master http://xenbits.xen.org/gitweb/?p=osstest.git;a=blob;f=README;hb=master Test harness code can be found at http://xenbits.xen.org/gitweb?p=osstest.git;a=summary Not pushing. (No revision log; it would be 6042 lines long.)