flight 152656 linux-5.4 real [real]
http://logs.test-lab.xenproject.org/osstest/logs/152656/

Regressions :-(

Tests which did not succeed and are blocking,
including tests which could not be run:
 test-amd64-amd64-libvirt      7 xen-boot                 fail REGR. vs. 152614
 test-amd64-i386-libvirt-xsm 18 guest-start/debian.repeat fail REGR. vs. 152614

Tests which did not succeed, but are not blocking:
 test-armhf-armhf-xl-rtds   16 guest-start/debian.repeat fail blocked in 152614
 test-amd64-amd64-libvirt-xsm 13 migrate-support-check        fail   never pass
 test-amd64-i386-xl-pvshim    12 guest-start                  fail   never pass
 test-amd64-i386-libvirt-xsm  13 migrate-support-check        fail   never pass
 test-arm64-arm64-xl-seattle  13 migrate-support-check        fail   never pass
 test-arm64-arm64-xl-seattle  14 saverestore-support-check    fail   never pass
 test-amd64-i386-libvirt      13 migrate-support-check        fail   never pass
 test-amd64-i386-libvirt-qemuu-debianhvm-amd64-xsm 11 migrate-support-check 
fail never pass
 test-amd64-amd64-libvirt-qemuu-debianhvm-amd64-xsm 11 migrate-support-check 
fail never pass
 test-armhf-armhf-xl-multivcpu 13 migrate-support-check        fail  never pass
 test-armhf-armhf-xl-multivcpu 14 saverestore-support-check    fail  never pass
 test-arm64-arm64-xl-credit2  13 migrate-support-check        fail   never pass
 test-arm64-arm64-xl-credit2  14 saverestore-support-check    fail   never pass
 test-armhf-armhf-xl-arndale  13 migrate-support-check        fail   never pass
 test-armhf-armhf-xl-arndale  14 saverestore-support-check    fail   never pass
 test-arm64-arm64-xl-thunderx 13 migrate-support-check        fail   never pass
 test-arm64-arm64-xl-thunderx 14 saverestore-support-check    fail   never pass
 test-arm64-arm64-xl-xsm      13 migrate-support-check        fail   never pass
 test-arm64-arm64-xl-xsm      14 saverestore-support-check    fail   never pass
 test-arm64-arm64-xl          13 migrate-support-check        fail   never pass
 test-arm64-arm64-xl          14 saverestore-support-check    fail   never pass
 test-arm64-arm64-xl-credit1  13 migrate-support-check        fail   never pass
 test-arm64-arm64-xl-credit1  14 saverestore-support-check    fail   never pass
 test-arm64-arm64-libvirt-xsm 13 migrate-support-check        fail   never pass
 test-arm64-arm64-libvirt-xsm 14 saverestore-support-check    fail   never pass
 test-amd64-amd64-libvirt-vhd 12 migrate-support-check        fail   never pass
 test-amd64-amd64-xl-qemuu-win7-amd64 17 guest-stop             fail never pass
 test-amd64-i386-xl-qemuu-win7-amd64 17 guest-stop              fail never pass
 test-amd64-i386-xl-qemut-win7-amd64 17 guest-stop              fail never pass
 test-amd64-amd64-xl-qemut-win7-amd64 17 guest-stop             fail never pass
 test-armhf-armhf-xl-credit2  13 migrate-support-check        fail   never pass
 test-armhf-armhf-xl-credit2  14 saverestore-support-check    fail   never pass
 test-armhf-armhf-xl-cubietruck 13 migrate-support-check        fail never pass
 test-armhf-armhf-xl-cubietruck 14 saverestore-support-check    fail never pass
 test-armhf-armhf-xl-rtds     13 migrate-support-check        fail   never pass
 test-armhf-armhf-xl-rtds     14 saverestore-support-check    fail   never pass
 test-armhf-armhf-libvirt     13 migrate-support-check        fail   never pass
 test-armhf-armhf-libvirt     14 saverestore-support-check    fail   never pass
 test-amd64-amd64-xl-qemuu-ws16-amd64 17 guest-stop             fail never pass
 test-amd64-amd64-xl-qemut-ws16-amd64 17 guest-stop             fail never pass
 test-amd64-i386-xl-qemut-ws16-amd64 17 guest-stop              fail never pass
 test-armhf-armhf-xl-credit1  13 migrate-support-check        fail   never pass
 test-armhf-armhf-xl-credit1  14 saverestore-support-check    fail   never pass
 test-armhf-armhf-xl          13 migrate-support-check        fail   never pass
 test-armhf-armhf-xl          14 saverestore-support-check    fail   never pass
 test-amd64-i386-xl-qemuu-ws16-amd64 17 guest-stop              fail never pass
 test-amd64-amd64-qemuu-nested-amd 17 debian-hvm-install/l1/l2  fail never pass
 test-armhf-armhf-xl-vhd      12 migrate-support-check        fail   never pass
 test-armhf-armhf-xl-vhd      13 saverestore-support-check    fail   never pass
 test-armhf-armhf-libvirt-raw 12 migrate-support-check        fail   never pass
 test-armhf-armhf-libvirt-raw 13 saverestore-support-check    fail   never pass

version targeted for testing:
 linux                77fcb48939fc863d9ba9d808fac9000959e937d3
baseline version:
 linux                f61e1c3638dddaa1a1f3bb59d2bc288d9f0f1b5b

Last test of basis   152614  2020-08-19 09:11:23 Z    2 days
Testing same since   152656  2020-08-21 11:13:28 Z    0 days    1 attempts

------------------------------------------------------------
People who touched revisions under test:
  Adrian Hunter <adrian.hun...@intel.com>
  Ahmad Fatoum <a.fat...@pengutronix.de>
  Alex Deucher <alexander.deuc...@amd.com>
  Alexandru Ardelean <alexandru.ardel...@analog.com>
  Alexei Starovoitov <a...@kernel.org>
  Anand Jain <anand.j...@oracle.com>
  Andrew Morton <a...@linux-foundation.org>
  Andrii Nakryiko <andr...@fb.com>
  Andy Shevchenko <andriy.shevche...@linux.intel.com>
  Aneesh Kumar K.V <aneesh.ku...@linux.ibm.com>
  Ansuel Smith <ansuels...@gmail.com>
  Anton Blanchard <an...@ozlabs.org>
  Ard Biesheuvel <a...@kernel.org>
  Arnaldo Carvalho de Melo <a...@redhat.com>
  Barry Song <bao...@kernel.org>
  Bjorn Andersson <bjorn.anders...@linaro.org>
  Bjorn Helgaas <bhelg...@google.com>
  Boris Brezillon <boris.brezil...@collabora.com>
  Catalin Marinas <catalin.mari...@arm.com>
  ChangSyun Peng <allenp...@synology.com>
  Charles Keepax <ckee...@opensource.cirrus.com>
  Chengming Zhou <zhouchengm...@bytedance.com>
  Christian Brauner <christian.brau...@ubuntu.com>
  Christian Eggers <cegg...@arri.de>
  Christophe Leroy <christophe.le...@csgroup.eu>
  Colin Ian King <colin.k...@canonical.com>
  Coly Li <col...@suse.de>
  Cristian Ciocaltea <cristian.ciocal...@gmail.com>
  Dan Carpenter <dan.carpen...@oracle.com>
  Dan Williams <dan.j.willi...@intel.com>
  Daniel Axtens <d...@axtens.net>
  Daniel Borkmann <dan...@iogearbox.net>
  Daniel Díaz <daniel.d...@linaro.org>
  Daniel Vetter <daniel.vet...@ffwll.ch>
  dann frazier <dann.fraz...@canonical.com>
  David S. Miller <da...@davemloft.net>
  David Sterba <dste...@suse.com>
  Denis Efremov <efre...@linux.com>
  Dhananjay Phadke <dpha...@linux.microsoft.com>
  Dilip Kota <eswara.k...@linux.intel.com>
  Dinghao Liu <dinghao....@zju.edu.cn>
  Dmitry Baryshkov <dmitry.barysh...@linaro.org>
  Dmitry Torokhov <dmitry.torok...@gmail.com>
  Enric Balletbo i Serra <enric.balle...@collabora.com>
  Eric Biggers <ebigg...@google.com>
  Eric Dumazet <eduma...@google.com>
  Eryk Brol <eryk.b...@amd.com>
  Eugeniu Rosca <ero...@de.adit-jv.com>
  Ewan D. Milne <emi...@redhat.com>
  Filipe Manana <fdman...@suse.com>
  Geert Uytterhoeven <geert+rene...@glider.be>
  Greg Kroah-Hartman <gre...@linuxfoundation.org>
  Gregory CLEMENT <gregory.clem...@bootlin.com>
  Gregory Herrero <gregory.herr...@oracle.com>
  Guenter Roeck <li...@roeck-us.net>
  Hans Verkuil <hverkuil-ci...@xs4all.nl>
  Herbert Xu <herb...@gondor.apana.org.au>
  Hersen Wu <hersenxs...@amd.com>
  Horia Geantă <horia.gea...@nxp.com>
  Huacai Chen <che...@lemote.com>
  Hugh Dickins <hu...@google.com>
  Ilya Dryomov <idryo...@gmail.com>
  Ingo Molnar <mi...@kernel.org>
  Jacob Pan <jacob.jun....@linux.intel.com>
  Jan Kara <j...@suse.cz>
  Jane Chu <jane....@oracle.com>
  Jason Gunthorpe <j...@nvidia.com>
  Jeff Layton <jlay...@kernel.org>
  Jeffrey Mitchell <jeffrey.mitch...@starlab.io>
  Jens Axboe <ax...@kernel.dk>
  Jesper Dangaard Brouer <bro...@redhat.com>
  Jessica Yu <j...@kernel.org>
  Jia He <justin...@arm.com>
  Jiri Olsa <jo...@kernel.org>
  Jiri Olsa <jo...@redhat.com>
  Joerg Roedel <jroe...@suse.de>
  Johan Hovold <jo...@kernel.org>
  Johannes Berg <johannes.b...@intel.com>
  Jonathan Cameron <jonathan.came...@huawei.com>
  Jonathan Marek <jonat...@marek.ca>
  Jonathan McDowell <nood...@earth.li>
  Josef Bacik <jo...@toxicpanda.com>
  João Henrique <johnnyonfl...@hotmail.com>
  Junxiao Bi <junxiao...@oracle.com>
  Kai-Heng Feng <kai.heng.f...@canonical.com>
  Kamal Heib <kamalhe...@gmail.com>
  Kamal Heib <kh...@redhat.com>
  Kees Cook <keesc...@chromium.org>
  Kevin Hao <haoke...@gmail.com>
  Kieran Bingham <kieran.bingham+rene...@ideasonboard.com>
  Kirill A. Shutemov <kirill.shute...@linux.intel.com>
  Konrad Dybcio <konradyb...@gmail.com>
  Krzysztof Sobota <krzysztof.sob...@nokia.com>
  Lee Jones <lee.jo...@linaro.org>
  Leon Romanovsky <leo...@mellanox.com>
  Linus Torvalds <torva...@linux-foundation.org>
  Linus Walleij <linus.wall...@linaro.org>
  Liu Yi L <yi.l....@intel.com>
  Liu Ying <victor....@nxp.com>
  Lorenzo Pieralisi <lorenzo.pieral...@arm.com>
  Lu Baolu <baolu...@linux.intel.com>
  Luis Chamberlain <mcg...@kernel.org>
  Lukas Wunner <lu...@wunner.de>
  Lyude Paul <ly...@redhat.com>
  Marc Zyngier <m...@kernel.org>
  Marius Iacob <themariu...@gmail.com>
  Mark Zhang <ma...@mellanox.com>
  Martin K. Petersen <martin.peter...@oracle.com>
  Masami Hiramatsu <mhira...@kernel.org>
  Mathew King <math...@chromium.org>
  Mauro Carvalho Chehab <mchehab+hua...@kernel.org>
  Max Filippov <jcmvb...@gmail.com>
  Michael Ellerman <m...@ellerman.id.au>
  Michal Hocko <mho...@suse.com>
  Michal Koutný <mkou...@suse.com>
  Mike Marshall <hub...@omnibond.com>
  Mike Snitzer <snit...@redhat.com>
  Mikulas Patocka <mpato...@redhat.com>
  Ming Lei <ming....@redhat.com>
  Miquel Raynal <miquel.ray...@bootlin.com>
  Muchun Song <songmuc...@bytedance.com>
  Nathan Chancellor <natechancel...@gmail.com>
  Nicolas Saenz Julienne <nsaenzjulie...@suse.de>
  Ondrej Mosnacek <omosn...@redhat.com>
  Pali Rohár <p...@kernel.org>
  Patrick Donnelly <pdonn...@redhat.com>
  Paul Aurich <p...@darkrain42.org>
  Paul Cercueil <p...@crapouillou.net>
  Paul Kocialkowski <paul.kocialkow...@bootlin.com>
  Pavel Machek (CIP) <pa...@denx.de>
  Pavel Machek <pa...@denx.de>
  Philipp Zabel <p.za...@pengutronix.de>
  Qiushi Wu <wu000...@umn.edu>
  Qu Wenruo <w...@suse.com>
  Rafael J. Wysocki <rafael.j.wyso...@intel.com>
  Rajat Jain <raja...@google.com>
  Ray Jui <ray....@broadcom.com>
  Rayagonda Kokatanur <rayagonda.kokata...@broadcom.com>
  Rich Felker <dal...@libc.org>
  Richard Weinberger <rich...@nod.at>
  Rob Herring <r...@kernel.org>
  Roland Scheidegger <srol...@vmware.com>
  Roman Gushchin <g...@fb.com>
  Sandeep Raghuraman <sandy.8...@gmail.com>
  Sasha Levin <sas...@kernel.org>
  Scott Branden <scott.bran...@broadcom.com>
  Scott Mayhew <smay...@redhat.com>
  Sham Muthayyan <smuth...@codeaurora.org>
  Shaokun Zhang <zhangshao...@hisilicon.com>
  Shuah Khan <sk...@linuxfoundation.org>
  Sibi Sankar <si...@codeaurora.org>
  Song Liu <songliubrav...@fb.com>
  Stafford Horne <sho...@gmail.com>
  Stanimir Varbanov <svarba...@mm-sol.com>
  Stephen Boyd <sb...@kernel.org>
  Steve French <stfre...@microsoft.com>
  Steve Longerbeam <slongerb...@gmail.com>
  Steven Price <steven.pr...@arm.com>
  Steven Rostedt (VMware) <rost...@goodmis.org>
  Takashi Iwai <ti...@suse.de>
  Thierry Reding <thierry.red...@gmail.com>
  Thomas Bogendoerfer <tsbog...@alpha.franken.de>
  Thomas Gleixner <t...@linutronix.de>
  Thomas Hebb <tommyh...@gmail.com>
  Tiezhu Yang <yangtie...@loongson.cn>
  Timur Tabi <ti...@kernel.org>
  Tom Rix <t...@redhat.com>
  Tomasz Maciej Nowak <tmn...@gmail.com>
  Trond Myklebust <trond.mykleb...@hammerspace.com>
  Ulf Hansson <ulf.hans...@linaro.org>
  Vincent Whitchurch <vincent.whitchu...@axis.com>
  Vishal Verma <vishal.l.ve...@intel.com>
  Vladimir Oltean <vladimir.olt...@nxp.com>
  Wang Hai <wangha...@huawei.com>
  Will Deacon <w...@kernel.org>
  Wim Van Sebroeck <w...@linux-watchdog.org>
  Wolfram Sang <wsa+rene...@sang-engineering.com>
  Wolfram Sang <w...@kernel.org>
  Xin Tan <tanxin....@gmail.com>
  Xin Xiong <xiong...@fudan.edu.cn>
  Xiyu Yang <xiyuyan...@fudan.edu.cn>
  Xu Wang <vu...@iscas.ac.cn>
  Yishai Hadas <yish...@mellanox.com>
  Yoshihiro Shimoda <yoshihiro.shimoda...@renesas.com>
  Zhang Rui <rui.zh...@intel.com>
  Zhihao Cheng <chengzhih...@huawei.com>

jobs:
 build-amd64-xsm                                              pass    
 build-arm64-xsm                                              pass    
 build-i386-xsm                                               pass    
 build-amd64                                                  pass    
 build-arm64                                                  pass    
 build-armhf                                                  pass    
 build-i386                                                   pass    
 build-amd64-libvirt                                          pass    
 build-arm64-libvirt                                          pass    
 build-armhf-libvirt                                          pass    
 build-i386-libvirt                                           pass    
 build-amd64-pvops                                            pass    
 build-arm64-pvops                                            pass    
 build-armhf-pvops                                            pass    
 build-i386-pvops                                             pass    
 test-amd64-amd64-xl                                          pass    
 test-amd64-coresched-amd64-xl                                pass    
 test-arm64-arm64-xl                                          pass    
 test-armhf-armhf-xl                                          pass    
 test-amd64-i386-xl                                           pass    
 test-amd64-coresched-i386-xl                                 pass    
 test-amd64-amd64-libvirt-qemuu-debianhvm-amd64-xsm           pass    
 test-amd64-i386-libvirt-qemuu-debianhvm-amd64-xsm            pass    
 test-amd64-amd64-xl-qemut-stubdom-debianhvm-amd64-xsm        pass    
 test-amd64-i386-xl-qemut-stubdom-debianhvm-amd64-xsm         pass    
 test-amd64-amd64-xl-qemut-debianhvm-i386-xsm                 pass    
 test-amd64-i386-xl-qemut-debianhvm-i386-xsm                  pass    
 test-amd64-amd64-xl-qemuu-debianhvm-i386-xsm                 pass    
 test-amd64-i386-xl-qemuu-debianhvm-i386-xsm                  pass    
 test-amd64-amd64-libvirt-xsm                                 pass    
 test-arm64-arm64-libvirt-xsm                                 pass    
 test-amd64-i386-libvirt-xsm                                  fail    
 test-amd64-amd64-xl-xsm                                      pass    
 test-arm64-arm64-xl-xsm                                      pass    
 test-amd64-i386-xl-xsm                                       pass    
 test-amd64-amd64-qemuu-nested-amd                            fail    
 test-amd64-amd64-xl-pvhv2-amd                                pass    
 test-amd64-i386-qemut-rhel6hvm-amd                           pass    
 test-amd64-i386-qemuu-rhel6hvm-amd                           pass    
 test-amd64-amd64-dom0pvh-xl-amd                              pass    
 test-amd64-amd64-xl-qemut-debianhvm-amd64                    pass    
 test-amd64-i386-xl-qemut-debianhvm-amd64                     pass    
 test-amd64-amd64-xl-qemuu-debianhvm-amd64                    pass    
 test-amd64-i386-xl-qemuu-debianhvm-amd64                     pass    
 test-amd64-i386-freebsd10-amd64                              pass    
 test-amd64-amd64-qemuu-freebsd11-amd64                       pass    
 test-amd64-amd64-qemuu-freebsd12-amd64                       pass    
 test-amd64-amd64-xl-qemuu-ovmf-amd64                         pass    
 test-amd64-i386-xl-qemuu-ovmf-amd64                          pass    
 test-amd64-amd64-xl-qemut-win7-amd64                         fail    
 test-amd64-i386-xl-qemut-win7-amd64                          fail    
 test-amd64-amd64-xl-qemuu-win7-amd64                         fail    
 test-amd64-i386-xl-qemuu-win7-amd64                          fail    
 test-amd64-amd64-xl-qemut-ws16-amd64                         fail    
 test-amd64-i386-xl-qemut-ws16-amd64                          fail    
 test-amd64-amd64-xl-qemuu-ws16-amd64                         fail    
 test-amd64-i386-xl-qemuu-ws16-amd64                          fail    
 test-armhf-armhf-xl-arndale                                  pass    
 test-amd64-amd64-xl-credit1                                  pass    
 test-arm64-arm64-xl-credit1                                  pass    
 test-armhf-armhf-xl-credit1                                  pass    
 test-amd64-amd64-xl-credit2                                  pass    
 test-arm64-arm64-xl-credit2                                  pass    
 test-armhf-armhf-xl-credit2                                  pass    
 test-armhf-armhf-xl-cubietruck                               pass    
 test-amd64-amd64-xl-qemuu-dmrestrict-amd64-dmrestrict        pass    
 test-amd64-i386-xl-qemuu-dmrestrict-amd64-dmrestrict         pass    
 test-amd64-amd64-examine                                     pass    
 test-arm64-arm64-examine                                     pass    
 test-armhf-armhf-examine                                     pass    
 test-amd64-i386-examine                                      pass    
 test-amd64-i386-freebsd10-i386                               pass    
 test-amd64-amd64-qemuu-nested-intel                          pass    
 test-amd64-amd64-xl-pvhv2-intel                              pass    
 test-amd64-i386-qemut-rhel6hvm-intel                         pass    
 test-amd64-i386-qemuu-rhel6hvm-intel                         pass    
 test-amd64-amd64-dom0pvh-xl-intel                            pass    
 test-amd64-amd64-libvirt                                     fail    
 test-armhf-armhf-libvirt                                     pass    
 test-amd64-i386-libvirt                                      pass    
 test-amd64-amd64-xl-multivcpu                                pass    
 test-armhf-armhf-xl-multivcpu                                pass    
 test-amd64-amd64-pair                                        pass    
 test-amd64-i386-pair                                         pass    
 test-amd64-amd64-libvirt-pair                                pass    
 test-amd64-i386-libvirt-pair                                 pass    
 test-amd64-amd64-amd64-pvgrub                                pass    
 test-amd64-amd64-i386-pvgrub                                 pass    
 test-amd64-amd64-xl-pvshim                                   pass    
 test-amd64-i386-xl-pvshim                                    fail    
 test-amd64-amd64-pygrub                                      pass    
 test-amd64-amd64-xl-qcow2                                    pass    
 test-armhf-armhf-libvirt-raw                                 pass    
 test-amd64-i386-xl-raw                                       pass    
 test-amd64-amd64-xl-rtds                                     pass    
 test-armhf-armhf-xl-rtds                                     fail    
 test-arm64-arm64-xl-seattle                                  pass    
 test-amd64-amd64-xl-qemuu-debianhvm-amd64-shadow             pass    
 test-amd64-i386-xl-qemuu-debianhvm-amd64-shadow              pass    
 test-amd64-amd64-xl-shadow                                   pass    
 test-amd64-i386-xl-shadow                                    pass    
 test-arm64-arm64-xl-thunderx                                 pass    
 test-amd64-amd64-libvirt-vhd                                 pass    
 test-armhf-armhf-xl-vhd                                      pass    


------------------------------------------------------------
sg-report-flight on osstest.test-lab.xenproject.org
logs: /home/logs/logs
images: /home/logs/images

Logs, config files, etc. are available at
    http://logs.test-lab.xenproject.org/osstest/logs

Explanation of these reports, and of osstest in general, is at
    http://xenbits.xen.org/gitweb/?p=osstest.git;a=blob;f=README.email;hb=master
    http://xenbits.xen.org/gitweb/?p=osstest.git;a=blob;f=README;hb=master

Test harness code can be found at
    http://xenbits.xen.org/gitweb?p=osstest.git;a=summary


Not pushing.

(No revision log; it would be 5070 lines long.)

Reply via email to