flight 152432 linux-linus real [real] http://logs.test-lab.xenproject.org/osstest/logs/152432/
Regressions :-( Tests which did not succeed and are blocking, including tests which could not be run: test-amd64-i386-xl-qemuu-debianhvm-amd64-shadow 7 xen-boot fail REGR. vs. 152332 test-armhf-armhf-libvirt-raw 7 xen-boot fail REGR. vs. 152332 test-arm64-arm64-libvirt-xsm 16 guest-start/debian.repeat fail REGR. vs. 152332 test-amd64-amd64-examine 4 memdisk-try-append fail REGR. vs. 152332 test-amd64-i386-xl-qemut-debianhvm-i386-xsm 10 debian-hvm-install fail REGR. vs. 152332 Tests which did not succeed, but are not blocking: test-amd64-amd64-xl-qemut-win7-amd64 17 guest-stop fail like 152332 test-amd64-amd64-xl-qemuu-win7-amd64 17 guest-stop fail like 152332 test-amd64-amd64-xl-qemut-ws16-amd64 17 guest-stop fail like 152332 test-amd64-i386-xl-qemuu-win7-amd64 17 guest-stop fail like 152332 test-armhf-armhf-libvirt 14 saverestore-support-check fail like 152332 test-amd64-i386-xl-qemut-win7-amd64 17 guest-stop fail like 152332 test-amd64-amd64-xl-qemuu-ws16-amd64 17 guest-stop fail like 152332 test-amd64-i386-xl-pvshim 12 guest-start fail never pass test-amd64-amd64-libvirt-xsm 13 migrate-support-check fail never pass test-amd64-i386-libvirt-xsm 13 migrate-support-check fail never pass test-amd64-amd64-libvirt 13 migrate-support-check fail never pass test-amd64-i386-libvirt 13 migrate-support-check fail never pass test-arm64-arm64-xl-seattle 13 migrate-support-check fail never pass test-arm64-arm64-xl-seattle 14 saverestore-support-check fail never pass test-arm64-arm64-libvirt-xsm 13 migrate-support-check fail never pass test-arm64-arm64-libvirt-xsm 14 saverestore-support-check fail never pass test-arm64-arm64-xl 13 migrate-support-check fail never pass test-arm64-arm64-xl-credit2 13 migrate-support-check fail never pass test-armhf-armhf-xl-arndale 13 migrate-support-check fail never pass test-arm64-arm64-xl 14 saverestore-support-check fail never pass test-arm64-arm64-xl-xsm 13 migrate-support-check fail never pass test-arm64-arm64-xl-credit2 14 saverestore-support-check fail never pass test-armhf-armhf-xl-arndale 14 saverestore-support-check fail never pass test-arm64-arm64-xl-xsm 14 saverestore-support-check fail never pass test-arm64-arm64-xl-thunderx 13 migrate-support-check fail never pass test-arm64-arm64-xl-thunderx 14 saverestore-support-check fail never pass test-amd64-amd64-libvirt-qemuu-debianhvm-amd64-xsm 11 migrate-support-check fail never pass test-amd64-i386-libvirt-qemuu-debianhvm-amd64-xsm 11 migrate-support-check fail never pass test-amd64-amd64-libvirt-vhd 12 migrate-support-check fail never pass test-armhf-armhf-xl-multivcpu 13 migrate-support-check fail never pass test-armhf-armhf-xl-multivcpu 14 saverestore-support-check fail never pass test-armhf-armhf-xl-rtds 13 migrate-support-check fail never pass test-armhf-armhf-xl-rtds 14 saverestore-support-check fail never pass test-armhf-armhf-xl-credit1 13 migrate-support-check fail never pass test-armhf-armhf-xl-credit1 14 saverestore-support-check fail never pass test-amd64-i386-xl-qemuu-ws16-amd64 17 guest-stop fail never pass test-arm64-arm64-xl-credit1 13 migrate-support-check fail never pass test-arm64-arm64-xl-credit1 14 saverestore-support-check fail never pass test-amd64-i386-xl-qemut-ws16-amd64 17 guest-stop fail never pass test-armhf-armhf-xl 13 migrate-support-check fail never pass test-armhf-armhf-xl 14 saverestore-support-check fail never pass test-armhf-armhf-libvirt 13 migrate-support-check fail never pass test-armhf-armhf-xl-cubietruck 13 migrate-support-check fail never pass test-armhf-armhf-xl-credit2 13 migrate-support-check fail never pass test-armhf-armhf-xl-credit2 14 saverestore-support-check fail never pass test-armhf-armhf-xl-cubietruck 14 saverestore-support-check fail never pass test-armhf-armhf-xl-vhd 12 migrate-support-check fail never pass test-armhf-armhf-xl-vhd 13 saverestore-support-check fail never pass test-amd64-amd64-qemuu-nested-amd 17 debian-hvm-install/l1/l2 fail never pass version targeted for testing: linux bcf876870b95592b52519ed4aafcf9d95999bc9c baseline version: linux deacdb3e3979979016fcd0ffd518c320a62ad166 Last test of basis 152332 2020-07-31 19:41:23 Z 3 days Failing since 152366 2020-08-01 20:49:34 Z 2 days 3 attempts Testing same since 152432 2020-08-03 17:25:53 Z 0 days 1 attempts ------------------------------------------------------------ People who touched revisions under test: Aaron Brown <aaron.f.br...@intel.com> Aaron Ma <aaron...@canonical.com> Akash Asthana <akash...@codeaurora.org> Al Viro <v...@zeniv.linux.org.uk> Alaa Hleihel <a...@mellanox.com> Alex Veber <ale...@mellanox.com> Amit Cohen <am...@mellanox.com> Andrew Cagney <cag...@libreswan.org> Andrii Nakryiko <andr...@fb.com> Arnaldo Carvalho de Melo <a...@redhat.com> Aya Levin <a...@mellanox.com> Ben Hutchings <b...@decadent.org.uk> Christian Brauner <christian.brau...@ubuntu.com> Christoph Hellwig <h...@lst.de> Cong Wang <xiyou.wangc...@gmail.com> Daniel Borkmann <dan...@iogearbox.net> David Howells <dhowe...@redhat.com> David S. Miller <da...@davemloft.net> David Woodhouse <dw...@infradead.org> Douglas Anderson <diand...@chromium.org> Eran Ben Elisha <era...@mellanox.com> Felix Fietkau <n...@nbd.name> Francesco Ruggeri <frugg...@arista.com> Frank Wunderlich <fran...@public-files.de> Guillaume Nault <gna...@redhat.com> Guojia Liao <liaoguo...@huawei.com> Haiwei Li <lihai...@tencent.com> Hangbin Liu <liuhang...@gmail.com> Herbert Xu <herb...@gondor.apana.org.au> Huazhong Tan <tanhuazh...@huawei.com> Ido Schimmel <ido...@mellanox.com> Ingo Molnar <mi...@kernel.org> Jakub Kicinski <k...@kernel.org> Jean-Philippe Brucker <jean-phili...@linaro.org> Jian Shen <shenjia...@huawei.com> Jianbo Liu <jian...@mellanox.com> Johan Hovold <jo...@kernel.org> Johannes Berg <johannes.b...@intel.com> Joyce Ooi <joyce....@intel.com> Julian Squires <jul...@cipht.net> Landen Chao <landen.c...@mediatek.com> laurent brando <laurent.bra...@nxp.com> Linus Torvalds <torva...@linux-foundation.org> Linus Walleij <linus.wall...@linaro.org> liujian <liujia...@huawei.com> Lu Wei <luwe...@huawei.com> Maor Dickman <ma...@mellanox.com> Maor Gottlieb <ma...@mellanox.com> Marc Zyngier <m...@kernel.org> Mark Salyzyn <saly...@android.com> Martin Varghese <martin.vargh...@nokia.com> Masahiro Yamada <masahi...@kernel.org> Matthieu Baerts <matthieu.bae...@tessares.net> Nathan Chancellor <natechancel...@gmail.com> Nick Bowler <nbow...@draconx.ca> Paolo Abeni <pab...@redhat.com> Paolo Bonzini <pbonz...@redhat.com> Parav Pandit <pa...@mellanox.com> Pavel Machek (CIP) <pa...@denx.de> Pavel Machek <pa...@ucw.cz> Peilin Ye <yepeilin...@gmail.com> Philippe Duplessis-Guindon <pduples...@efficios.com> Quentin Perret <qper...@google.com> Raed Salem <ra...@mellanox.com> Rajkumar Manoharan <rmano...@codeaurora.org> Remi Pommarel <r...@triplefau.lt> René van Dorst <opensou...@vdorst.com> Rodrigo Madera <rodrigo.mad...@gmail.com> Ron Diskin <ro...@mellanox.com> Roopa Prabhu <ro...@cumulusnetworks.com> Rustam Kovhaev <rkovh...@gmail.com> Sabrina Dubroca <s...@queasysnail.net> Saeed Mahameed <sae...@mellanox.com> Salvatore Bonaccorso <car...@debian.org> Santosh Shilimkar <santosh.shilim...@oracle.com> Shannon Nelson <snel...@pensando.io> Song Liu <songliubrav...@fb.com> Steffen Klassert <steffen.klass...@secunet.com> Subbaraya Sundeep <sbha...@marvell.com> Sunil Goutham <sgout...@marvell.com> Taehee Yoo <ap420...@gmail.com> Tanner Love <tannerl...@google.com> Thomas Falcon <tlfal...@linux.ibm.com> Thomas Gleixner <t...@linutronix.de> Thomas Richter <tmri...@linux.ibm.com> Tobias Brunner <tob...@strongswan.org> Tony Nguyen <anthony.l.ngu...@intel.com> Vasanthakumar Thiagarajan <vthia...@codeaurora.org> Vladimir Oltean <vladimir.olt...@nxp.com> Wang Hai <wangha...@huawei.com> Wanpeng Li <wanpen...@tencent.com> Wei Li <liwei...@huawei.com> Will Deacon <w...@kernel.org> Willem de Bruijn <will...@google.com> Wolfram Sang <wsa+rene...@sang-engineering.com> Wolfram Sang <w...@kernel.org> Xin Long <lucien....@gmail.com> Xin Tan <tanxin....@gmail.com> Xin Xiong <xiong...@fudan.edu.cn> Xiyu Yang <xiyuyan...@fudan.edu.cn> Yangbo Lu <yangbo...@nxp.com> Yonglong Liu <liuyongl...@huawei.com> Yunsheng Lin <linyunsh...@huawei.com> jobs: build-amd64-xsm pass build-arm64-xsm pass build-i386-xsm pass build-amd64 pass build-arm64 pass build-armhf pass build-i386 pass build-amd64-libvirt pass build-arm64-libvirt pass build-armhf-libvirt pass build-i386-libvirt pass build-amd64-pvops pass build-arm64-pvops pass build-armhf-pvops pass build-i386-pvops pass test-amd64-amd64-xl pass test-amd64-coresched-amd64-xl pass test-arm64-arm64-xl pass test-armhf-armhf-xl pass test-amd64-i386-xl pass test-amd64-coresched-i386-xl pass test-amd64-amd64-libvirt-qemuu-debianhvm-amd64-xsm pass test-amd64-i386-libvirt-qemuu-debianhvm-amd64-xsm pass test-amd64-amd64-xl-qemut-stubdom-debianhvm-amd64-xsm pass test-amd64-i386-xl-qemut-stubdom-debianhvm-amd64-xsm pass test-amd64-amd64-xl-qemut-debianhvm-i386-xsm pass test-amd64-i386-xl-qemut-debianhvm-i386-xsm fail test-amd64-amd64-xl-qemuu-debianhvm-i386-xsm pass test-amd64-i386-xl-qemuu-debianhvm-i386-xsm pass test-amd64-amd64-libvirt-xsm pass test-arm64-arm64-libvirt-xsm fail test-amd64-i386-libvirt-xsm pass test-amd64-amd64-xl-xsm pass test-arm64-arm64-xl-xsm pass test-amd64-i386-xl-xsm pass test-amd64-amd64-qemuu-nested-amd fail test-amd64-amd64-xl-pvhv2-amd pass test-amd64-i386-qemut-rhel6hvm-amd pass test-amd64-i386-qemuu-rhel6hvm-amd pass test-amd64-amd64-dom0pvh-xl-amd pass test-amd64-amd64-xl-qemut-debianhvm-amd64 pass test-amd64-i386-xl-qemut-debianhvm-amd64 pass test-amd64-amd64-xl-qemuu-debianhvm-amd64 pass test-amd64-i386-xl-qemuu-debianhvm-amd64 pass test-amd64-i386-freebsd10-amd64 pass test-amd64-amd64-qemuu-freebsd11-amd64 pass test-amd64-amd64-qemuu-freebsd12-amd64 pass test-amd64-amd64-xl-qemuu-ovmf-amd64 pass test-amd64-i386-xl-qemuu-ovmf-amd64 pass test-amd64-amd64-xl-qemut-win7-amd64 fail test-amd64-i386-xl-qemut-win7-amd64 fail test-amd64-amd64-xl-qemuu-win7-amd64 fail test-amd64-i386-xl-qemuu-win7-amd64 fail test-amd64-amd64-xl-qemut-ws16-amd64 fail test-amd64-i386-xl-qemut-ws16-amd64 fail test-amd64-amd64-xl-qemuu-ws16-amd64 fail test-amd64-i386-xl-qemuu-ws16-amd64 fail test-armhf-armhf-xl-arndale pass test-amd64-amd64-xl-credit1 pass test-arm64-arm64-xl-credit1 pass test-armhf-armhf-xl-credit1 pass test-amd64-amd64-xl-credit2 pass test-arm64-arm64-xl-credit2 pass test-armhf-armhf-xl-credit2 pass test-armhf-armhf-xl-cubietruck pass test-amd64-amd64-xl-qemuu-dmrestrict-amd64-dmrestrict pass test-amd64-i386-xl-qemuu-dmrestrict-amd64-dmrestrict pass test-amd64-amd64-examine pass test-arm64-arm64-examine pass test-armhf-armhf-examine pass test-amd64-i386-examine pass test-amd64-i386-freebsd10-i386 pass test-amd64-amd64-qemuu-nested-intel pass test-amd64-amd64-xl-pvhv2-intel pass test-amd64-i386-qemut-rhel6hvm-intel pass test-amd64-i386-qemuu-rhel6hvm-intel pass test-amd64-amd64-dom0pvh-xl-intel pass test-amd64-amd64-libvirt pass test-armhf-armhf-libvirt pass test-amd64-i386-libvirt pass test-amd64-amd64-xl-multivcpu pass test-armhf-armhf-xl-multivcpu pass test-amd64-amd64-pair pass test-amd64-i386-pair pass test-amd64-amd64-libvirt-pair pass test-amd64-i386-libvirt-pair pass test-amd64-amd64-amd64-pvgrub pass test-amd64-amd64-i386-pvgrub pass test-amd64-amd64-xl-pvshim pass test-amd64-i386-xl-pvshim fail test-amd64-amd64-pygrub pass test-amd64-amd64-xl-qcow2 pass test-armhf-armhf-libvirt-raw fail test-amd64-i386-xl-raw pass test-amd64-amd64-xl-rtds pass test-armhf-armhf-xl-rtds pass test-arm64-arm64-xl-seattle pass test-amd64-amd64-xl-qemuu-debianhvm-amd64-shadow pass test-amd64-i386-xl-qemuu-debianhvm-amd64-shadow fail test-amd64-amd64-xl-shadow pass test-amd64-i386-xl-shadow pass test-arm64-arm64-xl-thunderx pass test-amd64-amd64-libvirt-vhd pass test-armhf-armhf-xl-vhd pass ------------------------------------------------------------ sg-report-flight on osstest.test-lab.xenproject.org logs: /home/logs/logs images: /home/logs/images Logs, config files, etc. are available at http://logs.test-lab.xenproject.org/osstest/logs Explanation of these reports, and of osstest in general, is at http://xenbits.xen.org/gitweb/?p=osstest.git;a=blob;f=README.email;hb=master http://xenbits.xen.org/gitweb/?p=osstest.git;a=blob;f=README;hb=master Test harness code can be found at http://xenbits.xen.org/gitweb?p=osstest.git;a=summary Not pushing. (No revision log; it would be 3523 lines long.)