flight 151914 qemu-mainline real [real] http://logs.test-lab.xenproject.org/osstest/logs/151914/
Regressions :-( Tests which did not succeed and are blocking, including tests which could not be run: test-amd64-amd64-xl-qemuu-ovmf-amd64 10 debian-hvm-install fail REGR. vs. 151065 test-amd64-amd64-xl-qemuu-dmrestrict-amd64-dmrestrict 10 debian-hvm-install fail REGR. vs. 151065 test-amd64-amd64-xl-qemuu-debianhvm-amd64 10 debian-hvm-install fail REGR. vs. 151065 test-amd64-amd64-qemuu-nested-intel 10 debian-hvm-install fail REGR. vs. 151065 test-amd64-i386-xl-qemuu-debianhvm-i386-xsm 10 debian-hvm-install fail REGR. vs. 151065 test-amd64-i386-xl-qemuu-dmrestrict-amd64-dmrestrict 10 debian-hvm-install fail REGR. vs. 151065 test-amd64-i386-xl-qemuu-ovmf-amd64 10 debian-hvm-install fail REGR. vs. 151065 test-amd64-amd64-xl-qemuu-debianhvm-i386-xsm 10 debian-hvm-install fail REGR. vs. 151065 test-amd64-amd64-xl-qemuu-debianhvm-amd64-shadow 10 debian-hvm-install fail REGR. vs. 151065 test-amd64-amd64-libvirt-qemuu-debianhvm-amd64-xsm 10 debian-hvm-install fail REGR. vs. 151065 test-amd64-i386-qemuu-rhel6hvm-amd 10 redhat-install fail REGR. vs. 151065 test-amd64-i386-xl-qemuu-debianhvm-amd64 10 debian-hvm-install fail REGR. vs. 151065 test-amd64-i386-xl-qemuu-debianhvm-amd64-shadow 10 debian-hvm-install fail REGR. vs. 151065 test-amd64-i386-libvirt-qemuu-debianhvm-amd64-xsm 10 debian-hvm-install fail REGR. vs. 151065 test-amd64-i386-qemuu-rhel6hvm-intel 10 redhat-install fail REGR. vs. 151065 test-amd64-i386-freebsd10-i386 11 guest-start fail REGR. vs. 151065 test-amd64-i386-freebsd10-amd64 11 guest-start fail REGR. vs. 151065 test-amd64-amd64-qemuu-nested-amd 10 debian-hvm-install fail REGR. vs. 151065 test-amd64-amd64-xl-qemuu-win7-amd64 10 windows-install fail REGR. vs. 151065 test-amd64-i386-xl-qemuu-win7-amd64 10 windows-install fail REGR. vs. 151065 test-amd64-amd64-xl-qemuu-ws16-amd64 10 windows-install fail REGR. vs. 151065 test-amd64-i386-xl-qemuu-ws16-amd64 10 windows-install fail REGR. vs. 151065 Tests which did not succeed, but are not blocking: test-armhf-armhf-libvirt 14 saverestore-support-check fail like 151065 test-armhf-armhf-xl-rtds 16 guest-start/debian.repeat fail like 151065 test-armhf-armhf-libvirt-raw 13 saverestore-support-check fail like 151065 test-amd64-i386-xl-pvshim 12 guest-start fail never pass test-arm64-arm64-xl-seattle 13 migrate-support-check fail never pass test-arm64-arm64-xl-seattle 14 saverestore-support-check fail never pass test-amd64-amd64-libvirt 13 migrate-support-check fail never pass test-amd64-i386-libvirt 13 migrate-support-check fail never pass test-amd64-amd64-libvirt-xsm 13 migrate-support-check fail never pass test-amd64-i386-libvirt-xsm 13 migrate-support-check fail never pass test-arm64-arm64-xl 13 migrate-support-check fail never pass test-arm64-arm64-xl-credit1 13 migrate-support-check fail never pass test-arm64-arm64-xl 14 saverestore-support-check fail never pass test-arm64-arm64-xl-credit1 14 saverestore-support-check fail never pass test-arm64-arm64-xl-thunderx 13 migrate-support-check fail never pass test-arm64-arm64-xl-credit2 13 migrate-support-check fail never pass test-arm64-arm64-xl-credit2 14 saverestore-support-check fail never pass test-arm64-arm64-xl-thunderx 14 saverestore-support-check fail never pass test-arm64-arm64-xl-xsm 13 migrate-support-check fail never pass test-arm64-arm64-xl-xsm 14 saverestore-support-check fail never pass test-arm64-arm64-libvirt-xsm 13 migrate-support-check fail never pass test-arm64-arm64-libvirt-xsm 14 saverestore-support-check fail never pass test-amd64-amd64-libvirt-vhd 12 migrate-support-check fail never pass test-armhf-armhf-libvirt 13 migrate-support-check fail never pass test-armhf-armhf-xl-credit1 13 migrate-support-check fail never pass test-armhf-armhf-xl-credit1 14 saverestore-support-check fail never pass test-armhf-armhf-xl-multivcpu 13 migrate-support-check fail never pass test-armhf-armhf-xl-multivcpu 14 saverestore-support-check fail never pass test-armhf-armhf-xl-cubietruck 13 migrate-support-check fail never pass test-armhf-armhf-xl-cubietruck 14 saverestore-support-check fail never pass test-armhf-armhf-xl-rtds 13 migrate-support-check fail never pass test-armhf-armhf-xl-rtds 14 saverestore-support-check fail never pass test-armhf-armhf-xl-credit2 13 migrate-support-check fail never pass test-armhf-armhf-xl-credit2 14 saverestore-support-check fail never pass test-armhf-armhf-xl-arndale 13 migrate-support-check fail never pass test-armhf-armhf-xl-arndale 14 saverestore-support-check fail never pass test-armhf-armhf-xl-vhd 12 migrate-support-check fail never pass test-armhf-armhf-xl-vhd 13 saverestore-support-check fail never pass test-armhf-armhf-libvirt-raw 12 migrate-support-check fail never pass test-armhf-armhf-xl 13 migrate-support-check fail never pass test-armhf-armhf-xl 14 saverestore-support-check fail never pass version targeted for testing: qemuu c920fdba39480989cb5f1af3cc63acccef021b54 baseline version: qemuu 9e3903136d9acde2fb2dd9e967ba928050a6cb4a Last test of basis 151065 2020-06-12 22:27:51 Z 33 days Failing since 151101 2020-06-14 08:32:51 Z 31 days 43 attempts Testing same since 151914 2020-07-15 07:49:43 Z 0 days 1 attempts ------------------------------------------------------------ People who touched revisions under test: Aaron Lindsay <aa...@os.amperecomputing.com> Ahmed Karaman <ahmedkhaledkara...@gmail.com> Alberto Garcia <be...@igalia.com> Aleksandar Markovic <aleksandar.m.m...@gmail.com> Aleksandar Markovic <aleksandar.qemu.de...@gmail.com> Alex Bennée <alex.ben...@linaro.org> Alex Williamson <alex.william...@redhat.com> Alexander Boettcher <alexander.boettc...@genode-labs.com> Alexander Bulekov <alx...@bu.edu> Alexandre Mergnat <amerg...@baylibre.com> Alexey Krasikov <alex-krasi...@yandex-team.ru> Alistair Francis <alistair.fran...@wdc.com> Allan Peramaki <apera...@pp1.inet.fi> Andrew Jones <drjo...@redhat.com> Ani Sinha <ani.si...@nutanix.com> Anthony PERARD <anthony.per...@citrix.com> Ard Biesheuvel <a...@kernel.org> Artyom Tarasenko <atar4q...@gmail.com> Atish Patra <atish.pa...@wdc.com> Aurelien Jarno <aurel...@aurel32.net> Babu Moger <babu.mo...@amd.com> BALATON Zoltan <bala...@eik.bme.hu> Basil Salman <ba...@daynix.com> Basil Salman <bsal...@redhat.com> Beata Michalska <beata.michal...@linaro.org> Bin Meng <bin.m...@windriver.com> Bin Meng <bmeng...@gmail.com> Cameron Esfahani <di...@apple.com> Catherine A. Frederick <choc...@animebitch.es> Cathy Zhang <cathy.zh...@intel.com> Chen Gang <cheng...@emindsoft.com.cn> Christian Borntraeger <borntrae...@de.ibm.com> Christian Ehrhardt <christian.ehrha...@canonical.com> Christophe de Dinechin <dinec...@redhat.com> Chuan Zheng <zhengch...@huawei.com> Cindy Lu <l...@redhat.com> Claudio Fontana <cfont...@suse.de> Cleber Rosa <cr...@redhat.com> Colin Xu <colin...@intel.com> Cornelia Huck <coh...@redhat.com> Cédric Le Goater <c...@kaod.org> Daniel P. Berrangé <berra...@redhat.com> Daniele Buono <dbu...@linux.vnet.ibm.com> David Carlier <devne...@gmail.com> David Edmondson <david.edmond...@oracle.com> David Gibson <da...@gibson.dropbear.id.au> David Hildenbrand <da...@redhat.com> Denis V. Lunev <d...@openvz.org> Derek Su <dere...@qnap.com> Dr. David Alan Gilbert <dgilb...@redhat.com> Ed Robbins <e.j.c.robb...@kent.ac.uk> Edgar E. Iglesias <edgar.igles...@xilinx.com> Eduardo Habkost <ehabk...@redhat.com> Emilio G. Cota <c...@braap.org> Eric Auger <eric.au...@redhat.com> Eric Blake <ebl...@redhat.com> Eric Farman <far...@linux.ibm.com> Erik Smit <erik.lucas.s...@gmail.com> Evgeny Yakovlev <eyakov...@virtuozzo.com> fangying <fangyi...@huawei.com> Farhan Ali <al...@linux.ibm.com> Filip Bozuta <filip.boz...@syrmia.com> Finn Thain <fth...@telegraphics.com.au> Frank Chang <frank.ch...@sifive.com> Geoffrey McRae <ge...@hostfission.com> Gerd Hoffmann <kra...@redhat.com> Giuseppe Musacchio <thatle...@gmail.com> Greg Kurz <gr...@kaod.org> Guenter Roeck <li...@roeck-us.net> Gustavo Romero <grom...@linux.ibm.com> Halil Pasic <pa...@linux.ibm.com> Havard Skinnemoen <hskinnem...@google.com> Helge Deller <del...@gmx.de> Howard Spoelstra <hsp.c...@gmail.com> Huacai Chen <che...@lemote.com> Huacai Chen <zltjiang...@gmail.com> Ian Jiang <ianjiang....@gmail.com> Igor Mammedov <imamm...@redhat.com> Jan Kiszka <jan.kis...@siemens.com> Janne Grunau <j...@jannau.net> Janosch Frank <fran...@linux.ibm.com> Jason Andryuk <jandr...@gmail.com> Jason Wang <jasow...@redhat.com> Jay Zhou <jianjay.z...@huawei.com> Jean-Christophe Dubois <j...@tribudubois.net> Jessica Clarke <jrt...@jrtc27.com> Jiaxun Yang <jiaxun.y...@flygoat.com> Jingqi Liu <jingqi....@intel.com> John Snow <js...@redhat.com> Jon Doron <ari...@gmail.com> Joseph Myers <jos...@codesourcery.com> Josh Kunz <j...@google.com> Juan Quintela <quint...@redhat.com> Julio Faracco <jcfara...@gmail.com> Keqian Zhu <zhukeqi...@huawei.com> Kevin Wolf <kw...@redhat.com> Klaus Jensen <k.jen...@samsung.com> Klaus Jensen <klaus.jen...@cnexlabs.com> Laszlo Ersek <ler...@redhat.com> Laurent Vivier <laur...@vivier.eu> Laurent Vivier <lviv...@redhat.com> Leif Lindholm <l...@nuviainc.com> Leonid Bloch <lb.work...@gmail.com> Leonid Bloch <lbl...@janustech.com> Li Feng <fen...@smartx.com> Li Qiang <liq...@gmail.com> Liao Pingfang <liao.pingf...@zte.com.cn> lichun <lic...@ruijie.com.cn> Lijun Pan <l...@linux.ibm.com> Like Xu <like...@linux.intel.com> Lingfeng Yang <l...@google.com> Lingshan zhu <lingshan....@intel.com> Liran Alon <liran.a...@oracle.com> LIU Zhiwei <zhiwei_...@c-sky.com> Lukas Straub <lukasstra...@web.de> Luwei Kang <luwei.k...@intel.com> Maciej S. Szmigiero <maciej.szmigi...@oracle.com> Magnus Damm <magnus.d...@gmail.com> Mao Zhongyi <maozhon...@cmss.chinamobile.com> Marc-André Lureau <marcandre.lur...@redhat.com> Marcelo Tosatti <mtosa...@redhat.com> Marek Marczykowski-Górecki <marma...@invisiblethingslab.com> Mario Smarduch <msmard...@digitalocean.com> Mark Cave-Ayland <mark.cave-ayl...@ilande.co.uk> Markus Armbruster <arm...@redhat.com> Masahiro Yamada <masahi...@kernel.org> Matus Kysel <mky...@tachyum.com> Max Filippov <jcmvb...@gmail.com> Max Reitz <mre...@redhat.com> Maxim Levitsky <mlevi...@redhat.com> Maxime Coquelin <maxime.coque...@redhat.com> Menno Lageman <menno.lage...@oracle.com> Michael Rolnik <mrol...@gmail.com> Michael Roth <mdr...@linux.vnet.ibm.com> Michael S. Tsirkin <m...@redhat.com> Michal Privoznik <mpriv...@redhat.com> Michele Denber <den...@mindspring.com> Nir Soffer <nsof...@redhat.com> Olaf Hering <o...@aepfle.de> Pan Nengyuan <pannengy...@huawei.com> Paolo Bonzini <pbonz...@redhat.com> Paul Durrant <pdurr...@amazon.com> Pavel Dovgalyuk <pavel.dovga...@gmail.com> Pavel Dovgalyuk <pavel.dovga...@ispras.ru> Peter Maydell <peter.mayd...@linaro.org> Peter Xu <pet...@redhat.com> Philippe Mathieu-Daude <phi...@redhat.com> Philippe Mathieu-Daudé <f4...@amsat.org> Philippe Mathieu-Daudé <phi...@redhat.com> Prasad J Pandit <p...@fedoraproject.org> Radoslaw Biernacki <r...@semihalf.com> Raphael Norwitz <raphael.norw...@nutanix.com> Richard Henderson <richard.hender...@linaro.org> Richard W.M. Jones <rjo...@redhat.com> Riku Voipio <riku.voi...@linaro.org> Robert Foley <robert.fo...@linaro.org> Roman Bolshakov <r.bolsha...@yadro.com> Roman Kagan <rka...@virtuozzo.com> Roman Kagan <rvka...@yandex-team.ru> Sai Pavan Boddu <sai.pavan.bo...@xilinx.com> Sarah Harris <s.e.har...@kent.ac.uk> Sebastian Rasmussen <seb...@gmail.com> Sergio Lopez <s...@redhat.com> Shameer Kolothum <shameerali.kolothum.th...@huawei.com> Stefan Berger <stef...@linux.ibm.com> Stefan Berger <stef...@linux.vnet.ibm.com> Stefan Hajnoczi <stefa...@redhat.com> Tao Xu <tao3...@intel.com> Thomas Huth <h...@tuxfamily.org> Thomas Huth <th...@redhat.com> Tiwei Bie <tiwei....@intel.com> Tong Ho <tong...@xilinx.com> Vivek Goyal <vgo...@redhat.com> Vladimir Sementsov-Ogievskiy <vsement...@virtuozzo.com> Volker Rümelin <vr_q...@t-online.de> WangBowen <bowen.w...@intel.com> Wei Huang <wei.hua...@amd.com> Wei Wang <wei.w.w...@intel.com> Wentong Wu <wentong...@intel.com> Xie Yongji <xieyon...@bytedance.com> Yi Wang <wang.y...@zte.com.cn> Ying Fang <fangyi...@huawei.com> Yoshinori Sato <ys...@users.sourceforge.jp> Yuri Benditovich <yuri.benditov...@daynix.com> Zhang Chen <chen.zh...@intel.com> Zheng Chuan <zhengch...@huawei.com> jobs: build-amd64-xsm pass build-arm64-xsm pass build-i386-xsm pass build-amd64 pass build-arm64 pass build-armhf pass build-i386 pass build-amd64-libvirt pass build-arm64-libvirt pass build-armhf-libvirt pass build-i386-libvirt pass build-amd64-pvops pass build-arm64-pvops pass build-armhf-pvops pass build-i386-pvops pass test-amd64-amd64-xl pass test-amd64-coresched-amd64-xl pass test-arm64-arm64-xl pass test-armhf-armhf-xl pass test-amd64-i386-xl pass test-amd64-coresched-i386-xl pass test-amd64-amd64-libvirt-qemuu-debianhvm-amd64-xsm fail test-amd64-i386-libvirt-qemuu-debianhvm-amd64-xsm fail test-amd64-amd64-xl-qemuu-debianhvm-i386-xsm fail test-amd64-i386-xl-qemuu-debianhvm-i386-xsm fail test-amd64-amd64-libvirt-xsm pass test-arm64-arm64-libvirt-xsm pass test-amd64-i386-libvirt-xsm pass test-amd64-amd64-xl-xsm pass test-arm64-arm64-xl-xsm pass test-amd64-i386-xl-xsm pass test-amd64-amd64-qemuu-nested-amd fail test-amd64-amd64-xl-pvhv2-amd pass test-amd64-i386-qemuu-rhel6hvm-amd fail test-amd64-amd64-xl-qemuu-debianhvm-amd64 fail test-amd64-i386-xl-qemuu-debianhvm-amd64 fail test-amd64-i386-freebsd10-amd64 fail test-amd64-amd64-xl-qemuu-ovmf-amd64 fail test-amd64-i386-xl-qemuu-ovmf-amd64 fail test-amd64-amd64-xl-qemuu-win7-amd64 fail test-amd64-i386-xl-qemuu-win7-amd64 fail test-amd64-amd64-xl-qemuu-ws16-amd64 fail test-amd64-i386-xl-qemuu-ws16-amd64 fail test-armhf-armhf-xl-arndale pass test-amd64-amd64-xl-credit1 pass test-arm64-arm64-xl-credit1 pass test-armhf-armhf-xl-credit1 pass test-amd64-amd64-xl-credit2 pass test-arm64-arm64-xl-credit2 pass test-armhf-armhf-xl-credit2 pass test-armhf-armhf-xl-cubietruck pass test-amd64-amd64-xl-qemuu-dmrestrict-amd64-dmrestrict fail test-amd64-i386-xl-qemuu-dmrestrict-amd64-dmrestrict fail test-amd64-i386-freebsd10-i386 fail test-amd64-amd64-qemuu-nested-intel fail test-amd64-amd64-xl-pvhv2-intel pass test-amd64-i386-qemuu-rhel6hvm-intel fail test-amd64-amd64-libvirt pass test-armhf-armhf-libvirt pass test-amd64-i386-libvirt pass test-amd64-amd64-xl-multivcpu pass test-armhf-armhf-xl-multivcpu pass test-amd64-amd64-pair pass test-amd64-i386-pair pass test-amd64-amd64-libvirt-pair pass test-amd64-i386-libvirt-pair pass test-amd64-amd64-amd64-pvgrub pass test-amd64-amd64-i386-pvgrub pass test-amd64-amd64-xl-pvshim pass test-amd64-i386-xl-pvshim fail test-amd64-amd64-pygrub pass test-amd64-amd64-xl-qcow2 pass test-armhf-armhf-libvirt-raw pass test-amd64-i386-xl-raw pass test-amd64-amd64-xl-rtds pass test-armhf-armhf-xl-rtds fail test-arm64-arm64-xl-seattle pass test-amd64-amd64-xl-qemuu-debianhvm-amd64-shadow fail test-amd64-i386-xl-qemuu-debianhvm-amd64-shadow fail test-amd64-amd64-xl-shadow pass test-amd64-i386-xl-shadow pass test-arm64-arm64-xl-thunderx pass test-amd64-amd64-libvirt-vhd pass test-armhf-armhf-xl-vhd pass ------------------------------------------------------------ sg-report-flight on osstest.test-lab.xenproject.org logs: /home/logs/logs images: /home/logs/images Logs, config files, etc. are available at http://logs.test-lab.xenproject.org/osstest/logs Explanation of these reports, and of osstest in general, is at http://xenbits.xen.org/gitweb/?p=osstest.git;a=blob;f=README.email;hb=master http://xenbits.xen.org/gitweb/?p=osstest.git;a=blob;f=README;hb=master Test harness code can be found at http://xenbits.xen.org/gitweb?p=osstest.git;a=summary Not pushing. (No revision log; it would be 27597 lines long.)