flight 151754 libvirt real [real] http://logs.test-lab.xenproject.org/osstest/logs/151754/
Regressions :-( Tests which did not succeed and are blocking, including tests which could not be run: test-amd64-amd64-libvirt-pair 22 guest-migrate/src_host/dst_host fail REGR. vs. 151496 test-amd64-i386-libvirt-pair 22 guest-migrate/src_host/dst_host fail REGR. vs. 151496 test-amd64-i386-libvirt-xsm 19 guest-start.2 fail REGR. vs. 151496 Tests which did not succeed, but are not blocking: test-armhf-armhf-libvirt 14 saverestore-support-check fail like 151496 test-armhf-armhf-libvirt-raw 13 saverestore-support-check fail like 151496 test-amd64-amd64-libvirt 13 migrate-support-check fail never pass test-amd64-amd64-libvirt-xsm 13 migrate-support-check fail never pass test-amd64-i386-libvirt 13 migrate-support-check fail never pass test-amd64-i386-libvirt-xsm 13 migrate-support-check fail never pass test-arm64-arm64-libvirt-xsm 13 migrate-support-check fail never pass test-arm64-arm64-libvirt-xsm 14 saverestore-support-check fail never pass test-amd64-amd64-libvirt-qemuu-debianhvm-amd64-xsm 11 migrate-support-check fail never pass test-amd64-i386-libvirt-qemuu-debianhvm-amd64-xsm 11 migrate-support-check fail never pass test-arm64-arm64-libvirt-qcow2 12 migrate-support-check fail never pass test-arm64-arm64-libvirt-qcow2 13 saverestore-support-check fail never pass test-amd64-amd64-libvirt-vhd 12 migrate-support-check fail never pass test-armhf-armhf-libvirt 13 migrate-support-check fail never pass test-armhf-armhf-libvirt-raw 12 migrate-support-check fail never pass test-arm64-arm64-libvirt 13 migrate-support-check fail never pass test-arm64-arm64-libvirt 14 saverestore-support-check fail never pass version targeted for testing: libvirt a4d97f0c199e980bb55d3b659214308c1b371b73 baseline version: libvirt e7998ebeaf15e4e8825be0dd97aa1316f194f00d Last test of basis 151496 2020-07-01 04:23:43 Z 8 days Failing since 151527 2020-07-02 04:29:15 Z 7 days 8 attempts Testing same since 151754 2020-07-09 04:18:51 Z 0 days 1 attempts ------------------------------------------------------------ People who touched revisions under test: Andrea Bolognani <abolo...@redhat.com> Bastien Orivel <bastien.ori...@diateam.net> Daniel Henrique Barboza <danielhb...@gmail.com> Daniel P. Berrangé <berra...@redhat.com> Daniel Veillard <veill...@redhat.com> Erik Skultety <eskul...@redhat.com> Jianan Gao <j...@redhat.com> Laine Stump <la...@redhat.com> Liao Pingfang <liao.pingf...@zte.com.cn> Michal Privoznik <mpriv...@redhat.com> Nicolas Brignone <nmbrign...@gmail.com> Peter Krempa <pkre...@redhat.com> Yanqiu Zhang <yanqz...@redhat.com> jobs: build-amd64-xsm pass build-arm64-xsm pass build-i386-xsm pass build-amd64 pass build-arm64 pass build-armhf pass build-i386 pass build-amd64-libvirt pass build-arm64-libvirt pass build-armhf-libvirt pass build-i386-libvirt pass build-amd64-pvops pass build-arm64-pvops pass build-armhf-pvops pass build-i386-pvops pass test-amd64-amd64-libvirt-qemuu-debianhvm-amd64-xsm pass test-amd64-i386-libvirt-qemuu-debianhvm-amd64-xsm pass test-amd64-amd64-libvirt-xsm pass test-arm64-arm64-libvirt-xsm pass test-amd64-i386-libvirt-xsm fail test-amd64-amd64-libvirt pass test-arm64-arm64-libvirt pass test-armhf-armhf-libvirt pass test-amd64-i386-libvirt pass test-amd64-amd64-libvirt-pair fail test-amd64-i386-libvirt-pair fail test-arm64-arm64-libvirt-qcow2 pass test-armhf-armhf-libvirt-raw pass test-amd64-amd64-libvirt-vhd pass ------------------------------------------------------------ sg-report-flight on osstest.test-lab.xenproject.org logs: /home/logs/logs images: /home/logs/images Logs, config files, etc. are available at http://logs.test-lab.xenproject.org/osstest/logs Explanation of these reports, and of osstest in general, is at http://xenbits.xen.org/gitweb/?p=osstest.git;a=blob;f=README.email;hb=master http://xenbits.xen.org/gitweb/?p=osstest.git;a=blob;f=README;hb=master Test harness code can be found at http://xenbits.xen.org/gitweb?p=osstest.git;a=summary Not pushing. (No revision log; it would be 1394 lines long.)