flight 151200 linux-5.4 real [real]
http://logs.test-lab.xenproject.org/osstest/logs/151200/

Regressions :-(

Tests which did not succeed and are blocking,
including tests which could not be run:
 test-amd64-amd64-libvirt-vhd 17 guest-start/debian.repeat fail REGR. vs. 151022
 test-amd64-amd64-xl-qemut-debianhvm-i386-xsm 10 debian-hvm-install fail REGR. 
vs. 151022

Tests which did not succeed, but are not blocking:
 test-amd64-i386-xl-pvshim    12 guest-start                  fail   never pass
 test-amd64-i386-libvirt-xsm  13 migrate-support-check        fail   never pass
 test-amd64-i386-libvirt      13 migrate-support-check        fail   never pass
 test-arm64-arm64-xl-seattle  13 migrate-support-check        fail   never pass
 test-arm64-arm64-xl-seattle  14 saverestore-support-check    fail   never pass
 test-amd64-amd64-libvirt-xsm 13 migrate-support-check        fail   never pass
 test-amd64-amd64-libvirt     13 migrate-support-check        fail   never pass
 test-amd64-amd64-libvirt-qemuu-debianhvm-amd64-xsm 11 migrate-support-check 
fail never pass
 test-amd64-i386-libvirt-qemuu-debianhvm-amd64-xsm 11 migrate-support-check 
fail never pass
 test-arm64-arm64-xl          13 migrate-support-check        fail   never pass
 test-arm64-arm64-xl          14 saverestore-support-check    fail   never pass
 test-arm64-arm64-xl-credit1  13 migrate-support-check        fail   never pass
 test-arm64-arm64-xl-credit1  14 saverestore-support-check    fail   never pass
 test-arm64-arm64-xl-credit2  13 migrate-support-check        fail   never pass
 test-arm64-arm64-xl-credit2  14 saverestore-support-check    fail   never pass
 test-arm64-arm64-xl-thunderx 13 migrate-support-check        fail   never pass
 test-arm64-arm64-xl-thunderx 14 saverestore-support-check    fail   never pass
 test-arm64-arm64-xl-xsm      13 migrate-support-check        fail   never pass
 test-arm64-arm64-xl-xsm      14 saverestore-support-check    fail   never pass
 test-armhf-armhf-xl-arndale  13 migrate-support-check        fail   never pass
 test-armhf-armhf-xl-arndale  14 saverestore-support-check    fail   never pass
 test-amd64-amd64-libvirt-vhd 12 migrate-support-check        fail   never pass
 test-amd64-amd64-xl-qemuu-win7-amd64 17 guest-stop             fail never pass
 test-amd64-i386-xl-qemuu-win7-amd64 17 guest-stop              fail never pass
 test-amd64-i386-xl-qemut-win7-amd64 17 guest-stop              fail never pass
 test-amd64-amd64-xl-qemut-win7-amd64 17 guest-stop             fail never pass
 test-armhf-armhf-xl-credit2  13 migrate-support-check        fail   never pass
 test-armhf-armhf-xl-credit2  14 saverestore-support-check    fail   never pass
 test-armhf-armhf-xl          13 migrate-support-check        fail   never pass
 test-armhf-armhf-xl          14 saverestore-support-check    fail   never pass
 test-armhf-armhf-xl-credit1  13 migrate-support-check        fail   never pass
 test-armhf-armhf-xl-credit1  14 saverestore-support-check    fail   never pass
 test-armhf-armhf-libvirt     13 migrate-support-check        fail   never pass
 test-armhf-armhf-libvirt     14 saverestore-support-check    fail   never pass
 test-armhf-armhf-xl-cubietruck 13 migrate-support-check        fail never pass
 test-armhf-armhf-xl-cubietruck 14 saverestore-support-check    fail never pass
 test-armhf-armhf-xl-multivcpu 13 migrate-support-check        fail  never pass
 test-armhf-armhf-xl-multivcpu 14 saverestore-support-check    fail  never pass
 test-amd64-amd64-xl-qemuu-ws16-amd64 17 guest-stop             fail never pass
 test-amd64-amd64-xl-qemut-ws16-amd64 17 guest-stop             fail never pass
 test-arm64-arm64-libvirt-xsm 13 migrate-support-check        fail   never pass
 test-arm64-arm64-libvirt-xsm 14 saverestore-support-check    fail   never pass
 test-amd64-i386-xl-qemut-ws16-amd64 17 guest-stop              fail never pass
 test-armhf-armhf-xl-vhd      12 migrate-support-check        fail   never pass
 test-armhf-armhf-xl-vhd      13 saverestore-support-check    fail   never pass
 test-armhf-armhf-xl-rtds     13 migrate-support-check        fail   never pass
 test-armhf-armhf-xl-rtds     14 saverestore-support-check    fail   never pass
 test-armhf-armhf-libvirt-raw 12 migrate-support-check        fail   never pass
 test-armhf-armhf-libvirt-raw 13 saverestore-support-check    fail   never pass
 test-amd64-i386-xl-qemuu-ws16-amd64 17 guest-stop              fail never pass
 test-amd64-amd64-qemuu-nested-amd 17 debian-hvm-install/l1/l2  fail never pass

version targeted for testing:
 linux                fd8cd8ac940c8b45b75474415291a3b941c865ab
baseline version:
 linux                5e3c511539228fa03c8d00d61b5b5f32333ed0b0

Last test of basis   151022  2020-06-10 18:39:22 Z    8 days
Testing same since   151200  2020-06-17 16:10:55 Z    1 days    1 attempts

------------------------------------------------------------
People who touched revisions under test:
  "Eric W. Biederman" <ebied...@xmission.com>
  Alexander Potapenko <gli...@google.com>
  Alexandre Belloni <alexandre.bell...@bootlin.com>
  Alla Segal <al...@mellanox.com>
  Amir Goldstein <amir7...@gmail.com>
  Andi Shyti <andi.sh...@intel.com>
  Andreas Gruenbacher <agrue...@redhat.com>
  Andrew Morton <a...@linux-foundation.org>
  Andrii Nakryiko <andr...@fb.com>
  Anson Huang <anson.hu...@nxp.com>
  Anthony Steinhauser <asteinhau...@google.com>
  Ard Biesheuvel <a...@kernel.org>
  Aristeu Rozanski <a...@redhat.com>
  Arnaldo Carvalho de Melo <a...@redhat.com>
  Arnaud Pouliquen <arnaud.pouliq...@st.com>
  Arnd Bergmann <a...@arndb.de>
  Barret Rhoden <b...@google.com>
  Bartlomiej Zolnierkiewicz <b.zolnier...@samsung.com>
  Bjorn Andersson <bjorn.anders...@linaro.org>
  Bjorn Helgaas <bhelg...@google.com>
  Bob Haarman <inglor...@google.com>
  Boris Ostrovsky <boris.ostrov...@oracle.com>
  Borislav Petkov <b...@suse.de>
  Breno Lima <breno.l...@nxp.com>
  Casey Schaufler <ca...@schaufler-ca.com>
  Chandrakanth Patil <chandrakanth.pa...@broadcom.com>
  Chris Wilson <ch...@chris-wilson.co.uk>
  Christoph Hellwig <h...@lst.de>
  Christophe JAILLET <christophe.jail...@wanadoo.fr>
  Christophe Leroy <christophe.le...@csgroup.eu>
  Chuhong Yuan <hsleste...@gmail.com>
  Cédric Le Goater <c...@kaod.org>
  Daniel Borkmann <dan...@iogearbox.net>
  Daniel Jordan <daniel.m.jor...@oracle.com>
  Dave Rodgman <dave.rodg...@arm.com>
  David Howells <dhowe...@redhat.com>
  David S. Miller <da...@davemloft.net>
  Denis Efremov <efre...@linux.com>
  Dennis Kadioglu <denk@eclipso.email>
  Dick Kennedy <dick.kenn...@broadcom.com>
  Dmitry Torokhov <dmitry.torok...@gmail.com>
  Eiichi Tsukata <eiichi.tsuk...@nutanix.com>
  Eric Biggers <ebigg...@google.com>
  Eric W. Biederman <ebied...@xmission.com>
  Ezequiel Garcia <ezequ...@collabora.com>
  Fabio Estevam <feste...@gmail.com>
  Fangrui Song <mask...@google.com>
  Felipe Franciosi <fel...@nutanix.com>
  Florian Fainelli <f.faine...@gmail.com>
  Franck LENORMAND <franck.lenorm...@nxp.com>
  Fredrik Strupe <fred...@strupe.net>
  Geert Uytterhoeven <geert+rene...@glider.be>
  Giuseppe Scrivano <gscri...@redhat.com>
  Gonglei <arei.gong...@huawei.com>
  Greg Kroah-Hartman <gre...@linuxfoundation.org>
  Guenter Roeck <li...@roeck-us.net>
  Guo Ren <guo...@linux.alibaba.com>
  Hangbin Liu <liuhang...@gmail.com>
  Hans de Goede <hdego...@redhat.com>
  Herbert Xu <herb...@gondor.apana.org.au>
  Hill Ma <maahiuz...@gmail.com>
  Huacai Chen <che...@lemote.com>
  Hui Wang <hui.w...@canonical.com>
  Ido Schimmel <ido...@mellanox.com>
  Ingo Molnar <mi...@kernel.org>
  James Morse <james.mo...@arm.com>
  James Smart <jsmart2...@gmail.com>
  Jan Kara <j...@suse.cz>
  Jason Gunthorpe <j...@mellanox.com>
  Jens Axboe <ax...@kernel.dk>
  Jiri Kosina <jkos...@suse.cz>
  Jue Wang <j...@google.com>
  Juergen Gross <jgr...@suse.com>
  Justin Chen <justinpo...@gmail.com>
  Kai-Heng Feng <kai.heng.f...@canonical.com>
  Kalle Valo <kv...@codeaurora.org>
  Kamal Dasu <kdasu.k...@gmail.com>
  Kan Liang <kan.li...@linux.intel.com>
  Kim Phillips <kim.phill...@amd.com>
  Kirill Shutemov <kir...@shutemov.name>
  Leonard Crestez <leonard.cres...@nxp.com>
  Libor Pechacek <lpecha...@suse.cz>
  Linus Torvalds <torva...@linux-foundation.org>
  Linus Walleij <linus.wall...@linaro.org>
  Longpeng(Mike) <longpe...@huawei.com>
  Lorenzo Pieralisi <lorenzo.pieral...@arm.com>
  Luca Coelho <luciano.coe...@intel.com>
  Ludovic Barre <ludovic.ba...@st.com>
  Ludovic Desroches <ludovic.desroc...@microchip.com>
  Lukas Wunner <lu...@wunner.de>
  Marc Zyngier <m...@kernel.org>
  Marcelo Ricardo Leitner <marcelo.leit...@gmail.com>
  Marcelo Ricardo Leitner <mleit...@redhat.com>
  Maria Teguiani <tegui...@google.com>
  Mark Brown <broo...@kernel.org>
  Martin K. Petersen <martin.peter...@oracle.com>
  Masahiro Yamada <yamada.masah...@socionext.com>
  Masami Hiramatsu <mhira...@kernel.org>
  Masashi Honma <masashi.ho...@gmail.com>
  Matthias Maennich <maenn...@google.com>
  Maxim Mikityanskiy <maxi...@mellanox.com>
  Michael Ellerman <m...@ellerman.id.au>
  Michael Ellerman <m...@ellerman.id.au> (powerpc)
  Michael S. Tsirkin <m...@redhat.com>
  Michał Mirosław <mirq-li...@rere.qmqm.pl>
  Miklos Szeredi <mszer...@redhat.com>
  Namjae Jeon <namjae.j...@samsung.com>
  Nick Desaulniers <ndesaulni...@google.com>
  Nikolay Aleksandrov <niko...@cumulusnetworks.com>
  OGAWA Hirofumi <hirof...@mail.parknet.co.jp>
  Oleg Nesterov <o...@redhat.com>
  Paolo Bonzini <pbonz...@redhat.com>
  Pavel Dobias <dob...@2n.cz>
  Peng Fan <peng....@nxp.com>
  Petar Penkov <ppen...@google.com>
  Peter Zijlstra (Intel) <pet...@infradead.org>
  Peter Zijlstra <pet...@infradead.org>
  Petr Tesarik <ptesa...@suse.com>
  Qian Cai <c...@lca.pw>
  Qiujun Huang <hqjag...@gmail.com>
  Qiushi Wu <wu000...@umn.edu>
  Qiuxu Zhuo <qiuxu.z...@intel.com>
  Rafael J. Wysocki <rafael.j.wyso...@intel.com>
  Rodrigo Siqueira <rodrigosiqueiram...@gmail.com>
  Russell King <rmk+ker...@armlinux.org.uk>
  Ryusuke Konishi <konishi.ryus...@gmail.com>
  Saeed Mahameed <sae...@mellanox.com>
  Sam Ravnborg <s...@ravnborg.org>
  Sasha Levin <sas...@kernel.org>
  Sean Christopherson <sean.j.christopher...@intel.com>
  Sedat Dilek <sedat.di...@gmail.com> # build+boot on
  Serge Semin <sergey.se...@baikalelectronics.ru>
  Shawn Guo <shawn...@kernel.org>
  Shay Drory <sh...@mellanox.com>
  Shuah Khan <sk...@linuxfoundation.org>
  Stanislav Fomichev <s...@google.com>
  Stephan Gerhold <step...@gerhold.net>
  Steve French <stfre...@microsoft.com>
  Suman Anna <s-a...@ti.com>
  Sumit Saxena <sumit.sax...@broadcom.com>
  Takashi Iwai <ti...@suse.de>
  Takashi Sakamoto <o-taka...@sakamocchi.jp>
  Tanner Love <tannerl...@google.com>
  tannerlove <tannerl...@google.com>
  Tero Kristo <t-kri...@ti.com>
  Thomas Falcon <tlfal...@linux.ibm.com>
  Thomas Gleixner <t...@linutronix.de>
  Tony Luck <tony.l...@intel.com>
  Ulf Hansson <ulf.hans...@linaro.org>
  Vadim Pasternak <vad...@mellanox.com>
  Vasily Averin <v...@virtuozzo.com>
  Vasily Gorbik <g...@linux.ibm.com>
  Veerabhadrarao Badiganti <vbadi...@codeaurora.org>
  Viresh Kumar <viresh.ku...@linaro.org>
  Vlad Buslov <vla...@mellanox.com>
  Waiman Long <long...@redhat.com>
  Wang Hai <wangha...@huawei.com>
  Wei Yongjun <weiyongj...@huawei.com>
  Will Deacon <w...@kernel.org>
  Willem de Bruijn <will...@google.com>
  Wim Van Sebroeck <w...@linux-watchdog.org>
  Wolfram Sang <wsa+rene...@sang-engineering.com>
  Xiaochun Lee <lix...@lenovo.com>
  Xin Long <lucien....@gmail.com>
  Xing Li <lix...@loongson.cn>
  youling...@gmail.com
  Yuxuan Shui <yshu...@gmail.com>

jobs:
 build-amd64-xsm                                              pass    
 build-arm64-xsm                                              pass    
 build-i386-xsm                                               pass    
 build-amd64                                                  pass    
 build-arm64                                                  pass    
 build-armhf                                                  pass    
 build-i386                                                   pass    
 build-amd64-libvirt                                          pass    
 build-arm64-libvirt                                          pass    
 build-armhf-libvirt                                          pass    
 build-i386-libvirt                                           pass    
 build-amd64-pvops                                            pass    
 build-arm64-pvops                                            pass    
 build-armhf-pvops                                            pass    
 build-i386-pvops                                             pass    
 test-amd64-amd64-xl                                          pass    
 test-amd64-coresched-amd64-xl                                pass    
 test-arm64-arm64-xl                                          pass    
 test-armhf-armhf-xl                                          pass    
 test-amd64-i386-xl                                           pass    
 test-amd64-coresched-i386-xl                                 pass    
 test-amd64-amd64-libvirt-qemuu-debianhvm-amd64-xsm           pass    
 test-amd64-i386-libvirt-qemuu-debianhvm-amd64-xsm            pass    
 test-amd64-amd64-xl-qemut-stubdom-debianhvm-amd64-xsm        pass    
 test-amd64-i386-xl-qemut-stubdom-debianhvm-amd64-xsm         pass    
 test-amd64-amd64-xl-qemut-debianhvm-i386-xsm                 fail    
 test-amd64-i386-xl-qemut-debianhvm-i386-xsm                  pass    
 test-amd64-amd64-xl-qemuu-debianhvm-i386-xsm                 pass    
 test-amd64-i386-xl-qemuu-debianhvm-i386-xsm                  pass    
 test-amd64-amd64-libvirt-xsm                                 pass    
 test-arm64-arm64-libvirt-xsm                                 pass    
 test-amd64-i386-libvirt-xsm                                  pass    
 test-amd64-amd64-xl-xsm                                      pass    
 test-arm64-arm64-xl-xsm                                      pass    
 test-amd64-i386-xl-xsm                                       pass    
 test-amd64-amd64-qemuu-nested-amd                            fail    
 test-amd64-amd64-xl-pvhv2-amd                                pass    
 test-amd64-i386-qemut-rhel6hvm-amd                           pass    
 test-amd64-i386-qemuu-rhel6hvm-amd                           pass    
 test-amd64-amd64-xl-qemut-debianhvm-amd64                    pass    
 test-amd64-i386-xl-qemut-debianhvm-amd64                     pass    
 test-amd64-amd64-xl-qemuu-debianhvm-amd64                    pass    
 test-amd64-i386-xl-qemuu-debianhvm-amd64                     pass    
 test-amd64-i386-freebsd10-amd64                              pass    
 test-amd64-amd64-xl-qemuu-ovmf-amd64                         pass    
 test-amd64-i386-xl-qemuu-ovmf-amd64                          pass    
 test-amd64-amd64-xl-qemut-win7-amd64                         fail    
 test-amd64-i386-xl-qemut-win7-amd64                          fail    
 test-amd64-amd64-xl-qemuu-win7-amd64                         fail    
 test-amd64-i386-xl-qemuu-win7-amd64                          fail    
 test-amd64-amd64-xl-qemut-ws16-amd64                         fail    
 test-amd64-i386-xl-qemut-ws16-amd64                          fail    
 test-amd64-amd64-xl-qemuu-ws16-amd64                         fail    
 test-amd64-i386-xl-qemuu-ws16-amd64                          fail    
 test-armhf-armhf-xl-arndale                                  pass    
 test-amd64-amd64-xl-credit1                                  pass    
 test-arm64-arm64-xl-credit1                                  pass    
 test-armhf-armhf-xl-credit1                                  pass    
 test-amd64-amd64-xl-credit2                                  pass    
 test-arm64-arm64-xl-credit2                                  pass    
 test-armhf-armhf-xl-credit2                                  pass    
 test-armhf-armhf-xl-cubietruck                               pass    
 test-amd64-amd64-xl-qemuu-dmrestrict-amd64-dmrestrict        pass    
 test-amd64-i386-xl-qemuu-dmrestrict-amd64-dmrestrict         pass    
 test-amd64-amd64-examine                                     pass    
 test-arm64-arm64-examine                                     pass    
 test-armhf-armhf-examine                                     pass    
 test-amd64-i386-examine                                      pass    
 test-amd64-i386-freebsd10-i386                               pass    
 test-amd64-amd64-qemuu-nested-intel                          pass    
 test-amd64-amd64-xl-pvhv2-intel                              pass    
 test-amd64-i386-qemut-rhel6hvm-intel                         pass    
 test-amd64-i386-qemuu-rhel6hvm-intel                         pass    
 test-amd64-amd64-libvirt                                     pass    
 test-armhf-armhf-libvirt                                     pass    
 test-amd64-i386-libvirt                                      pass    
 test-amd64-amd64-xl-multivcpu                                pass    
 test-armhf-armhf-xl-multivcpu                                pass    
 test-amd64-amd64-pair                                        pass    
 test-amd64-i386-pair                                         pass    
 test-amd64-amd64-libvirt-pair                                pass    
 test-amd64-i386-libvirt-pair                                 pass    
 test-amd64-amd64-amd64-pvgrub                                pass    
 test-amd64-amd64-i386-pvgrub                                 pass    
 test-amd64-amd64-xl-pvshim                                   pass    
 test-amd64-i386-xl-pvshim                                    fail    
 test-amd64-amd64-pygrub                                      pass    
 test-amd64-amd64-xl-qcow2                                    pass    
 test-armhf-armhf-libvirt-raw                                 pass    
 test-amd64-i386-xl-raw                                       pass    
 test-amd64-amd64-xl-rtds                                     pass    
 test-armhf-armhf-xl-rtds                                     pass    
 test-arm64-arm64-xl-seattle                                  pass    
 test-amd64-amd64-xl-qemuu-debianhvm-amd64-shadow             pass    
 test-amd64-i386-xl-qemuu-debianhvm-amd64-shadow              pass    
 test-amd64-amd64-xl-shadow                                   pass    
 test-amd64-i386-xl-shadow                                    pass    
 test-arm64-arm64-xl-thunderx                                 pass    
 test-amd64-amd64-libvirt-vhd                                 fail    
 test-armhf-armhf-xl-vhd                                      pass    


------------------------------------------------------------
sg-report-flight on osstest.test-lab.xenproject.org
logs: /home/logs/logs
images: /home/logs/images

Logs, config files, etc. are available at
    http://logs.test-lab.xenproject.org/osstest/logs

Explanation of these reports, and of osstest in general, is at
    http://xenbits.xen.org/gitweb/?p=osstest.git;a=blob;f=README.email;hb=master
    http://xenbits.xen.org/gitweb/?p=osstest.git;a=blob;f=README;hb=master

Test harness code can be found at
    http://xenbits.xen.org/gitweb?p=osstest.git;a=summary


Not pushing.

(No revision log; it would be 4147 lines long.)

Reply via email to