flight 150423 linux-5.4 real [real] http://logs.test-lab.xenproject.org/osstest/logs/150423/
Regressions :-( Tests which did not succeed and are blocking, including tests which could not be run: build-amd64-libvirt 6 libvirt-build fail in 150410 REGR. vs. 150294 Tests which are failing intermittently (not blocking): test-amd64-amd64-examine 4 memdisk-try-append fail pass in 150410 Tests which did not succeed, but are not blocking: test-amd64-amd64-libvirt-qemuu-debianhvm-amd64-xsm 1 build-check(1) blocked in 150410 n/a test-amd64-amd64-libvirt-xsm 1 build-check(1) blocked in 150410 n/a test-amd64-amd64-libvirt-pair 1 build-check(1) blocked in 150410 n/a test-amd64-amd64-libvirt 1 build-check(1) blocked in 150410 n/a test-amd64-amd64-libvirt-vhd 1 build-check(1) blocked in 150410 n/a test-amd64-amd64-xl-rtds 18 guest-localmigrate/x10 fail blocked in 150294 test-amd64-amd64-xl-rtds 15 guest-saverestore fail in 150410 like 150294 test-armhf-armhf-xl-rtds 16 guest-start/debian.repeat fail like 150294 test-amd64-i386-xl-pvshim 12 guest-start fail never pass test-amd64-amd64-libvirt-xsm 13 migrate-support-check fail never pass test-amd64-i386-libvirt 13 migrate-support-check fail never pass test-amd64-i386-libvirt-xsm 13 migrate-support-check fail never pass test-arm64-arm64-xl-seattle 13 migrate-support-check fail never pass test-arm64-arm64-xl-seattle 14 saverestore-support-check fail never pass test-amd64-amd64-libvirt 13 migrate-support-check fail never pass test-amd64-amd64-libvirt-qemuu-debianhvm-amd64-xsm 11 migrate-support-check fail never pass test-amd64-i386-libvirt-qemuu-debianhvm-amd64-xsm 11 migrate-support-check fail never pass test-arm64-arm64-xl-xsm 13 migrate-support-check fail never pass test-arm64-arm64-xl-xsm 14 saverestore-support-check fail never pass test-arm64-arm64-xl 13 migrate-support-check fail never pass test-arm64-arm64-xl 14 saverestore-support-check fail never pass test-amd64-amd64-qemuu-nested-amd 17 debian-hvm-install/l1/l2 fail never pass test-arm64-arm64-libvirt-xsm 13 migrate-support-check fail never pass test-arm64-arm64-libvirt-xsm 14 saverestore-support-check fail never pass test-arm64-arm64-xl-credit2 13 migrate-support-check fail never pass test-arm64-arm64-xl-credit2 14 saverestore-support-check fail never pass test-arm64-arm64-xl-credit1 13 migrate-support-check fail never pass test-arm64-arm64-xl-credit1 14 saverestore-support-check fail never pass test-amd64-amd64-libvirt-vhd 12 migrate-support-check fail never pass test-armhf-armhf-xl-arndale 13 migrate-support-check fail never pass test-armhf-armhf-xl-arndale 14 saverestore-support-check fail never pass test-amd64-amd64-xl-qemuu-win7-amd64 17 guest-stop fail never pass test-amd64-i386-xl-qemuu-win7-amd64 17 guest-stop fail never pass test-amd64-i386-xl-qemut-win7-amd64 17 guest-stop fail never pass test-amd64-amd64-xl-qemut-win7-amd64 17 guest-stop fail never pass test-armhf-armhf-xl-credit1 13 migrate-support-check fail never pass test-armhf-armhf-xl-credit1 14 saverestore-support-check fail never pass test-armhf-armhf-xl-multivcpu 13 migrate-support-check fail never pass test-armhf-armhf-xl-multivcpu 14 saverestore-support-check fail never pass test-armhf-armhf-xl-rtds 13 migrate-support-check fail never pass test-armhf-armhf-xl-rtds 14 saverestore-support-check fail never pass test-armhf-armhf-xl 13 migrate-support-check fail never pass test-armhf-armhf-xl 14 saverestore-support-check fail never pass test-armhf-armhf-libvirt 13 migrate-support-check fail never pass test-armhf-armhf-libvirt 14 saverestore-support-check fail never pass test-armhf-armhf-xl-cubietruck 13 migrate-support-check fail never pass test-armhf-armhf-xl-cubietruck 14 saverestore-support-check fail never pass test-armhf-armhf-xl-credit2 13 migrate-support-check fail never pass test-armhf-armhf-xl-credit2 14 saverestore-support-check fail never pass test-amd64-amd64-xl-qemuu-ws16-amd64 17 guest-stop fail never pass test-amd64-amd64-xl-qemut-ws16-amd64 17 guest-stop fail never pass test-armhf-armhf-libvirt-raw 12 migrate-support-check fail never pass test-armhf-armhf-libvirt-raw 13 saverestore-support-check fail never pass test-armhf-armhf-xl-vhd 12 migrate-support-check fail never pass test-armhf-armhf-xl-vhd 13 saverestore-support-check fail never pass test-amd64-i386-xl-qemut-ws16-amd64 17 guest-stop fail never pass test-amd64-i386-xl-qemuu-ws16-amd64 17 guest-stop fail never pass test-arm64-arm64-xl-thunderx 2 hosts-allocate starved n/a version targeted for testing: linux e0d81ce760044efd3f26004aa32821c34968512a baseline version: linux 1cdaf895c99d319c0007d0b62818cf85fc4b087f Last test of basis 150294 2020-05-21 07:55:33 Z 7 days Testing same since 150410 2020-05-27 16:09:38 Z 1 days 2 attempts ------------------------------------------------------------ People who touched revisions under test: Al Viro <v...@zeniv.linux.org.uk> Alain Volmat <alain.vol...@st.com> Alan Maguire <alan.magu...@oracle.com> Alan Stern <st...@rowland.harvard.edu> Alex Deucher <alexander.deuc...@amd.com> Alexander Monakov <amona...@ispras.ru> Alexander Usyskin <alexander.usys...@intel.com> Alexandru Ardelean <alexandru.ardel...@analog.com> Alexei Starovoitov <a...@kernel.org> Andreas Färber <afaer...@suse.de> Andrew Morton <a...@linux-foundation.org> Andrii Nakryiko <andr...@fb.com> Andy Shevchenko <andriy.shevche...@linux.intel.com> Ard Biesheuvel <a...@kernel.org> Artem Borisov <dedsa2...@gmail.com> Arun Easi <ae...@marvell.com> Aurabindo Pillai <aurabindo.pil...@amd.com> Aymeric Agon-Rambosson <aymeric.a...@yandex.com> Babu Moger <babu.mo...@amd.com> Bin Lu <bin...@arm.com> Bob Peterson <rpete...@redhat.com> Bodo Stroesser <bstroes...@ts.fujitsu.com> Brent Lu <brent...@intel.com> Bryant G. Ly <bryan...@gmail.com> Catalin Marinas <catalin.mari...@arm.com> Chris Chiu <c...@endlessm.com> Chris Wilson <ch...@chris-wilson.co.uk> Christian Borntraeger <borntrae...@de.ibm.com> Christian Gmeiner <christian.gmei...@gmail.com> Christian Lachner <glad...@gmail.com> Christoph Hellwig <h...@lst.de> Christophe JAILLET <christophe.jail...@wanadoo.fr> Colin Xu <colin...@intel.com> Cristian Ciocaltea <cristian.ciocal...@gmail.com> Dan Carpenter <dan.carpen...@oracle.com> Daniel Borkmann <dan...@iogearbox.net> Daniel Drake <dr...@endlessm.com> Daniel Playfair Cal <daniel.playfair....@gmail.com> David Hildenbrand <da...@redhat.com> David Howells <dhowe...@redhat.com> David S. Miller <da...@davemloft.net> Dragos Bogdan <dragos.bog...@analog.com> Eric Biggers <ebigg...@google.com> Ewan D. Milne <emi...@redhat.com> Fabrice Gasnier <fabrice.gasn...@st.com> Frédéric Pierret (fepitre) <frederic.pier...@qubes-os.org> Gavin Shan <gs...@redhat.com> Geert Uytterhoeven <geert+rene...@glider.be> Gerald Schaefer <gerald.schae...@de.ibm.com> Greg Kroah-Hartman <gre...@linuxfoundation.org> Gregory CLEMENT <gregory.clem...@bootlin.com> Hans de Goede <hdego...@redhat.com> Hans Verkuil <hverkuil-ci...@xs4all.nl> Igor Russkikh <irussk...@marvell.com> Ilya Dryomov <idryo...@gmail.com> Ingo Molnar <mi...@kernel.org> Jakub Sitnicki <ja...@cloudflare.com> James Hilliard <james.hillia...@gmail.com> Jian-Hong Pan <jian-h...@endlessm.com> Jiri Kosina <jkos...@suse.cz> Joerg Roedel <jroe...@suse.de> John Hubbard <jhubb...@nvidia.com> John Johansen <john.johan...@canonical.com> Jonathan Cameron <jonathan.came...@huawei.com> Josh Poimboeuf <jpoim...@redhat.com> Juliet Kim <juli...@linux.vnet.ibm.com> Kai Vehmanen <kai.vehma...@linux.intel.com> Kailang Yang <kail...@realtek.com> Kees Cook <keesc...@chromium.org> Keno Fischer <k...@juliacomputing.com> Kevin Hao <haoke...@gmail.com> Klaus Doth <kd...@doth.eu> Krzysztof Struczynski <krzysztof.struczyn...@huawei.com> Lianbo Jiang <liji...@redhat.com> Linus Torvalds <torva...@linux-foundation.org> Loïc Yhuel <loic.yh...@gmail.com> Lucas Stach <l.st...@pengutronix.de> Marco Elver <el...@google.com> Martin K. Petersen <martin.peter...@oracle.com> Masahiro Yamada <masahi...@kernel.org> Masami Hiramatsu <mhira...@kernel.org> Mauro Carvalho Chehab <mche...@kernel.org> Maxim Petrov <mmrmaxim...@gmail.com> Mel Gorman <mgor...@techsingularity.net> Miaohe Lin <linmia...@huawei.com> Michael Ellerman <m...@ellerman.id.au> Michał Mirosław <mirq-li...@rere.qmqm.pl> Mike Pozulp <pozulp.ker...@gmail.com> Mimi Zohar <zo...@linux.ibm.com> Miquel Raynal <miquel.ray...@bootlin.com> Navid Emamdoost <navid.emamdo...@gmail.com> Neil Horman <nhor...@tuxdriver.com> Niklas Schnelle <schne...@linux.ibm.com> Nilesh Javali <njav...@marvell.com> Olivier Moysan <olivier.moy...@st.com> Oscar Carter <oscar.car...@gmx.com> Palmer Dabbelt <palmerdabb...@google.com> Paolo Bonzini <pbonz...@redhat.com> Paul Cercueil <p...@crapouillou.net> PeiSen Hou <ps...@realtek.com> Peter Ujfalusi <peter.ujfal...@ti.com> Peter Xu <pet...@redhat.com> Peter Zijlstra (Intel) <pet...@infradead.org> Peter Zijlstra <a.p.zijls...@chello.nl> Phil Auld <pa...@redhat.com> Philipp Rudo <pr...@linux.ibm.com> Pierre-Louis Bossart <pierre-louis.boss...@linux.intel.com> Qian Cai <c...@lca.pw> Qiushi Wu <wu000...@umn.edu> Quinn Tran <qut...@marvell.com> Rafael J. Wysocki <rafael.j.wyso...@intel.com> Ricardo Ribalda Delgado <riba...@kernel.org> Richard Clark <richard.xnu.cl...@gmail.com> Richard Weinberger <rich...@nod.at> Rick Edgecombe <rick.p.edgeco...@intel.com> Roberto Sassu <roberto.sa...@huawei.com> Rodrigo Vivi <rodrigo.v...@intel.com> Russell Currey <rus...@russell.cc> Sagar Shrikant Kadam <sagar.ka...@sifive.com> Samuel Iglesias Gonsalvez <sigles...@igalia.com> Sascha Hauer <s.ha...@pengutronix.de> Sasha Levin <sas...@kernel.org> Scott Bahling <sbahl...@suse.com> Sebastian Reichel <sebastian.reic...@collabora.com> Shay Agroskin <shay...@amazon.com> Shuah Khan <sk...@linuxfoundation.org> Stefano Garzarella <sgarz...@redhat.com> Steven Rostedt (VMware) <rost...@goodmis.org> Sudeep Holla <sudeep.ho...@arm.com> Takashi Iwai <ti...@suse.de> Thierry Reding <tred...@nvidia.com> Thomas Gleixner <t...@linutronix.de> Tomas Winkler <tomas.wink...@intel.com> Tyrel Datwyler <tyr...@linux.ibm.com> Vasily Gorbik <g...@linux.ibm.com> Vincent Guittot <vincent.guit...@linaro.org> Vinod Koul <vk...@kernel.org> Vladimir Murzin <vladimir.mur...@arm.com> Wei Yongjun <weiyongj...@huawei.com> Will Deacon <w...@kernel.org> Wolfram Sang <w...@kernel.org> Wolfram Sang <w...@the-dreams.de> Wu Bo <wub...@huawei.com> Xin Tan <tanxin....@gmail.com> Xiyu Yang <xiyuyan...@fudan.edu.cn> Yoshiyuki Kurauchi <ahochauwaa...@gmail.com> Zhenyu Wang <zhen...@linux.intel.com> jobs: build-amd64-xsm pass build-arm64-xsm pass build-i386-xsm pass build-amd64 pass build-arm64 pass build-armhf pass build-i386 pass build-amd64-libvirt pass build-arm64-libvirt pass build-armhf-libvirt pass build-i386-libvirt pass build-amd64-pvops pass build-arm64-pvops pass build-armhf-pvops pass build-i386-pvops pass test-amd64-amd64-xl pass test-amd64-coresched-amd64-xl pass test-arm64-arm64-xl pass test-armhf-armhf-xl pass test-amd64-i386-xl pass test-amd64-coresched-i386-xl pass test-amd64-amd64-libvirt-qemuu-debianhvm-amd64-xsm pass test-amd64-i386-libvirt-qemuu-debianhvm-amd64-xsm pass test-amd64-amd64-xl-qemut-stubdom-debianhvm-amd64-xsm pass test-amd64-i386-xl-qemut-stubdom-debianhvm-amd64-xsm pass test-amd64-amd64-xl-qemut-debianhvm-i386-xsm pass test-amd64-i386-xl-qemut-debianhvm-i386-xsm pass test-amd64-amd64-xl-qemuu-debianhvm-i386-xsm pass test-amd64-i386-xl-qemuu-debianhvm-i386-xsm pass test-amd64-amd64-libvirt-xsm pass test-arm64-arm64-libvirt-xsm pass test-amd64-i386-libvirt-xsm pass test-amd64-amd64-xl-xsm pass test-arm64-arm64-xl-xsm pass test-amd64-i386-xl-xsm pass test-amd64-amd64-qemuu-nested-amd fail test-amd64-amd64-xl-pvhv2-amd pass test-amd64-i386-qemut-rhel6hvm-amd pass test-amd64-i386-qemuu-rhel6hvm-amd pass test-amd64-amd64-xl-qemut-debianhvm-amd64 pass test-amd64-i386-xl-qemut-debianhvm-amd64 pass test-amd64-amd64-xl-qemuu-debianhvm-amd64 pass test-amd64-i386-xl-qemuu-debianhvm-amd64 pass test-amd64-i386-freebsd10-amd64 pass test-amd64-amd64-xl-qemuu-ovmf-amd64 pass test-amd64-i386-xl-qemuu-ovmf-amd64 pass test-amd64-amd64-xl-qemut-win7-amd64 fail test-amd64-i386-xl-qemut-win7-amd64 fail test-amd64-amd64-xl-qemuu-win7-amd64 fail test-amd64-i386-xl-qemuu-win7-amd64 fail test-amd64-amd64-xl-qemut-ws16-amd64 fail test-amd64-i386-xl-qemut-ws16-amd64 fail test-amd64-amd64-xl-qemuu-ws16-amd64 fail test-amd64-i386-xl-qemuu-ws16-amd64 fail test-armhf-armhf-xl-arndale pass test-amd64-amd64-xl-credit1 pass test-arm64-arm64-xl-credit1 pass test-armhf-armhf-xl-credit1 pass test-amd64-amd64-xl-credit2 pass test-arm64-arm64-xl-credit2 pass test-armhf-armhf-xl-credit2 pass test-armhf-armhf-xl-cubietruck pass test-amd64-amd64-xl-qemuu-dmrestrict-amd64-dmrestrict pass test-amd64-i386-xl-qemuu-dmrestrict-amd64-dmrestrict pass test-amd64-amd64-examine pass test-arm64-arm64-examine pass test-armhf-armhf-examine pass test-amd64-i386-examine pass test-amd64-i386-freebsd10-i386 pass test-amd64-amd64-qemuu-nested-intel pass test-amd64-amd64-xl-pvhv2-intel pass test-amd64-i386-qemut-rhel6hvm-intel pass test-amd64-i386-qemuu-rhel6hvm-intel pass test-amd64-amd64-libvirt pass test-armhf-armhf-libvirt pass test-amd64-i386-libvirt pass test-amd64-amd64-xl-multivcpu pass test-armhf-armhf-xl-multivcpu pass test-amd64-amd64-pair pass test-amd64-i386-pair pass test-amd64-amd64-libvirt-pair pass test-amd64-i386-libvirt-pair pass test-amd64-amd64-amd64-pvgrub pass test-amd64-amd64-i386-pvgrub pass test-amd64-amd64-xl-pvshim pass test-amd64-i386-xl-pvshim fail test-amd64-amd64-pygrub pass test-amd64-amd64-xl-qcow2 pass test-armhf-armhf-libvirt-raw pass test-amd64-i386-xl-raw pass test-amd64-amd64-xl-rtds fail test-armhf-armhf-xl-rtds fail test-arm64-arm64-xl-seattle pass test-amd64-amd64-xl-qemuu-debianhvm-amd64-shadow pass test-amd64-i386-xl-qemuu-debianhvm-amd64-shadow pass test-amd64-amd64-xl-shadow pass test-amd64-i386-xl-shadow pass test-arm64-arm64-xl-thunderx starved test-amd64-amd64-libvirt-vhd pass test-armhf-armhf-xl-vhd pass ------------------------------------------------------------ sg-report-flight on osstest.test-lab.xenproject.org logs: /home/logs/logs images: /home/logs/images Logs, config files, etc. are available at http://logs.test-lab.xenproject.org/osstest/logs Explanation of these reports, and of osstest in general, is at http://xenbits.xen.org/gitweb/?p=osstest.git;a=blob;f=README.email;hb=master http://xenbits.xen.org/gitweb/?p=osstest.git;a=blob;f=README;hb=master Test harness code can be found at http://xenbits.xen.org/gitweb?p=osstest.git;a=summary Not pushing. (No revision log; it would be 3181 lines long.)