flight 149749 linux-5.4 real [real]
http://logs.test-lab.xenproject.org/osstest/logs/149749/

Failures :-/ but no regressions.

Tests which did not succeed, but are not blocking:
 test-amd64-amd64-xl-rtds     15 guest-saverestore            fail  like 149709
 test-armhf-armhf-xl-rtds     16 guest-start/debian.repeat    fail  like 149728
 test-amd64-i386-xl-pvshim    12 guest-start                  fail   never pass
 test-amd64-amd64-libvirt     13 migrate-support-check        fail   never pass
 test-amd64-i386-libvirt-xsm  13 migrate-support-check        fail   never pass
 test-arm64-arm64-xl-seattle  13 migrate-support-check        fail   never pass
 test-arm64-arm64-xl-seattle  14 saverestore-support-check    fail   never pass
 test-amd64-amd64-libvirt-xsm 13 migrate-support-check        fail   never pass
 test-amd64-i386-libvirt      13 migrate-support-check        fail   never pass
 test-amd64-i386-libvirt-qemuu-debianhvm-amd64-xsm 11 migrate-support-check 
fail never pass
 test-amd64-amd64-libvirt-qemuu-debianhvm-amd64-xsm 11 migrate-support-check 
fail never pass
 test-amd64-amd64-qemuu-nested-amd 17 debian-hvm-install/l1/l2  fail never pass
 test-arm64-arm64-xl-credit1  13 migrate-support-check        fail   never pass
 test-arm64-arm64-xl-credit1  14 saverestore-support-check    fail   never pass
 test-arm64-arm64-xl          13 migrate-support-check        fail   never pass
 test-arm64-arm64-xl          14 saverestore-support-check    fail   never pass
 test-arm64-arm64-libvirt-xsm 13 migrate-support-check        fail   never pass
 test-arm64-arm64-xl-thunderx 13 migrate-support-check        fail   never pass
 test-arm64-arm64-xl-thunderx 14 saverestore-support-check    fail   never pass
 test-arm64-arm64-libvirt-xsm 14 saverestore-support-check    fail   never pass
 test-arm64-arm64-xl-xsm      13 migrate-support-check        fail   never pass
 test-arm64-arm64-xl-xsm      14 saverestore-support-check    fail   never pass
 test-amd64-amd64-libvirt-vhd 12 migrate-support-check        fail   never pass
 test-armhf-armhf-xl-arndale  13 migrate-support-check        fail   never pass
 test-armhf-armhf-xl-arndale  14 saverestore-support-check    fail   never pass
 test-amd64-amd64-xl-qemuu-win7-amd64 17 guest-stop             fail never pass
 test-amd64-i386-xl-qemuu-win7-amd64 17 guest-stop              fail never pass
 test-amd64-i386-xl-qemut-win7-amd64 17 guest-stop              fail never pass
 test-armhf-armhf-xl-multivcpu 13 migrate-support-check        fail  never pass
 test-armhf-armhf-xl-multivcpu 14 saverestore-support-check    fail  never pass
 test-armhf-armhf-xl-credit1  13 migrate-support-check        fail   never pass
 test-armhf-armhf-xl-credit1  14 saverestore-support-check    fail   never pass
 test-armhf-armhf-xl          13 migrate-support-check        fail   never pass
 test-armhf-armhf-xl          14 saverestore-support-check    fail   never pass
 test-armhf-armhf-xl-credit2  13 migrate-support-check        fail   never pass
 test-armhf-armhf-xl-credit2  14 saverestore-support-check    fail   never pass
 test-armhf-armhf-xl-cubietruck 13 migrate-support-check        fail never pass
 test-armhf-armhf-xl-cubietruck 14 saverestore-support-check    fail never pass
 test-amd64-amd64-xl-qemut-win7-amd64 17 guest-stop             fail never pass
 test-armhf-armhf-xl-rtds     13 migrate-support-check        fail   never pass
 test-armhf-armhf-xl-rtds     14 saverestore-support-check    fail   never pass
 test-armhf-armhf-libvirt     13 migrate-support-check        fail   never pass
 test-armhf-armhf-libvirt     14 saverestore-support-check    fail   never pass
 test-amd64-amd64-xl-qemuu-ws16-amd64 17 guest-stop             fail never pass
 test-amd64-amd64-xl-qemut-ws16-amd64 17 guest-stop             fail never pass
 test-armhf-armhf-libvirt-raw 12 migrate-support-check        fail   never pass
 test-armhf-armhf-libvirt-raw 13 saverestore-support-check    fail   never pass
 test-arm64-arm64-xl-credit2  13 migrate-support-check        fail   never pass
 test-arm64-arm64-xl-credit2  14 saverestore-support-check    fail   never pass
 test-amd64-i386-xl-qemut-ws16-amd64 17 guest-stop              fail never pass
 test-armhf-armhf-xl-vhd      12 migrate-support-check        fail   never pass
 test-armhf-armhf-xl-vhd      13 saverestore-support-check    fail   never pass
 test-amd64-i386-xl-qemuu-ws16-amd64 17 guest-stop              fail never pass
 test-amd64-coresched-i386-xl  2 hosts-allocate               starved  n/a
 test-amd64-coresched-amd64-xl  2 hosts-allocate               starved  n/a

version targeted for testing:
 linux                0c418786cb3aa175823f0172d939679df9ab9a54
baseline version:
 linux                6ccc74c083c0d472ac64f3733f5b7bf3f99f261e

Last test of basis   149728  2020-04-22 00:08:28 Z    1 days
Testing same since   149749  2020-04-23 09:09:13 Z    0 days    1 attempts

------------------------------------------------------------
People who touched revisions under test:
  Adrian Huang <ahuan...@lenovo.com>
  Alan Maguire <alan.magu...@oracle.com>
  Alex Deucher <alexander.deuc...@amd.com>
  Alexander Gordeev <agord...@linux.ibm.com>
  Alexandre Belloni <alexandre.bell...@bootlin.com>
  Alexei Starovoitov <a...@kernel.org>
  Alexey Kardashevskiy <a...@ozlabs.ru>
  Andrew Morton <a...@linux-foundation.org>
  Andrii Nakryiko <andr...@fb.com>
  Anton Ivanov <anton.iva...@cambridgegreys.com>
  Aya Levin <a...@mellanox.com>
  Bartlomiej Zolnierkiewicz <b.zolnier...@samsung.com>
  Baruch Siach <bar...@tkos.co.il>
  Ben Skeggs <bske...@redhat.com>
  Björn Töpel <bjorn.to...@intel.com>
  Bob Moore <robert.mo...@intel.com>
  Borislav Petkov <b...@suse.de>
  Chao Yu <yuch...@huawei.com>
  Chen-Yu Tsai <w...@csie.org>
  Christian Borntraeger <borntrae...@de.ibm.com>
  Christian König <christian.koe...@amd.com>
  Christoph Hellwig <h...@lst.de>
  Christophe Kerello <christophe.kere...@st.com>
  Christophe Leroy <christophe.le...@c-s.fr>
  Chuck Lever <chuck.le...@oracle.com>
  cki-proj...@redhat.com
  Claudiu Beznea <claudiu.bez...@microchip.com>
  Dan Carpenter <dan.carpen...@oracle.com>
  Dan Williams <dan.j.willi...@intel.com>
  Daniel Borkmann <dan...@iogearbox.net>
  Darrick J. Wong <darrick.w...@oracle.com>
  David Hildenbrand <da...@redhat.com>
  David Howells <dhowe...@redhat.com>
  David S. Miller <da...@davemloft.net>
  David Sterba <dste...@suse.com>
  Dmitry Osipenko <dig...@gmail.com>
  Domenico Andreoli <domenico.andre...@linux.com>
  Douglas Gilbert <dgilb...@interlog.com>
  Eric Sandeen <sand...@redhat.com>
  Erik Kaneda <erik.kan...@intel.com>
  Florian Fainelli <f.faine...@gmail.com>
  Frank Rowand <frank.row...@sony.com>
  Frieder Schrempf <frieder.schre...@kontron.de>
  Gabriel Krisman Bertazi <kris...@collabora.com>
  Greg Kroah-Hartman <gre...@linuxfoundation.org>
  Gregory CLEMENT <gregory.clem...@bootlin.com>
  Grygorii Strashko <grygorii.stras...@ti.com>
  Guenter Roeck <li...@roeck-us.net>
  Guillaume Champagne <champagne.guillaum...@gmail.com>
  Guo Ren <guo...@linux.alibaba.com>
  Heiko Carstens <heiko.carst...@de.ibm.com>
  Heiko Stuebner <he...@sntech.de>
  Ilya Dryomov <idryo...@gmail.com>
  Jacek Anaszewski <jacek.anaszew...@gmail.com>
  Jack Zhang <jack.zha...@amd.com>
  Jacob Pan <jacob.jun....@linux.intel.com>
  Jaegeuk Kim <jaeg...@kernel.org>
  Jan Kara <j...@suse.cz>
  Jean-Philippe Brucker <jean-phili...@linaro.org>
  Jeffery Miller <jmil...@neverware.com>
  Jens Axboe <ax...@kernel.dk>
  Jernej Skrabec <jernej.skra...@siol.net>
  Jerome Brunet <jbru...@baylibre.com>
  Joerg Roedel <jroe...@suse.de>
  Johan Jonker <jbx6...@gmail.com>
  John Fastabend <john.fastab...@gmail.com>
  Jon Hunter <jonath...@nvidia.com>
  Jonathan Cameron <jonathan.came...@huawei.com>
  Jonathan Corbet <cor...@lwn.net>
  Jonathan Lemon <jonathan.le...@gmail.com>
  Jonathan Neuschäfer <j.neuschae...@gmx.net>
  Josh Poimboeuf <jpoim...@redhat.com>
  Karol Herbst <kher...@redhat.com>
  Kevin Grandemange <kevin.grandema...@allegrodvt.com>
  Kishon Vijay Abraham I <kis...@ti.com>
  KP Singh <kpsi...@google.com>
  Kunihiko Hayashi <hayashi.kunih...@socionext.com>
  Laurentiu Tudor <laurentiu.tu...@nxp.com>
  Li Bin <huawei.li...@huawei.com>
  Li RongQing <lirongq...@baidu.com>
  Linus Torvalds <torva...@linux-foundation.org>
  Liu Yi L <yi.l....@intel.com>
  Long Li <lon...@microsoft.com>
  Lu Baolu <baolu...@linux.intel.com>
  Lucas Stach <l.st...@pengutronix.de>
  Luke Nelson <luke.r.n...@gmail.com>
  Luke Nelson <luken...@cs.washington.edu>
  Madhuparna Bhowmik <madhuparnabhowmi...@gmail.com>
  Magnus Karlsson <magnus.karls...@intel.com>
  Marc Zyngier <m...@kernel.org>
  Marco Elver <el...@google.com>
  Martin Fuzzey <martin.fuzzey@flowbird.group>
  Martin K. Petersen <martin.peter...@oracle.com>
  Maxime Ripard <max...@cerno.tech>
  Maxime Roussin-Bélanger <maxime.roussinbelan...@gmail.com>
  Michael Ellerman <m...@ellerman.id.au>
  Michael Roth <mdr...@linux.vnet.ibm.com>
  Michael Walle <mich...@walle.cc>
  Miquel Raynal <miquel.ray...@bootlin.com>
  Misono Tomohiro <misono.tomoh...@jp.fujitsu.com>
  Murphy Zhou <jencce.ker...@gmail.com>
  Nathan Chancellor <natechancel...@gmail.com>
  Nicolas Saenz Julienne <nsaenzjulie...@suse.de>
  Nirmoy Das <nirmoy....@amd.com>
  Olga Kornievskaia <ko...@netapp.com>
  Olga Kornievskaia <olga.kornievsk...@gmail.com>
  Pablo Neira Ayuso <pa...@netfilter.org>
  Paolo Valente <paolo.vale...@linaro.org>
  Paul E. McKenney <paul...@kernel.org>
  Paul Mackerras <pau...@ozlabs.org>
  Pavel Machek <pa...@ucw.cz>
  Peter Zijlstra (Intel) <pet...@infradead.org>
  Qian Cai <c...@lca.pw>
  Rafael J. Wysocki <rafael.j.wyso...@intel.com>
  Ralph Campbell <rcampb...@nvidia.com>
  Randy Dunlap <rdun...@infradead.org>
  Ricardo Ribalda Delgado <riba...@kernel.org>
  Richard Weinberger <rich...@nod.at>
  Rob Herring <r...@kernel.org>
  Roman Gushchin <g...@fb.com>
  Russell King <rmk+ker...@armlinux.org.uk>
  Saeed Mahameed <sae...@mellanox.com>
  Sahitya Tummala <stumm...@codeaurora.org>
  Sasha Levin <sas...@kernel.org>
  Sebastian Reichel <sebastian.reic...@collabora.com>
  Shawn Guo <shawn...@kernel.org>
  Slava Bacherikov <sl...@bacher09.org>
  Sowjanya Komatineni <skomatin...@nvidia.com>
  Stephen Boyd <sb...@kernel.org>
  Stephen Rothwell <s...@canb.auug.org.au>
  Steve French <stfre...@microsoft.com>
  Steven Price <steven.pr...@arm.com>
  Takashi Iwai <ti...@suse.de>
  Theodore Ts'o <ty...@mit.edu>
  Thierry Reding <tred...@nvidia.com>
  Thomas Richter <tmri...@linux.ibm.com>
  Tianyu Lan <tianyu....@microsoft.com>
  Trond Myklebust <trond.mykleb...@hammerspace.com>
  Vasily Gorbik <g...@linux.ibm.com>
  Vegard Nossum <vegard.nos...@oracle.com>
  Vidya Sagar <vid...@nvidia.com>
  Waiman Long <long...@redhat.com>
  Wei Liu <wei....@kernel.org>
  Wen Yang <weny...@linux.alibaba.com>
  Will Deacon <w...@kernel.org>
  Wim Van Sebroeck <w...@linux-watchdog.org>
  Xi Wang <xi.w...@gmail.com>
  xinhui pan <xinhui....@amd.com>
  Zenghui Yu <yuzeng...@huawei.com>

jobs:
 build-amd64-xsm                                              pass    
 build-arm64-xsm                                              pass    
 build-i386-xsm                                               pass    
 build-amd64                                                  pass    
 build-arm64                                                  pass    
 build-armhf                                                  pass    
 build-i386                                                   pass    
 build-amd64-libvirt                                          pass    
 build-arm64-libvirt                                          pass    
 build-armhf-libvirt                                          pass    
 build-i386-libvirt                                           pass    
 build-amd64-pvops                                            pass    
 build-arm64-pvops                                            pass    
 build-armhf-pvops                                            pass    
 build-i386-pvops                                             pass    
 test-amd64-amd64-xl                                          pass    
 test-amd64-coresched-amd64-xl                                starved 
 test-arm64-arm64-xl                                          pass    
 test-armhf-armhf-xl                                          pass    
 test-amd64-i386-xl                                           pass    
 test-amd64-coresched-i386-xl                                 starved 
 test-amd64-amd64-libvirt-qemuu-debianhvm-amd64-xsm           pass    
 test-amd64-i386-libvirt-qemuu-debianhvm-amd64-xsm            pass    
 test-amd64-amd64-xl-qemut-stubdom-debianhvm-amd64-xsm        pass    
 test-amd64-i386-xl-qemut-stubdom-debianhvm-amd64-xsm         pass    
 test-amd64-amd64-xl-qemut-debianhvm-i386-xsm                 pass    
 test-amd64-i386-xl-qemut-debianhvm-i386-xsm                  pass    
 test-amd64-amd64-xl-qemuu-debianhvm-i386-xsm                 pass    
 test-amd64-i386-xl-qemuu-debianhvm-i386-xsm                  pass    
 test-amd64-amd64-libvirt-xsm                                 pass    
 test-arm64-arm64-libvirt-xsm                                 pass    
 test-amd64-i386-libvirt-xsm                                  pass    
 test-amd64-amd64-xl-xsm                                      pass    
 test-arm64-arm64-xl-xsm                                      pass    
 test-amd64-i386-xl-xsm                                       pass    
 test-amd64-amd64-qemuu-nested-amd                            fail    
 test-amd64-amd64-xl-pvhv2-amd                                pass    
 test-amd64-i386-qemut-rhel6hvm-amd                           pass    
 test-amd64-i386-qemuu-rhel6hvm-amd                           pass    
 test-amd64-amd64-xl-qemut-debianhvm-amd64                    pass    
 test-amd64-i386-xl-qemut-debianhvm-amd64                     pass    
 test-amd64-amd64-xl-qemuu-debianhvm-amd64                    pass    
 test-amd64-i386-xl-qemuu-debianhvm-amd64                     pass    
 test-amd64-i386-freebsd10-amd64                              pass    
 test-amd64-amd64-xl-qemuu-ovmf-amd64                         pass    
 test-amd64-i386-xl-qemuu-ovmf-amd64                          pass    
 test-amd64-amd64-xl-qemut-win7-amd64                         fail    
 test-amd64-i386-xl-qemut-win7-amd64                          fail    
 test-amd64-amd64-xl-qemuu-win7-amd64                         fail    
 test-amd64-i386-xl-qemuu-win7-amd64                          fail    
 test-amd64-amd64-xl-qemut-ws16-amd64                         fail    
 test-amd64-i386-xl-qemut-ws16-amd64                          fail    
 test-amd64-amd64-xl-qemuu-ws16-amd64                         fail    
 test-amd64-i386-xl-qemuu-ws16-amd64                          fail    
 test-armhf-armhf-xl-arndale                                  pass    
 test-amd64-amd64-xl-credit1                                  pass    
 test-arm64-arm64-xl-credit1                                  pass    
 test-armhf-armhf-xl-credit1                                  pass    
 test-amd64-amd64-xl-credit2                                  pass    
 test-arm64-arm64-xl-credit2                                  pass    
 test-armhf-armhf-xl-credit2                                  pass    
 test-armhf-armhf-xl-cubietruck                               pass    
 test-amd64-amd64-xl-qemuu-dmrestrict-amd64-dmrestrict        pass    
 test-amd64-i386-xl-qemuu-dmrestrict-amd64-dmrestrict         pass    
 test-amd64-amd64-examine                                     pass    
 test-arm64-arm64-examine                                     pass    
 test-armhf-armhf-examine                                     pass    
 test-amd64-i386-examine                                      pass    
 test-amd64-i386-freebsd10-i386                               pass    
 test-amd64-amd64-qemuu-nested-intel                          pass    
 test-amd64-amd64-xl-pvhv2-intel                              pass    
 test-amd64-i386-qemut-rhel6hvm-intel                         pass    
 test-amd64-i386-qemuu-rhel6hvm-intel                         pass    
 test-amd64-amd64-libvirt                                     pass    
 test-armhf-armhf-libvirt                                     pass    
 test-amd64-i386-libvirt                                      pass    
 test-amd64-amd64-xl-multivcpu                                pass    
 test-armhf-armhf-xl-multivcpu                                pass    
 test-amd64-amd64-pair                                        pass    
 test-amd64-i386-pair                                         pass    
 test-amd64-amd64-libvirt-pair                                pass    
 test-amd64-i386-libvirt-pair                                 pass    
 test-amd64-amd64-amd64-pvgrub                                pass    
 test-amd64-amd64-i386-pvgrub                                 pass    
 test-amd64-amd64-xl-pvshim                                   pass    
 test-amd64-i386-xl-pvshim                                    fail    
 test-amd64-amd64-pygrub                                      pass    
 test-amd64-amd64-xl-qcow2                                    pass    
 test-armhf-armhf-libvirt-raw                                 pass    
 test-amd64-i386-xl-raw                                       pass    
 test-amd64-amd64-xl-rtds                                     fail    
 test-armhf-armhf-xl-rtds                                     fail    
 test-arm64-arm64-xl-seattle                                  pass    
 test-amd64-amd64-xl-qemuu-debianhvm-amd64-shadow             pass    
 test-amd64-i386-xl-qemuu-debianhvm-amd64-shadow              pass    
 test-amd64-amd64-xl-shadow                                   pass    
 test-amd64-i386-xl-shadow                                    pass    
 test-arm64-arm64-xl-thunderx                                 pass    
 test-amd64-amd64-libvirt-vhd                                 pass    
 test-armhf-armhf-xl-vhd                                      pass    


------------------------------------------------------------
sg-report-flight on osstest.test-lab.xenproject.org
logs: /home/logs/logs
images: /home/logs/images

Logs, config files, etc. are available at
    http://logs.test-lab.xenproject.org/osstest/logs

Explanation of these reports, and of osstest in general, is at
    http://xenbits.xen.org/gitweb/?p=osstest.git;a=blob;f=README.email;hb=master
    http://xenbits.xen.org/gitweb/?p=osstest.git;a=blob;f=README;hb=master

Test harness code can be found at
    http://xenbits.xen.org/gitweb?p=osstest.git;a=summary


Pushing revision :

To xenbits.xen.org:/home/xen/git/linux-pvops.git
   6ccc74c083c0..0c418786cb3a  0c418786cb3aa175823f0172d939679df9ab9a54 -> 
tested/linux-5.4

Reply via email to