flight 146744 xen-unstable-smoke real [real]
http://logs.test-lab.xenproject.org/osstest/logs/146744/

Failures :-/ but no regressions.

Tests which did not succeed, but are not blocking:
 test-amd64-amd64-libvirt     13 migrate-support-check        fail   never pass
 test-arm64-arm64-xl-xsm      13 migrate-support-check        fail   never pass
 test-arm64-arm64-xl-xsm      14 saverestore-support-check    fail   never pass
 test-armhf-armhf-xl          13 migrate-support-check        fail   never pass
 test-armhf-armhf-xl          14 saverestore-support-check    fail   never pass

version targeted for testing:
 xen                  d00377890a3c62e0e925d171b6b839406b6d134d
baseline version:
 xen                  f7fb9a0aa9fbb81292e1626ce40340d3f6d8d505

Last test of basis   146725  2020-02-04 12:00:37 Z    1 days
Testing same since   146744  2020-02-05 12:01:32 Z    0 days    1 attempts

------------------------------------------------------------
People who touched revisions under test:
  Anthony PERARD <anthony.per...@citrix.com>
  Jan Beulich <jbeul...@suse.com>
  Paul Durrant <pdurr...@amazon.com>
  Wei Liu <w...@xen.org>

jobs:
 build-arm64-xsm                                              pass    
 build-amd64                                                  pass    
 build-armhf                                                  pass    
 build-amd64-libvirt                                          pass    
 test-armhf-armhf-xl                                          pass    
 test-arm64-arm64-xl-xsm                                      pass    
 test-amd64-amd64-xl-qemuu-debianhvm-amd64                    pass    
 test-amd64-amd64-libvirt                                     pass    


------------------------------------------------------------
sg-report-flight on osstest.test-lab.xenproject.org
logs: /home/logs/logs
images: /home/logs/images

Logs, config files, etc. are available at
    http://logs.test-lab.xenproject.org/osstest/logs

Explanation of these reports, and of osstest in general, is at
    http://xenbits.xen.org/gitweb/?p=osstest.git;a=blob;f=README.email;hb=master
    http://xenbits.xen.org/gitweb/?p=osstest.git;a=blob;f=README;hb=master

Test harness code can be found at
    http://xenbits.xen.org/gitweb?p=osstest.git;a=summary


Pushing revision :

To xenbits.xen.org:/home/xen/git/xen.git
   f7fb9a0aa9..d00377890a  d00377890a3c62e0e925d171b6b839406b6d134d -> smoke

_______________________________________________
Xen-devel mailing list
Xen-devel@lists.xenproject.org
https://lists.xenproject.org/mailman/listinfo/xen-devel

Reply via email to