flight 146028 ovmf real [real] http://logs.test-lab.xenproject.org/osstest/logs/146028/
Regressions :-( Tests which did not succeed and are blocking, including tests which could not be run: test-amd64-i386-xl-qemuu-ovmf-amd64 10 debian-hvm-install fail REGR. vs. 145767 test-amd64-amd64-xl-qemuu-ovmf-amd64 10 debian-hvm-install fail REGR. vs. 145767 version targeted for testing: ovmf 9d1c9d0379d065ca11bc3354faee2c742e89c005 baseline version: ovmf 70911f1f4aee0366b6122f2b90d367ec0f066beb Last test of basis 145767 2020-01-08 00:39:09 Z 4 days Failing since 145774 2020-01-08 02:50:20 Z 4 days 25 attempts Testing same since 145926 2020-01-10 12:09:33 Z 2 days 13 attempts ------------------------------------------------------------ People who touched revisions under test: Ard Biesheuvel <ard.biesheu...@linaro.org> Ashish Singhal <ashishsin...@nvidia.com> Eric Dong <eric.d...@intel.com> Jason Voelz <jason.vo...@intel.com> Laszlo Ersek <ler...@redhat.com> Pavana.K <pavan...@intel.com> Philippe Mathieu-Daud? <phi...@redhat.com> Philippe Mathieu-Daude <phi...@redhat.com> Siyuan Fu <siyuan...@intel.com> Siyuan, Fu <siyuan...@intel.com> Vitaly Cheptsov <vit9...@protonmail.com> Vitaly Cheptsov via Groups.Io <vit9696=protonmail....@groups.io> jobs: build-amd64-xsm pass build-i386-xsm pass build-amd64 pass build-i386 pass build-amd64-libvirt pass build-i386-libvirt pass build-amd64-pvops pass build-i386-pvops pass test-amd64-amd64-xl-qemuu-ovmf-amd64 fail test-amd64-i386-xl-qemuu-ovmf-amd64 fail ------------------------------------------------------------ sg-report-flight on osstest.test-lab.xenproject.org logs: /home/logs/logs images: /home/logs/images Logs, config files, etc. are available at http://logs.test-lab.xenproject.org/osstest/logs Explanation of these reports, and of osstest in general, is at http://xenbits.xen.org/gitweb/?p=osstest.git;a=blob;f=README.email;hb=master http://xenbits.xen.org/gitweb/?p=osstest.git;a=blob;f=README;hb=master Test harness code can be found at http://xenbits.xen.org/gitweb?p=osstest.git;a=summary Not pushing. (No revision log; it would be 356 lines long.) _______________________________________________ Xen-devel mailing list Xen-devel@lists.xenproject.org https://lists.xenproject.org/mailman/listinfo/xen-devel