flight 145472 qemu-mainline real [real] http://logs.test-lab.xenproject.org/osstest/logs/145472/
Regressions :-( Tests which did not succeed and are blocking, including tests which could not be run: test-amd64-i386-freebsd10-i386 14 guest-saverestore fail REGR. vs. 144861 test-amd64-i386-freebsd10-amd64 14 guest-saverestore fail REGR. vs. 144861 test-amd64-i386-xl-qemuu-debianhvm-amd64 13 guest-saverestore fail REGR. vs. 144861 test-amd64-amd64-xl-qemuu-ovmf-amd64 13 guest-saverestore fail REGR. vs. 144861 test-amd64-i386-libvirt-qemuu-debianhvm-amd64-xsm 13 guest-saverestore fail REGR. vs. 144861 test-amd64-i386-xl-qemuu-debianhvm-amd64-shadow 13 guest-saverestore fail REGR. vs. 144861 test-amd64-amd64-xl-qemuu-debianhvm-amd64 13 guest-saverestore fail REGR. vs. 144861 test-amd64-amd64-libvirt-qemuu-debianhvm-amd64-xsm 13 guest-saverestore fail REGR. vs. 144861 test-amd64-amd64-xl-qemuu-win7-amd64 13 guest-saverestore fail REGR. vs. 144861 test-amd64-i386-xl-qemuu-debianhvm-i386-xsm 13 guest-saverestore fail REGR. vs. 144861 test-amd64-amd64-xl-qemuu-debianhvm-i386-xsm 13 guest-saverestore fail REGR. vs. 144861 test-amd64-amd64-xl-qemuu-debianhvm-amd64-shadow 13 guest-saverestore fail REGR. vs. 144861 test-amd64-i386-xl-qemuu-ovmf-amd64 13 guest-saverestore fail REGR. vs. 144861 test-amd64-i386-xl-qemuu-win7-amd64 13 guest-saverestore fail REGR. vs. 144861 test-amd64-amd64-xl-qemuu-ws16-amd64 13 guest-saverestore fail REGR. vs. 144861 test-amd64-i386-xl-qemuu-ws16-amd64 13 guest-saverestore fail REGR. vs. 144861 Tests which are failing intermittently (not blocking): test-armhf-armhf-xl-rtds 16 guest-start/debian.repeat fail in 145046 pass in 145472 test-amd64-amd64-qemuu-nested-intel 17 debian-hvm-install/l1/l2 fail pass in 145046 Tests which did not succeed, but are not blocking: test-amd64-amd64-xl-rtds 18 guest-localmigrate/x10 fail like 144861 test-armhf-armhf-libvirt 14 saverestore-support-check fail like 144861 test-armhf-armhf-libvirt-raw 13 saverestore-support-check fail like 144861 test-arm64-arm64-xl-seattle 13 migrate-support-check fail never pass test-arm64-arm64-xl-seattle 14 saverestore-support-check fail never pass test-amd64-i386-libvirt-qemuu-debianhvm-amd64-xsm 11 migrate-support-check fail never pass test-amd64-amd64-libvirt 13 migrate-support-check fail never pass test-amd64-amd64-libvirt-xsm 13 migrate-support-check fail never pass test-amd64-i386-libvirt 13 migrate-support-check fail never pass test-amd64-i386-xl-pvshim 12 guest-start fail never pass test-amd64-i386-libvirt-xsm 13 migrate-support-check fail never pass test-amd64-amd64-libvirt-qemuu-debianhvm-amd64-xsm 11 migrate-support-check fail never pass test-amd64-amd64-qemuu-nested-amd 17 debian-hvm-install/l1/l2 fail never pass test-arm64-arm64-xl 13 migrate-support-check fail never pass test-arm64-arm64-xl 14 saverestore-support-check fail never pass test-arm64-arm64-xl-credit1 13 migrate-support-check fail never pass test-arm64-arm64-xl-credit1 14 saverestore-support-check fail never pass test-arm64-arm64-xl-xsm 13 migrate-support-check fail never pass test-arm64-arm64-xl-xsm 14 saverestore-support-check fail never pass test-armhf-armhf-xl-arndale 13 migrate-support-check fail never pass test-armhf-armhf-xl-arndale 14 saverestore-support-check fail never pass test-arm64-arm64-xl-thunderx 13 migrate-support-check fail never pass test-arm64-arm64-xl-thunderx 14 saverestore-support-check fail never pass test-amd64-amd64-libvirt-vhd 12 migrate-support-check fail never pass test-armhf-armhf-xl-credit1 13 migrate-support-check fail never pass test-armhf-armhf-xl-credit1 14 saverestore-support-check fail never pass test-armhf-armhf-xl-multivcpu 13 migrate-support-check fail never pass test-armhf-armhf-xl-multivcpu 14 saverestore-support-check fail never pass test-armhf-armhf-xl-credit2 13 migrate-support-check fail never pass test-armhf-armhf-xl-credit2 14 saverestore-support-check fail never pass test-armhf-armhf-libvirt 13 migrate-support-check fail never pass test-armhf-armhf-xl-rtds 13 migrate-support-check fail never pass test-armhf-armhf-xl-rtds 14 saverestore-support-check fail never pass test-armhf-armhf-xl-cubietruck 13 migrate-support-check fail never pass test-armhf-armhf-xl-cubietruck 14 saverestore-support-check fail never pass test-arm64-arm64-xl-credit2 13 migrate-support-check fail never pass test-arm64-arm64-xl-credit2 14 saverestore-support-check fail never pass test-arm64-arm64-libvirt-xsm 13 migrate-support-check fail never pass test-arm64-arm64-libvirt-xsm 14 saverestore-support-check fail never pass test-armhf-armhf-libvirt-raw 12 migrate-support-check fail never pass test-armhf-armhf-xl-vhd 12 migrate-support-check fail never pass test-armhf-armhf-xl-vhd 13 saverestore-support-check fail never pass test-armhf-armhf-xl 13 migrate-support-check fail never pass test-armhf-armhf-xl 14 saverestore-support-check fail never pass version targeted for testing: qemuu dd5b0f95490883cd8bc7d070db8de70d5c979cbc baseline version: qemuu 7697ac55fcc6178fd8fd8aa22baed13a0c8ca942 Last test of basis 144861 2019-12-16 13:06:24 Z 16 days Failing since 144880 2019-12-16 20:07:08 Z 16 days 37 attempts Testing same since 145046 2019-12-20 22:07:49 Z 12 days 29 attempts ------------------------------------------------------------ People who touched revisions under test: Aleksandar Markovic <amarko...@wavecomp.com> Alex Bennée <alex.ben...@linaro.org> Alexey Kardashevskiy <a...@ozlabs.ru> Aurelien Jarno <aurel...@aurel32.net> Beata Michalska <beata.michal...@linaro.org> Cameron Esfahani <di...@apple.com> Cathy Zhang <cathy.zh...@intel.com> Christian Borntraeger <borntrae...@de.ibm.com> Christophe Lyon <christophe.l...@linaro.org> Cleber Rosa <cr...@redhat.com> Cole Robinson <crobi...@redhat.com> Corey Minyard <cminy...@mvista.com> Cornelia Huck <coh...@redhat.com> Cornelia Huck <coh...@redhat.com> #s390x Cédric Le Goater <c...@fr.ibm.com> Cédric Le Goater <c...@kaod.org> Daniel P. Berrangé <berra...@redhat.com> David Gibson <da...@gibson.dropbear.id.au> Dr. David Alan Gilbert <dgilb...@redhat.com> Eduardo Habkost <ehabk...@redhat.com> Eiichi Tsukata <de...@etsukata.com> Filip Bozuta <filip.boz...@rt-rk.com> Greg Kurz <gr...@kaod.org> Halil Pasic <pa...@linux.ibm.com> Han Han <h...@redhat.com> Heyi Guo <guoh...@huawei.com> Jae Hyun Yoo <jae.hyun....@linux.intel.com> Janosch Frank <fran...@linux.ibm.com> Joel Stanley <j...@jms.id.au> Juan Quintela <quint...@redhat.com> Laurent Vivier <laur...@vivier.eu> Laurent Vivier <lviv...@redhat.com> Marc Zyngier <m...@kernel.org> Marc-André Lureau <marcandre.lur...@redhat.com> Markus Armbruster <arm...@redhat.com> Niek Linnenbank <nieklinnenb...@gmail.com> PanNengyuan <pannengy...@huawei.com> Paolo Bonzini <pbonz...@redhat.com> Paul Durrant <p...@xen.org> Peter Maydell <peter.mayd...@linaro.org> Philippe Mathieu-Daudé <f4...@amsat.org> Philippe Mathieu-Daudé <phi...@redhat.com> Richard Henderson <richard.hender...@linaro.org> Robert Foley <robert.fo...@linaro.org> Samuel Thibault <samuel.thiba...@ens-lyon.org> Stefan Weil <s...@weilnetz.de> Sunil Muthuswamy <sunil...@microsoft.com> Suraj Jitindar Singh <sjitindarsi...@gmail.com> Thomas Huth <th...@redhat.com> Vladimir Sementsov-Ogievskiy <vsement...@virtuozzo.com> Wainer dos Santos Moschetta <waine...@redhat.com> Wei Yang <richardw.y...@linux.intel.com> Willian Rampazzo <wramp...@redhat.com> Yury Kotov <yury-ko...@yandex-team.ru> jobs: build-amd64-xsm pass build-arm64-xsm pass build-i386-xsm pass build-amd64 pass build-arm64 pass build-armhf pass build-i386 pass build-amd64-libvirt pass build-arm64-libvirt pass build-armhf-libvirt pass build-i386-libvirt pass build-amd64-pvops pass build-arm64-pvops pass build-armhf-pvops pass build-i386-pvops pass test-amd64-amd64-xl pass test-arm64-arm64-xl pass test-armhf-armhf-xl pass test-amd64-i386-xl pass test-amd64-amd64-libvirt-qemuu-debianhvm-amd64-xsm fail test-amd64-i386-libvirt-qemuu-debianhvm-amd64-xsm fail test-amd64-amd64-xl-qemuu-debianhvm-i386-xsm fail test-amd64-i386-xl-qemuu-debianhvm-i386-xsm fail test-amd64-amd64-libvirt-xsm pass test-arm64-arm64-libvirt-xsm pass test-amd64-i386-libvirt-xsm pass test-amd64-amd64-xl-xsm pass test-arm64-arm64-xl-xsm pass test-amd64-i386-xl-xsm pass test-amd64-amd64-qemuu-nested-amd fail test-amd64-amd64-xl-pvhv2-amd pass test-amd64-i386-qemuu-rhel6hvm-amd pass test-amd64-amd64-xl-qemuu-debianhvm-amd64 fail test-amd64-i386-xl-qemuu-debianhvm-amd64 fail test-amd64-i386-freebsd10-amd64 fail test-amd64-amd64-xl-qemuu-ovmf-amd64 fail test-amd64-i386-xl-qemuu-ovmf-amd64 fail test-amd64-amd64-xl-qemuu-win7-amd64 fail test-amd64-i386-xl-qemuu-win7-amd64 fail test-amd64-amd64-xl-qemuu-ws16-amd64 fail test-amd64-i386-xl-qemuu-ws16-amd64 fail test-armhf-armhf-xl-arndale pass test-amd64-amd64-xl-credit1 pass test-arm64-arm64-xl-credit1 pass test-armhf-armhf-xl-credit1 pass test-amd64-amd64-xl-credit2 pass test-arm64-arm64-xl-credit2 pass test-armhf-armhf-xl-credit2 pass test-armhf-armhf-xl-cubietruck pass test-amd64-amd64-xl-qemuu-dmrestrict-amd64-dmrestrict pass test-amd64-i386-xl-qemuu-dmrestrict-amd64-dmrestrict pass test-amd64-i386-freebsd10-i386 fail test-amd64-amd64-qemuu-nested-intel fail test-amd64-amd64-xl-pvhv2-intel pass test-amd64-i386-qemuu-rhel6hvm-intel pass test-amd64-amd64-libvirt pass test-armhf-armhf-libvirt pass test-amd64-i386-libvirt pass test-amd64-amd64-xl-multivcpu pass test-armhf-armhf-xl-multivcpu pass test-amd64-amd64-pair pass test-amd64-i386-pair pass test-amd64-amd64-libvirt-pair pass test-amd64-i386-libvirt-pair pass test-amd64-amd64-amd64-pvgrub pass test-amd64-amd64-i386-pvgrub pass test-amd64-amd64-xl-pvshim pass test-amd64-i386-xl-pvshim fail test-amd64-amd64-pygrub pass test-amd64-amd64-xl-qcow2 pass test-armhf-armhf-libvirt-raw pass test-amd64-i386-xl-raw pass test-amd64-amd64-xl-rtds fail test-armhf-armhf-xl-rtds pass test-arm64-arm64-xl-seattle pass test-amd64-amd64-xl-qemuu-debianhvm-amd64-shadow fail test-amd64-i386-xl-qemuu-debianhvm-amd64-shadow fail test-amd64-amd64-xl-shadow pass test-amd64-i386-xl-shadow pass test-arm64-arm64-xl-thunderx pass test-amd64-amd64-libvirt-vhd pass test-armhf-armhf-xl-vhd pass ------------------------------------------------------------ sg-report-flight on osstest.test-lab.xenproject.org logs: /home/logs/logs images: /home/logs/images Logs, config files, etc. are available at http://logs.test-lab.xenproject.org/osstest/logs Explanation of these reports, and of osstest in general, is at http://xenbits.xen.org/gitweb/?p=osstest.git;a=blob;f=README.email;hb=master http://xenbits.xen.org/gitweb/?p=osstest.git;a=blob;f=README;hb=master Test harness code can be found at http://xenbits.xen.org/gitweb?p=osstest.git;a=summary Not pushing. (No revision log; it would be 5855 lines long.) _______________________________________________ Xen-devel mailing list Xen-devel@lists.xenproject.org https://lists.xenproject.org/mailman/listinfo/xen-devel