flight 143753 qemu-mainline real [real] http://logs.test-lab.xenproject.org/osstest/logs/143753/
Regressions :-( Tests which did not succeed and are blocking, including tests which could not be run: test-amd64-amd64-xl-pvshim 18 guest-localmigrate/x10 fail REGR. vs. 142915 test-amd64-amd64-xl-qcow2 19 guest-start/debian.repeat fail REGR. vs. 142915 test-amd64-i386-xl-raw 19 guest-start/debian.repeat fail REGR. vs. 142915 test-amd64-amd64-libvirt-vhd 17 guest-start/debian.repeat fail REGR. vs. 142915 test-armhf-armhf-libvirt-raw 15 guest-start/debian.repeat fail REGR. vs. 142915 test-armhf-armhf-xl-vhd 15 guest-start/debian.repeat fail REGR. vs. 142915 Regressions which are regarded as allowable (not blocking): test-amd64-amd64-xl-rtds 16 guest-localmigrate fail REGR. vs. 142915 Tests which did not succeed, but are not blocking: test-armhf-armhf-xl-rtds 16 guest-start/debian.repeat fail blocked in 142915 test-amd64-amd64-xl-qemuu-win7-amd64 17 guest-stop fail like 142915 test-armhf-armhf-libvirt 14 saverestore-support-check fail like 142915 test-amd64-i386-xl-qemuu-win7-amd64 17 guest-stop fail like 142915 test-armhf-armhf-libvirt-raw 13 saverestore-support-check fail like 142915 test-amd64-amd64-xl-qemuu-ws16-amd64 17 guest-stop fail like 142915 test-amd64-i386-xl-pvshim 12 guest-start fail never pass test-amd64-amd64-libvirt-xsm 13 migrate-support-check fail never pass test-amd64-amd64-libvirt 13 migrate-support-check fail never pass test-arm64-arm64-xl-seattle 13 migrate-support-check fail never pass test-arm64-arm64-xl-seattle 14 saverestore-support-check fail never pass test-amd64-i386-libvirt 13 migrate-support-check fail never pass test-amd64-i386-libvirt-xsm 13 migrate-support-check fail never pass test-amd64-i386-libvirt-qemuu-debianhvm-amd64-xsm 11 migrate-support-check fail never pass test-amd64-amd64-libvirt-qemuu-debianhvm-amd64-xsm 11 migrate-support-check fail never pass test-amd64-amd64-qemuu-nested-amd 17 debian-hvm-install/l1/l2 fail never pass test-arm64-arm64-xl-credit2 13 migrate-support-check fail never pass test-arm64-arm64-xl-credit2 14 saverestore-support-check fail never pass test-arm64-arm64-xl 13 migrate-support-check fail never pass test-arm64-arm64-xl 14 saverestore-support-check fail never pass test-arm64-arm64-libvirt-xsm 13 migrate-support-check fail never pass test-arm64-arm64-xl-thunderx 13 migrate-support-check fail never pass test-arm64-arm64-libvirt-xsm 14 saverestore-support-check fail never pass test-arm64-arm64-xl-thunderx 14 saverestore-support-check fail never pass test-amd64-amd64-libvirt-vhd 12 migrate-support-check fail never pass test-armhf-armhf-xl-arndale 13 migrate-support-check fail never pass test-armhf-armhf-xl-arndale 14 saverestore-support-check fail never pass test-armhf-armhf-xl-rtds 13 migrate-support-check fail never pass test-armhf-armhf-xl-rtds 14 saverestore-support-check fail never pass test-armhf-armhf-xl-multivcpu 13 migrate-support-check fail never pass test-armhf-armhf-xl-multivcpu 14 saverestore-support-check fail never pass test-armhf-armhf-xl-credit2 13 migrate-support-check fail never pass test-armhf-armhf-xl-credit2 14 saverestore-support-check fail never pass test-armhf-armhf-libvirt 13 migrate-support-check fail never pass test-armhf-armhf-xl-cubietruck 13 migrate-support-check fail never pass test-armhf-armhf-xl-cubietruck 14 saverestore-support-check fail never pass test-arm64-arm64-xl-xsm 13 migrate-support-check fail never pass test-arm64-arm64-xl-xsm 14 saverestore-support-check fail never pass test-arm64-arm64-xl-credit1 13 migrate-support-check fail never pass test-arm64-arm64-xl-credit1 14 saverestore-support-check fail never pass test-armhf-armhf-libvirt-raw 12 migrate-support-check fail never pass test-armhf-armhf-xl 13 migrate-support-check fail never pass test-armhf-armhf-xl 14 saverestore-support-check fail never pass test-armhf-armhf-xl-vhd 12 migrate-support-check fail never pass test-armhf-armhf-xl-vhd 13 saverestore-support-check fail never pass test-armhf-armhf-xl-credit1 13 migrate-support-check fail never pass test-armhf-armhf-xl-credit1 14 saverestore-support-check fail never pass test-amd64-i386-xl-qemuu-ws16-amd64 17 guest-stop fail never pass test-amd64-i386-xl-qemuu-win10-i386 10 windows-install fail never pass test-amd64-amd64-xl-qemuu-win10-i386 10 windows-install fail never pass version targeted for testing: qemuu 36609b4fa36f0ac934874371874416f7533a5408 baseline version: qemuu e9d42461920f6f40f4d847a5ba18e90d095ed0b9 Last test of basis 142915 2019-10-19 14:49:41 Z 19 days Failing since 143030 2019-10-22 11:08:39 Z 16 days 13 attempts Testing same since 143753 2019-11-04 19:09:33 Z 2 days 1 attempts ------------------------------------------------------------ People who touched revisions under test: Aleksandar Markovic <amarko...@wavecomp.com> Alex Bennée <alex.ben...@linaro.org> Alex Williamson <alex.william...@redhat.com> Alexander Shopov <a...@kambanaria.org> Alexey Kardashevskiy <a...@ozlabs.ru> Alistair Francis <alistair.fran...@wdc.com> Andreas Schwab <sch...@suse.de> Andrew Jones <drjo...@redhat.com> Andrey Smirnov <andrew.smir...@gmail.com> Artyom Tarasenko <atar4q...@gmail.com> Bin Meng <bmeng...@gmail.com> Christophe Lyon <christophe.l...@linaro.org> Cleber Rosa <cr...@redhat.com> Clement Deschamps <clement.descha...@greensocs.com> Cornelia Huck <coh...@redhat.com> Cédric Le Goater <c...@kaod.org> Daniel P. Berrangé <berra...@redhat.com> David Gibson <da...@gibson.dropbear.id.au> David Hildenbrand <da...@redhat.com> Dayeol Lee <day...@berkeley.edu> Dietmar Maurer <diet...@proxmox.com> Dr. David Alan Gilbert <dgilb...@redhat.com> Edgar E. Iglesias <edgar.igles...@xilinx.com> Eduardo Habkost <ehabk...@redhat.com> Emanuele Giuseppe Esposito <e.emanuelegiuse...@gmail.com> Emilio G. Cota <c...@braap.org> Eric Blake <ebl...@redhat.com> Eugenio Pérez <epere...@redhat.com> Fan Yang <fan_y...@sjtu.edu.cn> Filip Bozuta <filip.boz...@rt-rk.com> Frediano Ziglio <fzig...@redhat.com> Giuseppe Musacchio <thatle...@gmail.com> Greg Kurz <gr...@kaod.org> Guenter Roeck <li...@roeck-us.net> Guido Günther <a...@sigxcpu.org> Han Han <h...@redhat.com> Hervé Poussineau <hpous...@reactos.org> Igor Mammedov <imamm...@redhat.com> Jason Wang <jasow...@redhat.com> Jens Freimann <jfreim...@redhat.com> Jingqi Liu <jingqi....@intel.com> John Snow <js...@redhat.com> Jonathan Behrens <jonat...@fintelia.io> Julia Suvorova <jus...@redhat.com> Kevin Wolf <kw...@redhat.com> Laurent Desnogues <laurent.desnog...@gmail.com> Laurent Vivier <laur...@vivier.eu> Laurent Vivier <lviv...@redhat.com> Lluís Vilanova <vilan...@ac.upc.edu> Mao Zhongyi <maozhon...@cmss.chinamobile.com> Marcelo Tosatti <mtosa...@redhat.com> Mario Smarduch <msmard...@digitalocean.com> Mark Cave-Ayland <mark.cave-ayl...@ilande.co.uk> Markus Armbruster <arm...@redhat.com> Masayoshi Mizuma <m.miz...@jp.fujitsu.com> Matus Kysel <mky...@tachyum.com> Max Filippov <jcmvb...@gmail.com> Max Reitz <mre...@redhat.com> Maxim Levitsky <mlevi...@redhat.com> Michael S. Tsirkin <m...@redhat.com> Michael Weiser <michael.wei...@gmx.de> Mikhail Sennikovsky <mikhail.sennikovs...@cloud.ionos.com> Palmer Dabbelt <pal...@dabbelt.com> Palmer Dabbelt <pal...@sifive.com> Paolo Bonzini <pbonz...@redhat.com> Paul A. Clarke <p...@us.ibm.com> Pavel Dovgalyuk <pavel.dovga...@gmail.com> Pavel Dovgalyuk <pavel.dovga...@ispras.ru> Peter Krempa <pkre...@redhat.com> Peter Maydell <peter.mayd...@linaro.org> Philippe Mathieu-Daudé <f4...@amsat.org> Philippe Mathieu-Daudé <phi...@redhat.com> Richard Henderson <richard.hender...@linaro.org> Sam Eiderman <sam...@google.com> Sam Eiderman <shmuel.eider...@oracle.com> Sergio Lopez <s...@redhat.com> Shu-Chun Weng <s...@google.com> Stefan Brankovic <stefan.branko...@rt-rk.com> Stefan Hajnoczi <stefa...@redhat.com> Stefan Weil <s...@weilnetz.de> Stefano Garzarella <sgarz...@redhat.com> Sven Schnelle <sv...@stackframe.org> Tao Xu <tao3...@intel.com> Thomas Huth <h...@tuxfamily.org> Thomas Huth <th...@redhat.com> Vitaly Kuznetsov <vkuzn...@redhat.com> Vladimir Sementsov-Ogievskiy <vsement...@virtuozzo.com> Wei Xu <w...@redhat.com> Wei Yang <richardw.y...@linux.intel.com> jobs: build-amd64-xsm pass build-arm64-xsm pass build-i386-xsm pass build-amd64 pass build-arm64 pass build-armhf pass build-i386 pass build-amd64-libvirt pass build-arm64-libvirt pass build-armhf-libvirt pass build-i386-libvirt pass build-amd64-pvops pass build-arm64-pvops pass build-armhf-pvops pass build-i386-pvops pass test-amd64-amd64-xl pass test-arm64-arm64-xl pass test-armhf-armhf-xl pass test-amd64-i386-xl pass test-amd64-amd64-libvirt-qemuu-debianhvm-amd64-xsm pass test-amd64-i386-libvirt-qemuu-debianhvm-amd64-xsm pass test-amd64-amd64-xl-qemuu-debianhvm-i386-xsm pass test-amd64-i386-xl-qemuu-debianhvm-i386-xsm pass test-amd64-amd64-libvirt-xsm pass test-arm64-arm64-libvirt-xsm pass test-amd64-i386-libvirt-xsm pass test-amd64-amd64-xl-xsm pass test-arm64-arm64-xl-xsm pass test-amd64-i386-xl-xsm pass test-amd64-amd64-qemuu-nested-amd fail test-amd64-amd64-xl-pvhv2-amd pass test-amd64-i386-qemuu-rhel6hvm-amd pass test-amd64-amd64-xl-qemuu-debianhvm-amd64 pass test-amd64-i386-xl-qemuu-debianhvm-amd64 pass test-amd64-i386-freebsd10-amd64 pass test-amd64-amd64-xl-qemuu-ovmf-amd64 pass test-amd64-i386-xl-qemuu-ovmf-amd64 pass test-amd64-amd64-xl-qemuu-win7-amd64 fail test-amd64-i386-xl-qemuu-win7-amd64 fail test-amd64-amd64-xl-qemuu-ws16-amd64 fail test-amd64-i386-xl-qemuu-ws16-amd64 fail test-armhf-armhf-xl-arndale pass test-amd64-amd64-xl-credit1 pass test-arm64-arm64-xl-credit1 pass test-armhf-armhf-xl-credit1 pass test-amd64-amd64-xl-credit2 pass test-arm64-arm64-xl-credit2 pass test-armhf-armhf-xl-credit2 pass test-armhf-armhf-xl-cubietruck pass test-amd64-amd64-xl-qemuu-dmrestrict-amd64-dmrestrict pass test-amd64-i386-xl-qemuu-dmrestrict-amd64-dmrestrict pass test-amd64-i386-freebsd10-i386 pass test-amd64-amd64-xl-qemuu-win10-i386 fail test-amd64-i386-xl-qemuu-win10-i386 fail test-amd64-amd64-qemuu-nested-intel pass test-amd64-amd64-xl-pvhv2-intel pass test-amd64-i386-qemuu-rhel6hvm-intel pass test-amd64-amd64-libvirt pass test-armhf-armhf-libvirt pass test-amd64-i386-libvirt pass test-amd64-amd64-xl-multivcpu pass test-armhf-armhf-xl-multivcpu pass test-amd64-amd64-pair pass test-amd64-i386-pair pass test-amd64-amd64-libvirt-pair pass test-amd64-i386-libvirt-pair pass test-amd64-amd64-amd64-pvgrub pass test-amd64-amd64-i386-pvgrub pass test-amd64-amd64-xl-pvshim fail test-amd64-i386-xl-pvshim fail test-amd64-amd64-pygrub pass test-amd64-amd64-xl-qcow2 fail test-armhf-armhf-libvirt-raw fail test-amd64-i386-xl-raw fail test-amd64-amd64-xl-rtds fail test-armhf-armhf-xl-rtds fail test-arm64-arm64-xl-seattle pass test-amd64-amd64-xl-qemuu-debianhvm-amd64-shadow pass test-amd64-i386-xl-qemuu-debianhvm-amd64-shadow pass test-amd64-amd64-xl-shadow pass test-amd64-i386-xl-shadow pass test-arm64-arm64-xl-thunderx pass test-amd64-amd64-libvirt-vhd fail test-armhf-armhf-xl-vhd fail ------------------------------------------------------------ sg-report-flight on osstest.test-lab.xenproject.org logs: /home/logs/logs images: /home/logs/images Logs, config files, etc. are available at http://logs.test-lab.xenproject.org/osstest/logs Explanation of these reports, and of osstest in general, is at http://xenbits.xen.org/gitweb/?p=osstest.git;a=blob;f=README.email;hb=master http://xenbits.xen.org/gitweb/?p=osstest.git;a=blob;f=README;hb=master Test harness code can be found at http://xenbits.xen.org/gitweb?p=osstest.git;a=summary Not pushing. (No revision log; it would be 10071 lines long.) _______________________________________________ Xen-devel mailing list Xen-devel@lists.xenproject.org https://lists.xenproject.org/mailman/listinfo/xen-devel