flight 142748 xen-unstable-smoke real [real] http://logs.test-lab.xenproject.org/osstest/logs/142748/
Failures :-/ but no regressions. Tests which did not succeed, but are not blocking: test-amd64-amd64-libvirt 13 migrate-support-check fail never pass test-arm64-arm64-xl-xsm 13 migrate-support-check fail never pass test-arm64-arm64-xl-xsm 14 saverestore-support-check fail never pass test-armhf-armhf-xl 13 migrate-support-check fail never pass test-armhf-armhf-xl 14 saverestore-support-check fail never pass version targeted for testing: xen 55ab292c42db41b05cfdba012680bf1e0ea02f7a baseline version: xen 518c935fac4d30b3ec35d4b6add82b17b7d7aca3 Last test of basis 142742 2019-10-14 11:01:21 Z 0 days Testing same since 142748 2019-10-14 14:14:24 Z 0 days 1 attempts ------------------------------------------------------------ People who touched revisions under test: Andrew Cooper <andrew.coop...@citrix.com> Daniel De Graaf <dgde...@tycho.nsa.gov> Jan Beulich <jbeul...@suse.com> Olaf Hering <o...@aepfle.de> jobs: build-arm64-xsm pass build-amd64 pass build-armhf pass build-amd64-libvirt pass test-armhf-armhf-xl pass test-arm64-arm64-xl-xsm pass test-amd64-amd64-xl-qemuu-debianhvm-amd64 pass test-amd64-amd64-libvirt pass ------------------------------------------------------------ sg-report-flight on osstest.test-lab.xenproject.org logs: /home/logs/logs images: /home/logs/images Logs, config files, etc. are available at http://logs.test-lab.xenproject.org/osstest/logs Explanation of these reports, and of osstest in general, is at http://xenbits.xen.org/gitweb/?p=osstest.git;a=blob;f=README.email;hb=master http://xenbits.xen.org/gitweb/?p=osstest.git;a=blob;f=README;hb=master Test harness code can be found at http://xenbits.xen.org/gitweb?p=osstest.git;a=summary Pushing revision : To xenbits.xen.org:/home/xen/git/xen.git 518c935fac..55ab292c42 55ab292c42db41b05cfdba012680bf1e0ea02f7a -> smoke _______________________________________________ Xen-devel mailing list Xen-devel@lists.xenproject.org https://lists.xenproject.org/mailman/listinfo/xen-devel