flight 142739 freebsd-master real [real] http://logs.test-lab.xenproject.org/osstest/logs/142739/
Regressions :-( Tests which did not succeed and are blocking, including tests which could not be run: build-amd64-freebsd 7 freebsd-build fail REGR. vs. 141501 Tests which did not succeed, but are not blocking: build-amd64-freebsd-again 1 build-check(1) blocked n/a build-amd64-xen-freebsd 1 build-check(1) blocked n/a version targeted for testing: freebsd 45f4571813a9798c70a71bc55050d95e746fdb5a baseline version: freebsd 14aef6dfca96006e52b8fb920bde7c612ba58b79 Last test of basis 141501 2019-09-20 09:19:51 Z 24 days Failing since 141701 2019-09-23 09:19:41 Z 21 days 9 attempts Testing same since 142739 2019-10-14 09:23:41 Z 0 days 1 attempts ------------------------------------------------------------ People who touched revisions under test: 0mp <0...@freebsd.org> alc <a...@freebsd.org> Alek Pinchuk <apinc...@datto.com> allanjude <allanj...@freebsd.org> ambrisko <ambri...@freebsd.org> andrew <and...@freebsd.org> asomers <asom...@freebsd.org> avg <a...@freebsd.org> bapt <b...@freebsd.org> bdragon <bdra...@freebsd.org> br <b...@freebsd.org> brooks <bro...@freebsd.org> cem <c...@freebsd.org> cognet <cog...@freebsd.org> cperciva <cperc...@freebsd.org> cy <c...@freebsd.org> dab <d...@freebsd.org> daichi <dai...@freebsd.org> dchagin <dcha...@freebsd.org> dim <d...@freebsd.org> dougm <do...@freebsd.org> emaste <ema...@freebsd.org> erj <e...@freebsd.org> gallatin <galla...@freebsd.org> gjb <g...@freebsd.org> glebius <gleb...@freebsd.org> gonzo <go...@freebsd.org> grembo <gre...@freebsd.org> hrs <h...@freebsd.org> hselasky <hsela...@freebsd.org> ian <i...@freebsd.org> imp <i...@freebsd.org> jhb <j...@freebsd.org> jhibbits <jhibb...@freebsd.org> jilles <jil...@freebsd.org> jkim <j...@freebsd.org> jlh <j...@freebsd.org> jmg <j...@freebsd.org> jtl <j...@freebsd.org> kaktus <kak...@freebsd.org> kan <k...@freebsd.org> karels <kar...@freebsd.org> kevans <kev...@freebsd.org> kib <k...@freebsd.org> kp <k...@freebsd.org> lstewart <lstew...@freebsd.org> lwhsu <lw...@freebsd.org> manu <m...@freebsd.org> markj <ma...@freebsd.org> mav <m...@freebsd.org> mckusick <mckus...@freebsd.org> mhorne <mho...@freebsd.org> mjg <m...@freebsd.org> mm <m...@freebsd.org> mmacy <mm...@freebsd.org> olivier <oliv...@freebsd.org> oshogbo <osho...@freebsd.org> philip <phi...@freebsd.org> Piotr Pietruszewski <piotr.pietruszew...@intel.com> ray <r...@freebsd.org> rmacklem <rmack...@freebsd.org> royger <roy...@freebsd.org> rrs <r...@freebsd.org> rstone <rst...@freebsd.org> samm <s...@freebsd.org> schweikh <schwe...@freebsd.org> scottl <sco...@freebsd.org> sef <s...@freebsd.org> sjg <s...@freebsd.org> tijl <t...@freebsd.org> Tom Caputi <tcap...@datto.com> trasz <tr...@freebsd.org> tsoome <tso...@freebsd.org> tuexen <tue...@freebsd.org> vangyzen <vangy...@freebsd.org> vmaffione <vmaffi...@freebsd.org> yuripv <yur...@freebsd.org> jobs: build-amd64-freebsd-again blocked build-amd64-freebsd fail build-amd64-xen-freebsd blocked ------------------------------------------------------------ sg-report-flight on osstest.test-lab.xenproject.org logs: /home/logs/logs images: /home/logs/images Logs, config files, etc. are available at http://logs.test-lab.xenproject.org/osstest/logs Explanation of these reports, and of osstest in general, is at http://xenbits.xen.org/gitweb/?p=osstest.git;a=blob;f=README.email;hb=master http://xenbits.xen.org/gitweb/?p=osstest.git;a=blob;f=README;hb=master Test harness code can be found at http://xenbits.xen.org/gitweb?p=osstest.git;a=summary Not pushing. (No revision log; it would be 8505 lines long.) _______________________________________________ Xen-devel mailing list Xen-devel@lists.xenproject.org https://lists.xenproject.org/mailman/listinfo/xen-devel