flight 142217 xen-unstable-smoke real [real] http://logs.test-lab.xenproject.org/osstest/logs/142217/
Failures :-/ but no regressions. Tests which did not succeed, but are not blocking: test-amd64-amd64-libvirt 13 migrate-support-check fail never pass test-arm64-arm64-xl-xsm 13 migrate-support-check fail never pass test-arm64-arm64-xl-xsm 14 saverestore-support-check fail never pass test-armhf-armhf-xl 13 migrate-support-check fail never pass test-armhf-armhf-xl 14 saverestore-support-check fail never pass version targeted for testing: xen b01b1dc046da70a2621a4d1f032ddb22b0cdde6b baseline version: xen 057a2956212a29377c0f2f6d38e5bec787fb78e4 Last test of basis 142099 2019-10-01 10:09:57 Z 2 days Testing same since 142217 2019-10-03 10:00:24 Z 0 days 1 attempts ------------------------------------------------------------ People who touched revisions under test: Andrew Cooper <andrew.coop...@citrix.com> Chao Gao <chao....@intel.com> Christian Lindig <christian.lin...@citrix.com> Ian Jackson <ian.jack...@eu.citrix.com> Igor Druzhinin <igor.druzhi...@citrix.com> Jan Beulich <jbeul...@suse.com> Julien Grall <julien.gr...@arm.com> Oleksandr Tyshchenko <oleksandr_tyshche...@epam.com> Paul Durrant <paul.durr...@citrix.com> Roger Pau Monne <roger....@citrix.com> Roger Pau Monné <roger....@citrix.com> Sergey Dyasli <sergey.dya...@citrix.com> Stefano Stabellini <sstabell...@kernel.org> Wei Liu <w...@xen.org> jobs: build-arm64-xsm pass build-amd64 pass build-armhf pass build-amd64-libvirt pass build-amd64-pvops pass build-arm64-pvops pass build-armhf-pvops pass test-armhf-armhf-xl pass test-arm64-arm64-xl-xsm pass test-amd64-amd64-xl-qemuu-debianhvm-amd64 pass test-amd64-amd64-libvirt pass ------------------------------------------------------------ sg-report-flight on osstest.test-lab.xenproject.org logs: /home/logs/logs images: /home/logs/images Logs, config files, etc. are available at http://logs.test-lab.xenproject.org/osstest/logs Explanation of these reports, and of osstest in general, is at http://xenbits.xen.org/gitweb/?p=osstest.git;a=blob;f=README.email;hb=master http://xenbits.xen.org/gitweb/?p=osstest.git;a=blob;f=README;hb=master Test harness code can be found at http://xenbits.xen.org/gitweb?p=osstest.git;a=summary Pushing revision : To xenbits.xen.org:/home/xen/git/xen.git 057a295621..b01b1dc046 b01b1dc046da70a2621a4d1f032ddb22b0cdde6b -> smoke _______________________________________________ Xen-devel mailing list Xen-devel@lists.xenproject.org https://lists.xenproject.org/mailman/listinfo/xen-devel