flight 141762 linux-4.14 real [real]
http://logs.test-lab.xenproject.org/osstest/logs/141762/

Failures :-/ but no regressions.

Tests which did not succeed, but are not blocking:
 test-amd64-i386-xl-pvshim    12 guest-start                  fail   never pass
 test-amd64-amd64-libvirt     13 migrate-support-check        fail   never pass
 test-amd64-i386-libvirt      13 migrate-support-check        fail   never pass
 test-amd64-i386-libvirt-xsm  13 migrate-support-check        fail   never pass
 test-amd64-amd64-libvirt-xsm 13 migrate-support-check        fail   never pass
 test-arm64-arm64-xl-seattle  13 migrate-support-check        fail   never pass
 test-arm64-arm64-xl-seattle  14 saverestore-support-check    fail   never pass
 test-amd64-amd64-libvirt-qemuu-debianhvm-amd64-xsm 11 migrate-support-check 
fail never pass
 test-amd64-i386-libvirt-qemuu-debianhvm-amd64-xsm 11 migrate-support-check 
fail never pass
 test-amd64-amd64-qemuu-nested-amd 17 debian-hvm-install/l1/l2  fail never pass
 test-arm64-arm64-xl-xsm      13 migrate-support-check        fail   never pass
 test-arm64-arm64-xl-xsm      14 saverestore-support-check    fail   never pass
 test-arm64-arm64-xl-credit1  13 migrate-support-check        fail   never pass
 test-arm64-arm64-xl-credit1  14 saverestore-support-check    fail   never pass
 test-arm64-arm64-xl-credit2  13 migrate-support-check        fail   never pass
 test-arm64-arm64-xl-credit2  14 saverestore-support-check    fail   never pass
 test-arm64-arm64-libvirt-xsm 13 migrate-support-check        fail   never pass
 test-arm64-arm64-libvirt-xsm 14 saverestore-support-check    fail   never pass
 test-arm64-arm64-xl-thunderx 13 migrate-support-check        fail   never pass
 test-arm64-arm64-xl-thunderx 14 saverestore-support-check    fail   never pass
 test-amd64-amd64-libvirt-vhd 12 migrate-support-check        fail   never pass
 test-armhf-armhf-xl-arndale  13 migrate-support-check        fail   never pass
 test-armhf-armhf-xl-arndale  14 saverestore-support-check    fail   never pass
 test-amd64-i386-xl-qemut-win7-amd64 17 guest-stop              fail never pass
 test-armhf-armhf-xl-rtds     13 migrate-support-check        fail   never pass
 test-armhf-armhf-xl-rtds     14 saverestore-support-check    fail   never pass
 test-amd64-amd64-xl-qemuu-ws16-amd64 17 guest-stop             fail never pass
 test-amd64-i386-xl-qemuu-win7-amd64 17 guest-stop              fail never pass
 test-armhf-armhf-xl-credit1  13 migrate-support-check        fail   never pass
 test-armhf-armhf-xl-credit1  14 saverestore-support-check    fail   never pass
 test-armhf-armhf-xl-multivcpu 13 migrate-support-check        fail  never pass
 test-armhf-armhf-xl-multivcpu 14 saverestore-support-check    fail  never pass
 test-armhf-armhf-libvirt     13 migrate-support-check        fail   never pass
 test-armhf-armhf-libvirt     14 saverestore-support-check    fail   never pass
 test-amd64-amd64-xl-qemuu-win7-amd64 17 guest-stop             fail never pass
 test-armhf-armhf-xl          13 migrate-support-check        fail   never pass
 test-armhf-armhf-xl          14 saverestore-support-check    fail   never pass
 test-armhf-armhf-xl-cubietruck 13 migrate-support-check        fail never pass
 test-armhf-armhf-xl-cubietruck 14 saverestore-support-check    fail never pass
 test-amd64-i386-xl-qemut-ws16-amd64 17 guest-stop              fail never pass
 test-arm64-arm64-xl          13 migrate-support-check        fail   never pass
 test-arm64-arm64-xl          14 saverestore-support-check    fail   never pass
 test-armhf-armhf-xl-vhd      12 migrate-support-check        fail   never pass
 test-armhf-armhf-xl-vhd      13 saverestore-support-check    fail   never pass
 test-armhf-armhf-libvirt-raw 12 migrate-support-check        fail   never pass
 test-armhf-armhf-libvirt-raw 13 saverestore-support-check    fail   never pass
 test-amd64-amd64-xl-qemut-win7-amd64 17 guest-stop             fail never pass
 test-armhf-armhf-xl-credit2  13 migrate-support-check        fail   never pass
 test-armhf-armhf-xl-credit2  14 saverestore-support-check    fail   never pass
 test-amd64-i386-xl-qemuu-ws16-amd64 17 guest-stop              fail never pass
 test-amd64-amd64-xl-qemut-ws16-amd64 17 guest-stop             fail never pass
 test-amd64-amd64-xl-qemut-win10-i386 10 windows-install        fail never pass
 test-amd64-i386-xl-qemut-win10-i386 10 windows-install         fail never pass
 test-amd64-i386-xl-qemuu-win10-i386 10 windows-install         fail never pass
 test-amd64-amd64-xl-qemuu-win10-i386 10 windows-install        fail never pass

version targeted for testing:
 linux                f6e27dbb1afabcba436e346d6aa88a592a1436bb
baseline version:
 linux                b10ab5e2c476b69689bc0c46d309471b597c880c

Last test of basis   141505  2019-09-20 11:05:25 Z    5 days
Testing same since   141589  2019-09-21 13:18:46 Z    4 days    4 attempts

------------------------------------------------------------
People who touched revisions under test:
  Aaron Armstrong Skomra <aaron.sko...@wacom.com>
  Aaron Armstrong Skomra <sko...@gmail.com>
  Alan Stern <st...@rowland.harvard.edu>
  Alexander Popov <alex.po...@linux.com>
  Andrew Morton <a...@linux-foundation.org>
  Andy Shevchenko <andriy.shevche...@intel.com>
  Aneesh Kumar K.V <aneesh.ku...@linux.ibm.com>
  Ben Hutchings <b...@decadent.org.uk>
  Benjamin Tissoires <benjamin.tissoi...@redhat.com>
  Christoph Paasch <cpaa...@apple.com>
  Christophe JAILLET <christophe.jail...@wanadoo.fr>
  Chunyan Zhang <chunyan.zh...@unisoc.com>
  Chunyan Zhang <zhang.l...@gmail.com>
  Cong Wang <xiyou.wangc...@gmail.com>
  Dan Carpenter <dan.carpen...@oracle.com>
  Daniel Borkmann <dan...@iogearbox.net>
  David Howells <dhowe...@redhat.com>
  David S. Miller <da...@davemloft.net>
  Dmitry Torokhov <dmitry.torok...@gmail.com>
  Dongli Zhang <dongli.zh...@oracle.com>
  Doug Berger <open...@gmail.com>
  Faiz Abbas <faiz_ab...@ti.com>
  Florian Westphal <f...@strlen.de>
  Ganapathi Bhat <gb...@marvell.comg>
  Greg Kroah-Hartman <gre...@linuxfoundation.org>
  Hayes Wang <hayesw...@realtek.com>
  Hillf Danton <hdan...@sina.com>
  Hung-Te Lin <hun...@chromium.org>
  Ilya Leoshkevich <i...@linux.ibm.com>
  Ingo Molnar <mi...@kernel.org>
  Jan Stancek <jstan...@redhat.com>
  Jann Horn <ja...@google.com>
  Jarkko Nikula <jarkko.nik...@linux.intel.com>
  Jens Axboe <ax...@kernel.dk>
  Jim Mattson <jmatt...@google.com>
  Jiri Kosina <jkos...@suse.cz>
  Jiri Pirko <j...@mellanox.com>
  Joerg Roedel <jroe...@suse.de>
  Johannes Berg <johannes.b...@intel.com>
  Josh Hunt <joh...@akamai.com>
  Juliana Rodrigueiro <juliana.rodrigue...@intra2net.com>
  Kalle Valo <kv...@codeaurora.org>
  Keerthy <j-keer...@ti.com>
  Kees Cook <keesc...@chromium.org>
  Kim Phillips <kim.phill...@amd.com>
  Kishon Vijay Abraham I <kis...@ti.com>
  Laura Abbott <labb...@redhat.com>
  Len Brown <len.br...@intel.com>
  Linus Torvalds <torva...@linux-foundation.org>
  Lorenzo Pieralisi <lorenzo.pieral...@arm.com>
  Marc Zyngier <m...@kernel.org>
  Masashi Honma <masashi.ho...@gmail.com>
  Matt Delco <de...@chromium.org>
  Mauro Carvalho Chehab <mchehab+sams...@kernel.org>
  Michael Ellerman <m...@ellerman.id.au>
  Moritz Fischer <m...@kernel.org>
  Naoya Horiguchi <n-horigu...@ah.jp.nec.com>
  Nathan Chancellor <natechancel...@gmail.com>
  Pablo Neira Ayuso <pa...@netfilter.org>
  Paolo Bonzini <pbonz...@redhat.com>
  Peter Ujfalusi <peter.ujfal...@ti.com>
  Peter Zijlstra (Intel) <pet...@infradead.org>
  Peter Zijlstra <pet...@infradead.org>
  Phil Reid <pr...@electromag.com.au>
  Prashant Malani <pmal...@chromium.org>
  Rahul Tanwar <rahul.tan...@linux.intel.com>
  Razvan Stefanescu <razvan.stefane...@microchip.com>
  Ronnie Sahlberg <lsahl...@redhat.com>
  Russell King <rmk+ker...@armlinux.org.uk>
  Sachin Sant <sach...@linux.vnet.ibm.com>
  Sasha Levin <sas...@kernel.org>
  Sean Young <s...@mess.org>
  Simon Wunderlich <s...@simonwunderlich.de>
  Steve French <stfre...@microsoft.com>
  Stuart Hayes <stuart.w.ha...@gmail.com>
  Sudarsana Reddy Kalluru <skall...@marvell.com>
  Sven Eckelmann <s...@narfation.org>
  Takashi Iwai <ti...@suse.de>
  Thomas Gleixner <t...@linutronix.de>
  Thomas Jarosch <thomas.jaro...@intra2net.com>
  Tianyu Lan <tianyu....@microsoft.com>
  Tony Lindgren <t...@atomide.com>
  Trond Myklebust <trond.mykleb...@hammerspace.com>
  Vasily Gorbik <g...@linux.ibm.com>
  Vinod Koul <vk...@kernel.org>
  Wen Huang <huangwen...@gmail.com>
  Wenwen Wang <wen...@cs.uga.edu>
  Will Deacon <w...@kernel.org>
  Wolfram Sang <w...@the-dreams.de>
  Yoshihiro Shimoda <yoshihiro.shimoda...@renesas.com>
  YueHaibing <yuehaib...@huawei.com>
  Zephaniah E. Loss-Cutler-Hull <zephan...@gmail.com>
  zhaoyang <huangzhaoy...@gmail.com>
  Zhaoyang Huang <zhaoyang.hu...@unisoc.com>

jobs:
 build-amd64-xsm                                              pass    
 build-arm64-xsm                                              pass    
 build-i386-xsm                                               pass    
 build-amd64                                                  pass    
 build-arm64                                                  pass    
 build-armhf                                                  pass    
 build-i386                                                   pass    
 build-amd64-libvirt                                          pass    
 build-arm64-libvirt                                          pass    
 build-armhf-libvirt                                          pass    
 build-i386-libvirt                                           pass    
 build-amd64-pvops                                            pass    
 build-arm64-pvops                                            pass    
 build-armhf-pvops                                            pass    
 build-i386-pvops                                             pass    
 test-amd64-amd64-xl                                          pass    
 test-arm64-arm64-xl                                          pass    
 test-armhf-armhf-xl                                          pass    
 test-amd64-i386-xl                                           pass    
 test-amd64-amd64-libvirt-qemuu-debianhvm-amd64-xsm           pass    
 test-amd64-i386-libvirt-qemuu-debianhvm-amd64-xsm            pass    
 test-amd64-amd64-xl-qemut-stubdom-debianhvm-amd64-xsm        pass    
 test-amd64-i386-xl-qemut-stubdom-debianhvm-amd64-xsm         pass    
 test-amd64-amd64-xl-qemut-debianhvm-i386-xsm                 pass    
 test-amd64-i386-xl-qemut-debianhvm-i386-xsm                  pass    
 test-amd64-amd64-xl-qemuu-debianhvm-i386-xsm                 pass    
 test-amd64-i386-xl-qemuu-debianhvm-i386-xsm                  pass    
 test-amd64-amd64-libvirt-xsm                                 pass    
 test-arm64-arm64-libvirt-xsm                                 pass    
 test-amd64-i386-libvirt-xsm                                  pass    
 test-amd64-amd64-xl-xsm                                      pass    
 test-arm64-arm64-xl-xsm                                      pass    
 test-amd64-i386-xl-xsm                                       pass    
 test-amd64-amd64-qemuu-nested-amd                            fail    
 test-amd64-amd64-xl-pvhv2-amd                                pass    
 test-amd64-i386-qemut-rhel6hvm-amd                           pass    
 test-amd64-i386-qemuu-rhel6hvm-amd                           pass    
 test-amd64-amd64-xl-qemut-debianhvm-amd64                    pass    
 test-amd64-i386-xl-qemut-debianhvm-amd64                     pass    
 test-amd64-amd64-xl-qemuu-debianhvm-amd64                    pass    
 test-amd64-i386-xl-qemuu-debianhvm-amd64                     pass    
 test-amd64-i386-freebsd10-amd64                              pass    
 test-amd64-amd64-xl-qemuu-ovmf-amd64                         pass    
 test-amd64-i386-xl-qemuu-ovmf-amd64                          pass    
 test-amd64-amd64-xl-qemut-win7-amd64                         fail    
 test-amd64-i386-xl-qemut-win7-amd64                          fail    
 test-amd64-amd64-xl-qemuu-win7-amd64                         fail    
 test-amd64-i386-xl-qemuu-win7-amd64                          fail    
 test-amd64-amd64-xl-qemut-ws16-amd64                         fail    
 test-amd64-i386-xl-qemut-ws16-amd64                          fail    
 test-amd64-amd64-xl-qemuu-ws16-amd64                         fail    
 test-amd64-i386-xl-qemuu-ws16-amd64                          fail    
 test-armhf-armhf-xl-arndale                                  pass    
 test-amd64-amd64-xl-credit1                                  pass    
 test-arm64-arm64-xl-credit1                                  pass    
 test-armhf-armhf-xl-credit1                                  pass    
 test-amd64-amd64-xl-credit2                                  pass    
 test-arm64-arm64-xl-credit2                                  pass    
 test-armhf-armhf-xl-credit2                                  pass    
 test-armhf-armhf-xl-cubietruck                               pass    
 test-amd64-amd64-xl-qemuu-dmrestrict-amd64-dmrestrict        pass    
 test-amd64-i386-xl-qemuu-dmrestrict-amd64-dmrestrict         pass    
 test-amd64-amd64-examine                                     pass    
 test-arm64-arm64-examine                                     pass    
 test-armhf-armhf-examine                                     pass    
 test-amd64-i386-examine                                      pass    
 test-amd64-i386-freebsd10-i386                               pass    
 test-amd64-amd64-xl-qemut-win10-i386                         fail    
 test-amd64-i386-xl-qemut-win10-i386                          fail    
 test-amd64-amd64-xl-qemuu-win10-i386                         fail    
 test-amd64-i386-xl-qemuu-win10-i386                          fail    
 test-amd64-amd64-qemuu-nested-intel                          pass    
 test-amd64-amd64-xl-pvhv2-intel                              pass    
 test-amd64-i386-qemut-rhel6hvm-intel                         pass    
 test-amd64-i386-qemuu-rhel6hvm-intel                         pass    
 test-amd64-amd64-libvirt                                     pass    
 test-armhf-armhf-libvirt                                     pass    
 test-amd64-i386-libvirt                                      pass    
 test-amd64-amd64-xl-multivcpu                                pass    
 test-armhf-armhf-xl-multivcpu                                pass    
 test-amd64-amd64-pair                                        pass    
 test-amd64-i386-pair                                         pass    
 test-amd64-amd64-libvirt-pair                                pass    
 test-amd64-i386-libvirt-pair                                 pass    
 test-amd64-amd64-amd64-pvgrub                                pass    
 test-amd64-amd64-i386-pvgrub                                 pass    
 test-amd64-amd64-xl-pvshim                                   pass    
 test-amd64-i386-xl-pvshim                                    fail    
 test-amd64-amd64-pygrub                                      pass    
 test-amd64-amd64-xl-qcow2                                    pass    
 test-armhf-armhf-libvirt-raw                                 pass    
 test-amd64-i386-xl-raw                                       pass    
 test-amd64-amd64-xl-rtds                                     pass    
 test-armhf-armhf-xl-rtds                                     pass    
 test-arm64-arm64-xl-seattle                                  pass    
 test-amd64-amd64-xl-qemuu-debianhvm-amd64-shadow             pass    
 test-amd64-i386-xl-qemuu-debianhvm-amd64-shadow              pass    
 test-amd64-amd64-xl-shadow                                   pass    
 test-amd64-i386-xl-shadow                                    pass    
 test-arm64-arm64-xl-thunderx                                 pass    
 test-amd64-amd64-libvirt-vhd                                 pass    
 test-armhf-armhf-xl-vhd                                      pass    


------------------------------------------------------------
sg-report-flight on osstest.test-lab.xenproject.org
logs: /home/logs/logs
images: /home/logs/images

Logs, config files, etc. are available at
    http://logs.test-lab.xenproject.org/osstest/logs

Explanation of these reports, and of osstest in general, is at
    http://xenbits.xen.org/gitweb/?p=osstest.git;a=blob;f=README.email;hb=master
    http://xenbits.xen.org/gitweb/?p=osstest.git;a=blob;f=README;hb=master

Test harness code can be found at
    http://xenbits.xen.org/gitweb?p=osstest.git;a=summary


Pushing revision :

To xenbits.xen.org:/home/xen/git/linux-pvops.git
   b10ab5e2c476..f6e27dbb1afa  f6e27dbb1afabcba436e346d6aa88a592a1436bb -> 
tested/linux-4.14

_______________________________________________
Xen-devel mailing list
Xen-devel@lists.xenproject.org
https://lists.xenproject.org/mailman/listinfo/xen-devel

Reply via email to